000
CDUS42 KTAE 180630
CLIVLD


CLIMATE REPORT
NATIONAL WEATHER SERVICE TALLAHASSEE FL
130 AM EST SAT NOV 18 2017


...................................

...THE VALDOSTA CLIMATE SUMMARY FOR NOVEMBER 17 2017...

CLIMATE NORMAL PERIOD 1981 TO 2010
CLIMATE RECORD PERIOD 1948 TO 2017


WEATHER ITEM   OBSERVED TIME   NORMAL DEPARTURE LAST
                VALUE   (LST)  VALUE  FROM      YEAR
                                      NORMAL
......................................................
TEMPERATURE (F)
 YESTERDAY
  MAXIMUM         71    315 PM  72     -1       79
  MINIMUM         39    704 AM  47     -8       47
  AVERAGE         55            59     -4       63

PRECIPITATION (IN)
  YESTERDAY        0.00          0.07  -0.07     0.00
  MONTH TO DATE    0.01          1.34  -1.33      T
  SINCE SEP 1      6.14          9.18  -3.04     6.07
  SINCE JAN 1     37.92         46.21  -8.29    50.40

DEGREE DAYS
 HEATING
  YESTERDAY       10             6      4        2
  MONTH TO DATE   69            83    -14       64
  SINCE SEP 1    135           126      9       77
  SINCE JUL 1    135           126      9       77
......................................................


WIND (MPH)
  HIGHEST WIND SPEED    10   HIGHEST WIND DIRECTION    NE (50)
  HIGHEST GUST SPEED    17   HIGHEST GUST DIRECTION    NE (40)
  AVERAGE WIND SPEED     2.0




RELATIVE HUMIDITY (PERCENT)
 HIGHEST   100
 LOWEST     40
 AVERAGE    70

..........................................................




SUNRISE AND SUNSET
NOVEMBER 18 2017......SUNRISE   702 AM EST   SUNSET   534 PM EST
NOVEMBER 19 2017......SUNRISE   703 AM EST   SUNSET   534 PM EST


-  INDICATES NEGATIVE NUMBERS.
R  INDICATES RECORD WAS SET OR TIED.
MM INDICATES DATA IS MISSING.
T  INDICATES TRACE AMOUNT.




$$
