000
CDUS42 KTAE 240633
CLIVLD


CLIMATE REPORT
NATIONAL WEATHER SERVICE TALLAHASSEE FL
232 AM EDT FRI OCT 24 2014


...................................

...THE VALDOSTA CLIMATE SUMMARY FOR OCTOBER 23 2014...

CLIMATE NORMAL PERIOD 1981 TO 2010
CLIMATE RECORD PERIOD 1948 TO 2014


WEATHER ITEM   OBSERVED TIME   NORMAL DEPARTURE LAST
                VALUE   (LST)  VALUE  FROM      YEAR
                                      NORMAL
......................................................
TEMPERATURE (F)
 YESTERDAY
  MAXIMUM         75    341 PM  79     -4       78
  MINIMUM         43    609 AM  54    -11       50
  AVERAGE         59            66     -7       64

PRECIPITATION (IN)
  YESTERDAY        0.00          0.12  -0.12     0.00
  MONTH TO DATE    1.35          2.39  -1.04     1.44
  SINCE SEP 1      8.21          7.03   1.18     3.28
  SINCE JAN 1     43.64         44.06  -0.42    37.44

DEGREE DAYS
 HEATING
  YESTERDAY        6             2      4        1
  MONTH TO DATE   19            17      2        1
  SINCE SEP 1     19            18      1        1
  SINCE JUL 1     19            18      1        1

 COOLING
  YESTERDAY        0             4     -4        0
  MONTH TO DATE  126           131     -5      232
  SINCE SEP 1    529           502     27      686
  SINCE JAN 1   2890          2356    534     2960
......................................................


WIND (MPH)
  HIGHEST WIND SPEED    10   HIGHEST WIND DIRECTION     N (20)
  HIGHEST GUST SPEED    15   HIGHEST GUST DIRECTION    NE (30)
  AVERAGE WIND SPEED     2.7




RELATIVE HUMIDITY (PERCENT)
 HIGHEST    89
 LOWEST     25
 AVERAGE    57

..........................................................




SUNRISE AND SUNSET
OCTOBER 24 2014.......SUNRISE   742 AM EDT   SUNSET   652 PM EDT
OCTOBER 25 2014.......SUNRISE   743 AM EDT   SUNSET   651 PM EDT


-  INDICATES NEGATIVE NUMBERS.
R  INDICATES RECORD WAS SET OR TIED.
MM INDICATES DATA IS MISSING.
T  INDICATES TRACE AMOUNT.




$$
