000
CDUS42 KTAE 200630
CLIVLD


CLIMATE REPORT
NATIONAL WEATHER SERVICE TALLAHASSEE FL
130 AM EST FRI JAN 20 2017


...................................

...THE VALDOSTA CLIMATE SUMMARY FOR JANUARY 19 2017...

CLIMATE NORMAL PERIOD 1981 TO 2010
CLIMATE RECORD PERIOD 1948 TO 2017


WEATHER ITEM   OBSERVED TIME   NORMAL DEPARTURE LAST
                VALUE   (LST)  VALUE  FROM      YEAR
                                      NORMAL
......................................................
TEMPERATURE (F)
 YESTERDAY
  MAXIMUM         74    435 PM  62     12       50
  MINIMUM         51    716 AM  38     13       27
  AVERAGE         63            50     13       39

PRECIPITATION (IN)
  YESTERDAY        0.00          0.11  -0.11     0.00
  MONTH TO DATE    2.73          2.94  -0.21     3.13
  SINCE DEC 1      4.88          6.11  -1.23     5.64
  SINCE JAN 1      2.73          2.94  -0.21     3.13

DEGREE DAYS
 HEATING
  YESTERDAY        2            15    -13       26
  MONTH TO DATE  146           285   -139      279
  SINCE DEC 1    387           667   -280      396
  SINCE JUL 1    554           898   -344      472
......................................................


WIND (MPH)
  HIGHEST WIND SPEED     9   HIGHEST WIND DIRECTION     S (190)
  HIGHEST GUST SPEED    13   HIGHEST GUST DIRECTION     S (190)
  AVERAGE WIND SPEED     2.3




RELATIVE HUMIDITY (PERCENT)
 HIGHEST   100
 LOWEST     73
 AVERAGE    87

..........................................................




SUNRISE AND SUNSET
JANUARY 20 2017.......SUNRISE   730 AM EST   SUNSET   559 PM EST
JANUARY 21 2017.......SUNRISE   730 AM EST   SUNSET   600 PM EST


-  INDICATES NEGATIVE NUMBERS.
R  INDICATES RECORD WAS SET OR TIED.
MM INDICATES DATA IS MISSING.
T  INDICATES TRACE AMOUNT.




$$
