000
CDUS42 KTAE 292133
CLIVLD


CLIMATE REPORT
NATIONAL WEATHER SERVICE TALLAHASSEE FL
533 PM EDT FRI MAY 29 2015


...................................

...THE VALDOSTA CLIMATE SUMMARY FOR MAY 29 2015...
VALID TODAY AS OF 0500 PM LOCAL TIME.

CLIMATE NORMAL PERIOD 1981 TO 2010
CLIMATE RECORD PERIOD 1948 TO 2015


WEATHER ITEM   OBSERVED TIME   NORMAL DEPARTURE LAST
                VALUE   (LST)  VALUE  FROM      YEAR
                                      NORMAL
......................................................
TEMPERATURE (F)
 TODAY
  MAXIMUM         89    151 PM  88      1       92
  MINIMUM         61    538 AM  65     -4       67
  AVERAGE         75            77     -2       80

PRECIPITATION (IN)
  TODAY            0.00          0.15  -0.15     0.13
  MONTH TO DATE    2.01          2.20  -0.19     2.76
  SINCE MAR 1      9.35          9.94  -0.59    15.81
  SINCE JAN 1     18.51         18.67  -0.16    21.95

......................................................







THE VALDOSTA CLIMATE NORMALS FOR TOMORROW
                         NORMAL
 MAXIMUM TEMPERATURE (F)   89
 MINIMUM TEMPERATURE (F)   66



-  INDICATES NEGATIVE NUMBERS.
R  INDICATES RECORD WAS SET OR TIED.
MM INDICATES DATA IS MISSING.
T  INDICATES TRACE AMOUNT.




$$
