000
CDUS42 KTAE 290652
CLIVLD


CLIMATE REPORT
NATIONAL WEATHER SERVICE TALLAHASSEE FL
247 AM EDT TUE JUL 29 2014


...................................

...THE VALDOSTA CLIMATE SUMMARY FOR JULY 28 2014...

CLIMATE NORMAL PERIOD 1981 TO 2010
CLIMATE RECORD PERIOD 1948 TO 2014


WEATHER ITEM   OBSERVED TIME   NORMAL DEPARTURE LAST
                VALUE   (LST)  VALUE  FROM      YEAR
                                      NORMAL
......................................................
TEMPERATURE (F)
 YESTERDAY
  MAXIMUM        101    202 PM  92      9       94
  MINIMUM         78   1159 PM  71      7       76
  AVERAGE         90            82      8       85

PRECIPITATION (IN)
  YESTERDAY        0.00          0.22  -0.22      T
  MONTH TO DATE    3.84          5.98  -2.14     9.24
  SINCE JUN 1      6.08         12.04  -5.96    13.03
  SINCE JAN 1     29.35         31.04  -1.69    27.57

DEGREE DAYS
 COOLING
  YESTERDAY       25            17      8       20
  MONTH TO DATE  550           459     91      507
  SINCE JUN 1   1112           891    221     1060
  SINCE JAN 1   1715          1303    412     1622
......................................................


WIND (MPH)
  HIGHEST WIND SPEED    12   HIGHEST WIND DIRECTION     S (200)
  HIGHEST GUST SPEED    21   HIGHEST GUST DIRECTION     S (200)
  AVERAGE WIND SPEED     3.3




RELATIVE HUMIDITY (PERCENT)
 HIGHEST    85
 LOWEST     42
 AVERAGE    64

..........................................................




SUNRISE AND SUNSET
JULY 29 2014..........SUNRISE   649 AM EDT   SUNSET   830 PM EDT
JULY 30 2014..........SUNRISE   649 AM EDT   SUNSET   829 PM EDT


-  INDICATES NEGATIVE NUMBERS.
R  INDICATES RECORD WAS SET OR TIED.
MM INDICATES DATA IS MISSING.
T  INDICATES TRACE AMOUNT.




$$
