000
CDUS42 KFFC 120817
CLIVPC


CLIMATE REPORT
NATIONAL WEATHER SERVICE PEACHTREE CITY GA
416 AM EDT SAT JUL 12 2014


...................................

...THE CARTERSVILLE CLIMATE SUMMARY FOR JULY 11 2014...

CLIMATE NORMAL PERIOD 1981 TO 2010
CLIMATE RECORD PERIOD 9999 TO 9999


WEATHER ITEM   OBSERVED TIME   RECORD YEAR NORMAL DEPARTURE LAST
                VALUE   (LST)  VALUE       VALUE  FROM      YEAR
                                                  NORMAL
..................................................................
TEMPERATURE (F)
 YESTERDAY
  MAXIMUM         91    415 PM  MM      MM  89      2       84
  MINIMUM         68    601 AM  MM      MM  67      1       70
  AVERAGE         80                        78      2       77

PRECIPITATION (IN)
  YESTERDAY        0.00         MM      MM   0.19  -0.19     0.05
  MONTH TO DATE    0.11                      2.00  -1.89     4.49
  SINCE JUN 1      4.35                      5.84  -1.49    10.72
  SINCE JAN 1     25.12                     28.00  -2.88    22.53

DEGREE DAYS
 COOLING
  YESTERDAY       15                        13      2       12
  MONTH TO DATE  135                       141     -6      120
  SINCE JUN 1    477                       436     41      453
  SINCE JAN 1    659                       585     74      578
..................................................................


WIND (MPH)
  RESULTANT WIND SPEED   2   RESULTANT WIND DIRECTION   E (100)
  HIGHEST WIND SPEED    15   HIGHEST WIND DIRECTION    SE (150)
  HIGHEST GUST SPEED    21   HIGHEST GUST DIRECTION     S (170)
  AVERAGE WIND SPEED     2.9


SKY COVER
  AVERAGE SKY COVER 0.4


WEATHER CONDITIONS
 THE FOLLOWING WEATHER WAS RECORDED YESTERDAY.
  THUNDERSTORM
  FOG


RELATIVE HUMIDITY (PERCENT)
 HIGHEST   100           200 AM
 LOWEST     49           400 PM
 AVERAGE    75

..........................................................


THE CARTERSVILLE CLIMATE NORMALS FOR TODAY
                         NORMAL    RECORD    YEAR
 MAXIMUM TEMPERATURE (F)   89        MM        MM
 MINIMUM TEMPERATURE (F)   67        MM        MM


SUNRISE AND SUNSET
JULY 12 2014..........SUNRISE   637 AM EDT   SUNSET   853 PM EDT
JULY 13 2014..........SUNRISE   638 AM EDT   SUNSET   852 PM EDT


-  INDICATES NEGATIVE NUMBERS.
R  INDICATES RECORD WAS SET OR TIED.
MM INDICATES DATA IS MISSING.
T  INDICATES TRACE AMOUNT.




$$
