000
CDUS42 KFFC 222038
CLIVPC


CLIMATE REPORT
NATIONAL WEATHER SERVICE PEACHTREE CITY GA
438 PM EDT THU JUN 22 2017


...................................

...THE CARTERSVILLE CLIMATE SUMMARY FOR JUNE 22 2017...
VALID TODAY AS OF 0400 PM LOCAL TIME.

CLIMATE NORMAL PERIOD 1981 TO 2010
CLIMATE RECORD PERIOD 9999 TO 9999


WEATHER ITEM   OBSERVED TIME   RECORD YEAR NORMAL DEPARTURE LAST
                VALUE   (LST)  VALUE       VALUE  FROM      YEAR
                                                  NORMAL
..................................................................
TEMPERATURE (F)
 TODAY
  MAXIMUM         82    253 PM  MM      MM  88     -6       92
  MINIMUM         70    727 AM  MM      MM  64      6       67
  AVERAGE         76                        76      0       80

PRECIPITATION (IN)
  TODAY            0.33         MM      MM   0.13   0.20     0.00
  MONTH TO DATE    3.43                      2.65   0.78     4.43
  SINCE JUN 1      3.43                      2.65   0.78     4.43
  SINCE JAN 1     29.40                     24.81   4.59    20.95

DEGREE DAYS
 COOLING
  TODAY           11                        11      0       15
  MONTH TO DATE  235                       200     35      260
  SINCE JUN 1    235                       200     35      260
  SINCE JAN 1    480                       349    131      453
..................................................................


WIND (MPH)
  RESULTANT WIND SPEED   5   RESULTANT WIND DIRECTION   E (100)
  HIGHEST WIND SPEED     9   HIGHEST WIND DIRECTION    SE (140)
  HIGHEST GUST SPEED    14   HIGHEST GUST DIRECTION     E (100)
  AVERAGE WIND SPEED     5.1


SKY COVER
  AVERAGE SKY COVER 0.6


WEATHER CONDITIONS
 THE FOLLOWING WEATHER WAS RECORDED TODAY.
  RAIN
  LIGHT RAIN
  FOG


RELATIVE HUMIDITY (PERCENT)
 HIGHEST   100           100 AM
 LOWEST     85           300 PM
 AVERAGE    93

..........................................................


THE CARTERSVILLE CLIMATE NORMALS FOR TOMORROW
                         NORMAL    RECORD    YEAR
 MAXIMUM TEMPERATURE (F)   88        MM        MM
 MINIMUM TEMPERATURE (F)   65        MM        MM


SUNRISE AND SUNSET
JUNE 22 2017..........SUNRISE   629 AM EDT   SUNSET   854 PM EDT
JUNE 23 2017..........SUNRISE   629 AM EDT   SUNSET   855 PM EDT


-  INDICATES NEGATIVE NUMBERS.
R  INDICATES RECORD WAS SET OR TIED.
MM INDICATES DATA IS MISSING.
T  INDICATES TRACE AMOUNT.




$$
