647
CDUS42 KFFC 010022
CLIVPC


CLIMATE REPORT
NATIONAL WEATHER SERVICE PEACHTREE CITY GA
822 PM EDT SUN APR 30 2017


...................................

...THE CARTERSVILLE CLIMATE SUMMARY FOR APRIL 30 2017...
VALID AS OF 0800 PM LOCAL TIME.

CLIMATE NORMAL PERIOD 1981 TO 2010
CLIMATE RECORD PERIOD 9999 TO 9999


WEATHER ITEM   OBSERVED TIME   RECORD YEAR NORMAL DEPARTURE LAST
                VALUE   (LST)  VALUE       VALUE  FROM      YEAR
                                                  NORMAL
..................................................................
TEMPERATURE (F)
 TODAY
  MAXIMUM         83    327 PM  MM      MM  76      7       87
  MINIMUM         69    717 PM  MM      MM  50     19       60
  AVERAGE         76                        63     13       74

PRECIPITATION (IN)
  TODAY            0.04         MM      MM   0.14  -0.10      T
  MONTH TO DATE    4.34                      3.91   0.43     2.53
  SINCE MAR 1      7.76                      8.63  -0.87     5.32

SNOWFALL (IN)
  TODAY            0.0          MM      MM  MM     MM       MM
  MONTH TO DATE    0.0                      MM     MM        0.0
  SINCE MAR 1      0.0                      MM     MM        0.0
  SINCE JUL 1      T                        MM     MM         T
  SNOW DEPTH       0

DEGREE DAYS
 HEATING
  TODAY            0                         3     -3        0
  MONTH TO DATE   72                       197   -125      164
  SINCE MAR 1    390                       612   -222      452
  SINCE JUL 1   2220                      3224  -1004     2574

 COOLING
  TODAY           11                         1     10        9
  MONTH TO DATE   80                        21     59       42
  SINCE MAR 1    101                        25     76       49
  SINCE JAN 1    101                        25     76       49
..................................................................


WIND (MPH)
  RESULTANT WIND SPEED   8   RESULTANT WIND DIRECTION  SE (150)
  HIGHEST WIND SPEED    18   HIGHEST WIND DIRECTION     S (160)
  HIGHEST GUST SPEED    25   HIGHEST GUST DIRECTION    SE (150)
  AVERAGE WIND SPEED     8.2


SKY COVER
  AVERAGE SKY COVER 0.6


WEATHER CONDITIONS
 THE FOLLOWING WEATHER WAS RECORDED TODAY.
  NO SIGNIFICANT WEATHER WAS OBSERVED.


RELATIVE HUMIDITY (PERCENT)
 HIGHEST    90           500 AM
 LOWEST     54           400 PM
 AVERAGE    72

..........................................................


THE CARTERSVILLE CLIMATE NORMALS FOR TOMORROW
                         NORMAL    RECORD    YEAR
 MAXIMUM TEMPERATURE (F)   76        MM        MM
 MINIMUM TEMPERATURE (F)   51        MM        MM


SUNRISE AND SUNSET
APRIL 30 2017.........SUNRISE   651 AM EDT   SUNSET   823 PM EDT
MAY  1 2017...........SUNRISE   650 AM EDT   SUNSET   824 PM EDT


-  INDICATES NEGATIVE NUMBERS.
R  INDICATES RECORD WAS SET OR TIED.
MM INDICATES DATA IS MISSING.
T  INDICATES TRACE AMOUNT.




$$
