000
CDUS42 KFFC 290819
CLIVPC


CLIMATE REPORT
NATIONAL WEATHER SERVICE PEACHTREE CITY GA
418 AM EDT FRI MAY 29 2015


...................................

...THE CARTERSVILLE CLIMATE SUMMARY FOR MAY 28 2015...

CLIMATE NORMAL PERIOD 1981 TO 2010
CLIMATE RECORD PERIOD 9999 TO 9999


WEATHER ITEM   OBSERVED TIME   RECORD YEAR NORMAL DEPARTURE LAST
                VALUE   (LST)  VALUE       VALUE  FROM      YEAR
                                                  NORMAL
..................................................................
TEMPERATURE (F)
 YESTERDAY
  MAXIMUM         79    154 PM  MM      MM  83     -4       87
  MINIMUM         65    604 AM  MM      MM  59      6       62
  AVERAGE         72                        71      1       75

PRECIPITATION (IN)
  YESTERDAY        0.12         MM      MM   0.13  -0.01     0.00
  MONTH TO DATE    1.30                      3.64  -2.34     3.15
  SINCE MAR 1      9.51                     12.27  -2.76    14.19
  SINCE JAN 1     18.10                     21.77  -3.67    19.91

DEGREE DAYS
 COOLING
  YESTERDAY        7                         6      1       10
  MONTH TO DATE  148                       105     43      132
  SINCE MAR 1    193                       130     63      151
  SINCE JAN 1    193                       130     63      151
..................................................................


WIND (MPH)
  RESULTANT WIND SPEED   1   RESULTANT WIND DIRECTION   E (100)
  HIGHEST WIND SPEED    13   HIGHEST WIND DIRECTION    SE (140)
  HIGHEST GUST SPEED    17   HIGHEST GUST DIRECTION    SE (140)
  AVERAGE WIND SPEED     1.7


SKY COVER
  AVERAGE SKY COVER 0.7


WEATHER CONDITIONS
 THE FOLLOWING WEATHER WAS RECORDED YESTERDAY.
  THUNDERSTORM
  RAIN
  LIGHT RAIN
  FOG


RELATIVE HUMIDITY (PERCENT)
 HIGHEST   100           100 AM
 LOWEST     71          1200 PM
 AVERAGE    86

..........................................................


THE CARTERSVILLE CLIMATE NORMALS FOR TODAY
                         NORMAL    RECORD    YEAR
 MAXIMUM TEMPERATURE (F)   83        MM        MM
 MINIMUM TEMPERATURE (F)   59        MM        MM


SUNRISE AND SUNSET
MAY 29 2015...........SUNRISE   630 AM EDT   SUNSET   844 PM EDT
MAY 30 2015...........SUNRISE   630 AM EDT   SUNSET   844 PM EDT


-  INDICATES NEGATIVE NUMBERS.
R  INDICATES RECORD WAS SET OR TIED.
MM INDICATES DATA IS MISSING.
T  INDICATES TRACE AMOUNT.




$$
