000
CDUS42 KFFC 260835
CLIVPC


CLIMATE REPORT
NATIONAL WEATHER SERVICE PEACHTREE CITY GA
435 AM EDT TUE JUL 26 2016


...................................

...THE CARTERSVILLE CLIMATE SUMMARY FOR JULY 25 2016...

CLIMATE NORMAL PERIOD 1981 TO 2010
CLIMATE RECORD PERIOD 9999 TO 9999


WEATHER ITEM   OBSERVED TIME   RECORD YEAR NORMAL DEPARTURE LAST
                VALUE   (LST)  VALUE       VALUE  FROM      YEAR
                                                  NORMAL
..................................................................
TEMPERATURE (F)
 YESTERDAY
  MAXIMUM         97    241 PM  MM      MM  89      8       91
  MINIMUM         70    514 AM  MM      MM  68      2       67
  AVERAGE         84                        79      5       79

PRECIPITATION (IN)
  YESTERDAY        0.49         MM      MM   0.13   0.36     0.00
  MONTH TO DATE    2.68                      4.03  -1.35     3.57
  SINCE JUN 1      8.12                      7.87   0.25     6.04
  SINCE JAN 1     24.64                     30.03  -5.39    24.14

DEGREE DAYS
 COOLING
  YESTERDAY       19                        14      5       14
  MONTH TO DATE  406                       330     76      345
  SINCE JUN 1    790                       625    165      715
  SINCE JAN 1    983                       774    209      933
..................................................................


WIND (MPH)
  RESULTANT WIND SPEED   1   RESULTANT WIND DIRECTION  SE (140)
  HIGHEST WIND SPEED    17   HIGHEST WIND DIRECTION     S (170)
  HIGHEST GUST SPEED    22   HIGHEST GUST DIRECTION     S (170)
  AVERAGE WIND SPEED     2.2


SKY COVER
  AVERAGE SKY COVER 0.2


WEATHER CONDITIONS
 THE FOLLOWING WEATHER WAS RECORDED YESTERDAY.
  THUNDERSTORM
  HEAVY RAIN
  RAIN
  LIGHT RAIN
  FOG


RELATIVE HUMIDITY (PERCENT)
 HIGHEST   100           300 AM
 LOWEST     36           500 PM
 AVERAGE    68

..........................................................


THE CARTERSVILLE CLIMATE NORMALS FOR TODAY
                         NORMAL    RECORD    YEAR
 MAXIMUM TEMPERATURE (F)   89        MM        MM
 MINIMUM TEMPERATURE (F)   68        MM        MM


SUNRISE AND SUNSET
JULY 26 2016..........SUNRISE   647 AM EDT   SUNSET   845 PM EDT
JULY 27 2016..........SUNRISE   647 AM EDT   SUNSET   844 PM EDT


-  INDICATES NEGATIVE NUMBERS.
R  INDICATES RECORD WAS SET OR TIED.
MM INDICATES DATA IS MISSING.
T  INDICATES TRACE AMOUNT.




$$
