000
CDUS43 KLOT 040633
CLIVPZ


CLIMATE REPORT
NATIONAL WEATHER SERVICE CHICAGO IL
132 AM CDT FRI SEP 4 2015


...................................

...THE VALPARAISO CLIMATE SUMMARY FOR SEPTEMBER 3 2015...

CLIMATE NORMAL PERIOD 1981 TO 2010
CLIMATE RECORD PERIOD 1998 TO 2015


WEATHER ITEM   OBSERVED TIME   RECORD YEAR NORMAL DEPARTURE LAST
                VALUE   (LST)  VALUE       VALUE  FROM      YEAR
                                                  NORMAL
..................................................................
TEMPERATURE (F)
 YESTERDAY
  MAXIMUM         90    342 PM  93    2011  78     12       82
  MINIMUM         69    517 AM  51    2009  58     11       61
                                      2005
  AVERAGE         80                        68     12       72

PRECIPITATION (IN)
  YESTERDAY        0.00          0.40 2011   0.14  -0.14     0.00
  MONTH TO DATE    0.00                      0.42  -0.42     0.09
  SINCE SEP 1      0.00                      0.42  -0.42     0.09
  SINCE JAN 1     23.70                     25.96  -2.26    29.45

DEGREE DAYS
 HEATING
  YESTERDAY        0                         1     -1        0
  MONTH TO DATE    0                         3     -3        0
  SINCE SEP 1      0                         3     -3        0
  SINCE JUL 1     11                        20     -9       40

 COOLING
  YESTERDAY       15                         4     11        7
  MONTH TO DATE   40                        12     28       28
  SINCE SEP 1     40                        12     28       28
  SINCE JAN 1    627                       648    -21      575
..................................................................


WIND (MPH)
  RESULTANT WIND SPEED   6   RESULTANT WIND DIRECTION  SW (240)
  HIGHEST WIND SPEED    17   HIGHEST WIND DIRECTION    SW (220)
  HIGHEST GUST SPEED    22   HIGHEST GUST DIRECTION    SW (220)
  AVERAGE WIND SPEED     7.2



WEATHER CONDITIONS
 THE FOLLOWING WEATHER WAS RECORDED YESTERDAY.
  FOG


..........................................................


THE VALPARAISO CLIMATE NORMALS FOR TODAY
                         NORMAL    RECORD    YEAR
 MAXIMUM TEMPERATURE (F)   78        93      1999
 MINIMUM TEMPERATURE (F)   57        49      2005
                                             2003


SUNRISE AND SUNSET
SEPTEMBER  4 2015.....SUNRISE   617 AM CDT   SUNSET   716 PM CDT
SEPTEMBER  5 2015.....SUNRISE   618 AM CDT   SUNSET   715 PM CDT


-  INDICATES NEGATIVE NUMBERS.
R  INDICATES RECORD WAS SET OR TIED.
MM INDICATES DATA IS MISSING.
T  INDICATES TRACE AMOUNT.




$$
