000
CDUS43 KLOT 020641
CLIVPZ


CLIMATE REPORT
NATIONAL WEATHER SERVICE CHICAGO IL
141 AM CDT THU JUL 2 2015


...................................

...THE VALPARAISO CLIMATE SUMMARY FOR JULY 1 2015...

CLIMATE NORMAL PERIOD 1981 TO 2010
CLIMATE RECORD PERIOD 1998 TO 2015


WEATHER ITEM   OBSERVED TIME   RECORD YEAR NORMAL DEPARTURE LAST
                VALUE   (LST)  VALUE       VALUE  FROM      YEAR
                                                  NORMAL
..................................................................
TEMPERATURE (F)
 YESTERDAY
  MAXIMUM         69   1106 AM  93    2002  83    -14       83
  MINIMUM         56    918 PM  49    2010  62     -6       65
  AVERAGE         63                        73    -10       74

PRECIPITATION (IN)
  YESTERDAY        0.00          3.60 2011   0.11  -0.11     0.09
  MONTH TO DATE    0.00                      0.11  -0.11     0.09
  SINCE JUN 1      5.61                      4.02   1.59     8.30
  SINCE JAN 1     14.40                     17.00  -2.60    17.23

DEGREE DAYS
 HEATING
  YESTERDAY        2                         0      2        0
  MONTH TO DATE    2                         0      2        0
  SINCE JUN 1     29                        41    -12       20
  SINCE JUL 1      2                         0      2        0

 COOLING
  YESTERDAY        0                         8     -8        9
  MONTH TO DATE    0                         8     -8        9
  SINCE JUN 1    132                       172    -40      168
  SINCE JAN 1    208                       219    -11      241
..................................................................


WIND (MPH)
  RESULTANT WIND SPEED   6   RESULTANT WIND DIRECTION   N (0)
  HIGHEST WIND SPEED    13   HIGHEST WIND DIRECTION    NW (330)
  HIGHEST GUST SPEED    17   HIGHEST GUST DIRECTION     N (350)
  AVERAGE WIND SPEED     5.8



WEATHER CONDITIONS
 THE FOLLOWING WEATHER WAS RECORDED YESTERDAY.
  NO SIGNIFICANT WEATHER WAS OBSERVED.


..........................................................


THE VALPARAISO CLIMATE NORMALS FOR TODAY
                         NORMAL    RECORD    YEAR
 MAXIMUM TEMPERATURE (F)   83        93      2002
 MINIMUM TEMPERATURE (F)   62        43      2001


SUNRISE AND SUNSET
JULY  2 2015..........SUNRISE   518 AM CDT   SUNSET   825 PM CDT
JULY  3 2015..........SUNRISE   519 AM CDT   SUNSET   825 PM CDT


-  INDICATES NEGATIVE NUMBERS.
R  INDICATES RECORD WAS SET OR TIED.
MM INDICATES DATA IS MISSING.
T  INDICATES TRACE AMOUNT.




$$
