000
CDUS43 KLOT 230638
CLIVPZ


CLIMATE REPORT
NATIONAL WEATHER SERVICE CHICAGO IL
137 AM CDT WED JUL 23 2014


...................................

...THE VALPARAISO CLIMATE SUMMARY FOR JULY 22 2014...

CLIMATE NORMAL PERIOD 1981 TO 2010
CLIMATE RECORD PERIOD 1998 TO 2014


WEATHER ITEM   OBSERVED TIME   RECORD YEAR NORMAL DEPARTURE LAST
                VALUE   (LST)  VALUE       VALUE  FROM      YEAR
                                                  NORMAL
..................................................................
TEMPERATURE (F)
 YESTERDAY
  MAXIMUM         87    306 PM  93    2002  83      4       86
  MINIMUM         63    451 AM  52    2007  62      1       68
  AVERAGE         75                        72      3       77

PRECIPITATION (IN)
  YESTERDAY        T             0.49 2001   0.14  -0.14     0.02
  MONTH TO DATE    1.43                      3.19  -1.76     0.99
  SINCE JUN 1      9.64                      7.10   2.54     7.91
  SINCE JAN 1     18.57                     20.08  -1.51    21.54

DEGREE DAYS
 HEATING
  YESTERDAY        0                         0      0        0
  MONTH TO DATE   13                         0     13        2
  SINCE JUN 1     33                        41     -8       39
  SINCE JUL 1     13                         0     13        2

 COOLING
  YESTERDAY       10                         8      2       12
  MONTH TO DATE   88                       176    -88      196
  SINCE JUN 1    247                       340    -93      363
  SINCE JAN 1    320                       387    -67      464
..................................................................


WIND (MPH)
  RESULTANT WIND SPEED   9   RESULTANT WIND DIRECTION  SW (210)
  HIGHEST WIND SPEED    20   HIGHEST WIND DIRECTION    SW (220)
  HIGHEST GUST SPEED    26   HIGHEST GUST DIRECTION    SW (210)
  AVERAGE WIND SPEED     9.5



WEATHER CONDITIONS
 THE FOLLOWING WEATHER WAS RECORDED YESTERDAY.
  LIGHT RAIN
  FOG
  HAZE


..........................................................


THE VALPARAISO CLIMATE NORMALS FOR TODAY
                         NORMAL    RECORD    YEAR
 MAXIMUM TEMPERATURE (F)   82        96      2012
 MINIMUM TEMPERATURE (F)   62        55      2007


SUNRISE AND SUNSET
JULY 23 2014..........SUNRISE   534 AM CDT   SUNSET   814 PM CDT
JULY 24 2014..........SUNRISE   535 AM CDT   SUNSET   813 PM CDT


-  INDICATES NEGATIVE NUMBERS.
R  INDICATES RECORD WAS SET OR TIED.
MM INDICATES DATA IS MISSING.
T  INDICATES TRACE AMOUNT.




$$
