000
CDUS42 KMLB 192024
CLIVRB


CLIMATE REPORT
NATIONAL WEATHER SERVICE MELBOURNE FL
424 PM EDT TUE SEP 19 2017


...................................

...THE VERO BEACH CLIMATE SUMMARY FOR SEPTEMBER 19 2017...
VALID TODAY AS OF 0400 PM LOCAL TIME.

CLIMATE NORMAL PERIOD 1981 TO 2010
CLIMATE RECORD PERIOD 1942 TO 2017


WEATHER ITEM   OBSERVED TIME   RECORD YEAR NORMAL DEPARTURE LAST
                VALUE   (LST)  VALUE       VALUE  FROM      YEAR
                                                  NORMAL
..................................................................
TEMPERATURE (F)
 TODAY
  MAXIMUM         86    259 PM  94    1987  88     -2       93
  MINIMUM         73    532 AM  64    1981  73      0       74
  AVERAGE         80                        81     -1       84

PRECIPITATION (IN)
  TODAY            0.07          2.36 1943   0.24  -0.17     0.99
  MONTH TO DATE    8.17                      4.32   3.85     3.86
  SINCE SEP 1      8.17                      4.32   3.85     3.86
  SINCE JAN 1     37.59                     39.02  -1.43    57.29

SNOWFALL (IN)
  TODAY            0.0
  MONTH TO DATE    0.0
  SINCE JUL 1      0.0

DEGREE DAYS
 HEATING
  TODAY            0                         0      0        0
  MONTH TO DATE    0                         0      0        0
  SINCE SEP 1      0                         0      0        0
  SINCE JUL 1      0                         0      0        0

 COOLING
  TODAY           15                        16     -1       19
  MONTH TO DATE  318                       304     14      338
  SINCE SEP 1    318                       304     14      338
  SINCE JAN 1   3030                      2602    428     2928
..................................................................


WIND (MPH)
  HIGHEST WIND SPEED    16   HIGHEST WIND DIRECTION    NE (40)
  HIGHEST GUST SPEED    19   HIGHEST GUST DIRECTION    NE (40)
  AVERAGE WIND SPEED     8.3


SKY COVER
  AVERAGE SKY COVER 0.9


WEATHER CONDITIONS
 THE FOLLOWING WEATHER WAS RECORDED TODAY.
  LIGHT RAIN
  FOG


RELATIVE HUMIDITY (PERCENT)
 HIGHEST   100           500 AM
 LOWEST     65           200 PM
 AVERAGE    83

..........................................................


THE VERO BEACH CLIMATE NORMALS FOR TOMORROW
                         NORMAL    RECORD    YEAR
 MAXIMUM TEMPERATURE (F)   88        95      1987
 MINIMUM TEMPERATURE (F)   73        64      1981


SUNRISE AND SUNSET
SEPTEMBER 19 2017.....SUNRISE   709 AM EDT   SUNSET   721 PM EDT
SEPTEMBER 20 2017.....SUNRISE   709 AM EDT   SUNSET   720 PM EDT


-  INDICATES NEGATIVE NUMBERS.
R  INDICATES RECORD WAS SET OR TIED.
MM INDICATES DATA IS MISSING.
T  INDICATES TRACE AMOUNT.




$$
