280
CDUS42 KMLB 052117
CLIVRB


CLIMATE REPORT
NATIONAL WEATHER SERVICE MELBOURNE FL
417 PM EST MON DEC 5 2016


...................................

...THE VERO BEACH CLIMATE SUMMARY FOR DECEMBER 5 2016...
VALID TODAY AS OF 0400 PM LOCAL TIME.

CLIMATE NORMAL PERIOD 1981 TO 2010
CLIMATE RECORD PERIOD 1942 TO 2016


WEATHER ITEM   OBSERVED TIME   RECORD YEAR NORMAL DEPARTURE LAST
                VALUE   (LST)  VALUE       VALUE  FROM      YEAR
                                                  NORMAL
..................................................................
TEMPERATURE (F)
 TODAY
  MAXIMUM         85    247 PM  87    2002  76      9       79
  MINIMUM         63    659 AM  37    1968  57      6       71
  AVERAGE         74                        66      8       75

PRECIPITATION (IN)
  TODAY            0.00          1.51 1985   0.08  -0.08     0.17
  MONTH TO DATE    0.00                      0.39  -0.39     2.91
  SINCE DEC 1      0.00                      0.39  -0.39     2.91
  SINCE JAN 1     63.16                     50.07  13.09    48.03

SNOWFALL (IN)
  TODAY            0.0
  MONTH TO DATE    0.0
  SINCE JUL 1      0.0

DEGREE DAYS
 HEATING
  TODAY            0                         2     -2        0
  MONTH TO DATE    0                        10    -10        0
  SINCE DEC 1      0                        10    -10        0
  SINCE JUL 1     19                        40    -21        1

 COOLING
  TODAY            9                         4      5       10
  MONTH TO DATE   34                        20     14       44
  SINCE DEC 1     34                        20     14       44
  SINCE JAN 1   3714                      3331    383     4171
..................................................................


WIND (MPH)
  HIGHEST WIND SPEED    18   HIGHEST WIND DIRECTION    SE (130)
  HIGHEST GUST SPEED    22   HIGHEST GUST DIRECTION    SE (130)
  AVERAGE WIND SPEED     7.4


SKY COVER
  AVERAGE SKY COVER 0.4


WEATHER CONDITIONS
 THE FOLLOWING WEATHER WAS RECORDED TODAY.
  FOG
  FOG W/VISIBILITY <= 1/4 MILE


RELATIVE HUMIDITY (PERCENT)
 HIGHEST   100           300 AM
 LOWEST     65          1100 AM
 AVERAGE    83

..........................................................


THE VERO BEACH CLIMATE NORMALS FOR TOMORROW
                         NORMAL    RECORD    YEAR
 MAXIMUM TEMPERATURE (F)   76        87      1942
 MINIMUM TEMPERATURE (F)   57        37      1968


SUNRISE AND SUNSET
DECEMBER  5 2016......SUNRISE   658 AM EST   SUNSET   527 PM EST
DECEMBER  6 2016......SUNRISE   659 AM EST   SUNSET   527 PM EST


-  INDICATES NEGATIVE NUMBERS.
R  INDICATES RECORD WAS SET OR TIED.
MM INDICATES DATA IS MISSING.
T  INDICATES TRACE AMOUNT.




$$
