000
CDUS42 KMLB 260635
CLIVRB


CLIMATE REPORT
NATIONAL WEATHER SERVICE MELBOURNE FL
135 AM EST FRI DEC 26 2014


...................................

...THE VERO BEACH CLIMATE SUMMARY FOR DECEMBER 25 2014...

CLIMATE NORMAL PERIOD 1981 TO 2010
CLIMATE RECORD PERIOD 1942 TO 2014


WEATHER ITEM   OBSERVED TIME   RECORD YEAR NORMAL DEPARTURE LAST
                VALUE   (LST)  VALUE       VALUE  FROM      YEAR
                                                  NORMAL
..................................................................
TEMPERATURE (F)
 YESTERDAY
  MAXIMUM         75   1232 AM  85    1997  73      2       76
                                      1978
  MINIMUM         58   1159 PM  26    1989  53      5       60
  AVERAGE         67                        63      4       68

PRECIPITATION (IN)
  YESTERDAY        0.58          1.07 1949   0.07   0.51     0.00
  MONTH TO DATE    2.80                      1.77   1.03     2.18
  SINCE DEC 1      2.80                      1.77   1.03     2.18
  SINCE JAN 1     53.48                     51.45   2.03    44.39

SNOWFALL (IN)
  YESTERDAY        0.0
  MONTH TO DATE    0.0
  SINCE JUL 1      0.0

DEGREE DAYS
 HEATING
  YESTERDAY        0                         4     -4        0
  MONTH TO DATE   75                        77     -2       18
  SINCE DEC 1     75                        77     -2       18
  SINCE JUL 1    154                       107     47       29

 COOLING
  YESTERDAY        2                         2      0        3
  MONTH TO DATE   80                        80      0      132
  SINCE DEC 1     80                        80      0      132
  SINCE JAN 1   3234                      3391   -157     3605
..................................................................


WIND (MPH)
  HIGHEST WIND SPEED    21   HIGHEST WIND DIRECTION     W (270)
  HIGHEST GUST SPEED    28   HIGHEST GUST DIRECTION     W (270)
  AVERAGE WIND SPEED     8.0


SKY COVER
  AVERAGE SKY COVER 0.7


WEATHER CONDITIONS
 THE FOLLOWING WEATHER WAS RECORDED YESTERDAY.
  THUNDERSTORM
  HEAVY RAIN
  RAIN
  LIGHT RAIN
  FOG


RELATIVE HUMIDITY (PERCENT)
 HIGHEST    93           500 AM
 LOWEST     45          1200 PM
 AVERAGE    69

..........................................................


THE VERO BEACH CLIMATE NORMALS FOR TODAY
                         NORMAL    RECORD    YEAR
 MAXIMUM TEMPERATURE (F)   73        85      1981
 MINIMUM TEMPERATURE (F)   53        24      1983


SUNRISE AND SUNSET
DECEMBER 26 2014......SUNRISE   710 AM EST   SUNSET   534 PM EST
DECEMBER 27 2014......SUNRISE   711 AM EST   SUNSET   535 PM EST


-  INDICATES NEGATIVE NUMBERS.
R  INDICATES RECORD WAS SET OR TIED.
MM INDICATES DATA IS MISSING.
T  INDICATES TRACE AMOUNT.




$$
