484
CDUS42 KMLB 250627
CLIVRB


CLIMATE REPORT
NATIONAL WEATHER SERVICE MELBOURNE FL
127 AM EST SUN FEB 25 2018


...................................

...THE VERO BEACH CLIMATE SUMMARY FOR FEBRUARY 24 2018...

CLIMATE NORMAL PERIOD 1981 TO 2010
CLIMATE RECORD PERIOD 1942 TO 2018


WEATHER ITEM   OBSERVED TIME   RECORD YEAR NORMAL DEPARTURE LAST
                VALUE   (LST)  VALUE       VALUE  FROM      YEAR
                                                  NORMAL
..................................................................
TEMPERATURE (F)
 YESTERDAY
  MAXIMUM         82   1229 PM  89    2012  75      7       81
  MINIMUM         71    550 AM  28    1989  55     16       62
  AVERAGE         77                        65     12       72

PRECIPITATION (IN)
  YESTERDAY        0.00          1.68 1975   0.10  -0.10     0.00
  MONTH TO DATE    0.51                      2.23  -1.72     1.23
  SINCE DEC 1      5.42                      6.92  -1.50     4.10
  SINCE JAN 1      3.19                      4.73  -1.54     1.96

SNOWFALL (IN)
  YESTERDAY        0.0
  MONTH TO DATE    0.0
  SINCE JUL 1      0.0

DEGREE DAYS
 HEATING
  YESTERDAY        0                         3     -3        0
  MONTH TO DATE    8                        86    -78       20
  SINCE DEC 1    247                       343    -96      124
  SINCE JUL 1    267                       373   -106      143

 COOLING
  YESTERDAY       12                         3      9        7
  MONTH TO DATE  181                        64    117       70
  SINCE DEC 1    373                       218    155      375
  SINCE JAN 1    255                       125    130      170
..................................................................


WIND (MPH)
  HIGHEST WIND SPEED    18   HIGHEST WIND DIRECTION    SE (130)
  HIGHEST GUST SPEED    23   HIGHEST GUST DIRECTION    SE (140)
  AVERAGE WIND SPEED    11.4


SKY COVER
  AVERAGE SKY COVER 0.4


WEATHER CONDITIONS
 THE FOLLOWING WEATHER WAS RECORDED YESTERDAY.
  NO SIGNIFICANT WEATHER WAS OBSERVED.


RELATIVE HUMIDITY (PERCENT)
 HIGHEST    84           500 AM
 LOWEST     58          1200 PM
 AVERAGE    71

..........................................................


THE VERO BEACH CLIMATE NORMALS FOR TODAY
                         NORMAL    RECORD    YEAR
 MAXIMUM TEMPERATURE (F)   76        87      2017
 MINIMUM TEMPERATURE (F)   55        29      1989


SUNRISE AND SUNSET
FEBRUARY 25 2018......SUNRISE   650 AM EST   SUNSET   620 PM EST
FEBRUARY 26 2018......SUNRISE   649 AM EST   SUNSET   620 PM EST


-  INDICATES NEGATIVE NUMBERS.
R  INDICATES RECORD WAS SET OR TIED.
MM INDICATES DATA IS MISSING.
T  INDICATES TRACE AMOUNT.




$$
