000
CDUS42 KMLB 282027
CLIVRB


CLIMATE REPORT
NATIONAL WEATHER SERVICE MELBOURNE FL
425 PM EDT FRI AUG 28 2015


...................................

...THE VERO BEACH CLIMATE SUMMARY FOR AUGUST 28 2015...
VALID TODAY AS OF 0400 PM LOCAL TIME.

CLIMATE NORMAL PERIOD 1981 TO 2010
CLIMATE RECORD PERIOD 1942 TO 2015


WEATHER ITEM   OBSERVED TIME   RECORD YEAR NORMAL DEPARTURE LAST
                VALUE   (LST)  VALUE       VALUE  FROM      YEAR
                                                  NORMAL
..................................................................
TEMPERATURE (F)
 TODAY
  MAXIMUM         90   1125 AM  95    2011  89      1       89
  MINIMUM         73    618 AM  64    1984  74     -1       70
  AVERAGE         82                        81      1       80

PRECIPITATION (IN)
  TODAY            T             2.46 1981   0.24  -0.24     0.25
  MONTH TO DATE    4.45                      6.31  -1.86     5.15
  SINCE JUN 1     15.26                     18.61  -3.35    18.99
  SINCE JAN 1     26.98                     33.98  -7.00    32.17

SNOWFALL (IN)
  TODAY            0.0
  MONTH TO DATE    0.0
  SINCE JUL 1      0.0

DEGREE DAYS
 HEATING
  TODAY            0                         0      0        0
  MONTH TO DATE    0                         0      0        0
  SINCE JUN 1      0                         0      0        0
  SINCE JUL 1      0                         0      0        0

 COOLING
  TODAY           17                        16      1       15
  MONTH TO DATE  514                       470     44      472
  SINCE JUN 1   1594                      1444    150     1394
  SINCE JAN 1   2746                      2250    496     2320
..................................................................


WIND (MPH)
  HIGHEST WIND SPEED    16   HIGHEST WIND DIRECTION     E (80)
  HIGHEST GUST SPEED    21   HIGHEST GUST DIRECTION    SE (120)
  AVERAGE WIND SPEED     4.2


SKY COVER
  AVERAGE SKY COVER 0.2


WEATHER CONDITIONS
 THE FOLLOWING WEATHER WAS RECORDED TODAY.
  THUNDERSTORM
  FOG


RELATIVE HUMIDITY (PERCENT)
 HIGHEST    94          1200 AM
 LOWEST     59          1000 AM
 AVERAGE    77

..........................................................


THE VERO BEACH CLIMATE NORMALS FOR TOMORROW
                         NORMAL    RECORD    YEAR
 MAXIMUM TEMPERATURE (F)   89        95      1999
 MINIMUM TEMPERATURE (F)   74        66      1984


SUNRISE AND SUNSET
AUGUST 28 2015........SUNRISE   659 AM EDT   SUNSET   747 PM EDT
AUGUST 29 2015........SUNRISE   659 AM EDT   SUNSET   746 PM EDT


-  INDICATES NEGATIVE NUMBERS.
R  INDICATES RECORD WAS SET OR TIED.
MM INDICATES DATA IS MISSING.
T  INDICATES TRACE AMOUNT.




$$
