000
CDUS42 KMLB 292017
CLIVRB


CLIMATE REPORT
NATIONAL WEATHER SERVICE MELBOURNE FL
417 PM EDT MON MAY 29 2017


...................................

...THE VERO BEACH CLIMATE SUMMARY FOR MAY 29 2017...
VALID TODAY AS OF 0400 PM LOCAL TIME.

CLIMATE NORMAL PERIOD 1981 TO 2010
CLIMATE RECORD PERIOD 1942 TO 2017


WEATHER ITEM   OBSERVED TIME   RECORD YEAR NORMAL DEPARTURE LAST
                VALUE   (LST)  VALUE       VALUE  FROM      YEAR
                                                  NORMAL
..................................................................
TEMPERATURE (F)
 TODAY
  MAXIMUM         88    108 PM  99    2000  87      1       88
  MINIMUM         71    348 AM  62    2008  70      1       71
  AVERAGE         80                        78      2       80

PRECIPITATION (IN)
  TODAY            0.00          1.73 1978   0.16  -0.16     1.60
  MONTH TO DATE    4.57                      3.04   1.53    17.98
  SINCE MAR 1      9.08                      9.88  -0.80    22.44
  SINCE JAN 1     11.04                     15.05  -4.01    35.79

SNOWFALL (IN)
  TODAY            0.0
  MONTH TO DATE    0.0
  SINCE JUL 1      0.0

DEGREE DAYS
 HEATING
  TODAY            0                         0      0        0
  MONTH TO DATE    0                         0      0        0
  SINCE MAR 1     42                        70    -28       16
  SINCE JUL 1    185                       455   -270      284

 COOLING
  TODAY           15                        14      1       15
  MONTH TO DATE  370                       320     50      344
  SINCE MAR 1    827                       639    188      802
  SINCE JAN 1   1028                       778    250      900
..................................................................


WIND (MPH)
  HIGHEST WIND SPEED    13   HIGHEST WIND DIRECTION     E (70)
  HIGHEST GUST SPEED    16   HIGHEST GUST DIRECTION     E (110)
  AVERAGE WIND SPEED     7.2


SKY COVER
  AVERAGE SKY COVER 0.0


WEATHER CONDITIONS
 THE FOLLOWING WEATHER WAS RECORDED TODAY.
  FOG


RELATIVE HUMIDITY (PERCENT)
 HIGHEST   100           500 AM
 LOWEST     59          1100 AM
 AVERAGE    80

..........................................................


THE VERO BEACH CLIMATE NORMALS FOR TOMORROW
                         NORMAL    RECORD    YEAR
 MAXIMUM TEMPERATURE (F)   87        94      2012
 MINIMUM TEMPERATURE (F)   71        60      1971


SUNRISE AND SUNSET
MAY 29 2017...........SUNRISE   627 AM EDT   SUNSET   812 PM EDT
MAY 30 2017...........SUNRISE   627 AM EDT   SUNSET   812 PM EDT


-  INDICATES NEGATIVE NUMBERS.
R  INDICATES RECORD WAS SET OR TIED.
MM INDICATES DATA IS MISSING.
T  INDICATES TRACE AMOUNT.




$$
