000
CDUS42 KMLB 012128
CLIVRB


CLIMATE REPORT
NATIONAL WEATHER SERVICE MELBOURNE FL
425 PM EST SUN FEB 1 2015


...................................

...THE VERO BEACH CLIMATE SUMMARY FOR FEBRUARY 1 2015...
VALID TODAY AS OF 0400 PM LOCAL TIME.

CLIMATE NORMAL PERIOD 1981 TO 2010
CLIMATE RECORD PERIOD 1942 TO 2015


WEATHER ITEM   OBSERVED TIME   RECORD YEAR NORMAL DEPARTURE LAST
                VALUE   (LST)  VALUE       VALUE  FROM      YEAR
                                                  NORMAL
..................................................................
TEMPERATURE (F)
 TODAY
  MAXIMUM         72    344 PM  84    2014  73     -1       84
  MINIMUM         60    717 AM  29    1966  53      7       69
  AVERAGE         66                        63      3       77

PRECIPITATION (IN)
  TODAY            0.00          1.24 2004   0.09  -0.09     0.00
  MONTH TO DATE    0.00                      0.09  -0.09     0.00
  SINCE DEC 1      4.36                      4.78  -0.42     7.08
  SINCE JAN 1      1.15                      2.59  -1.44     4.49

SNOWFALL (IN)
  TODAY            0.0
  MONTH TO DATE    0.0
  SINCE JUL 1      0.0

DEGREE DAYS
 HEATING
  TODAY            0                         4     -4        0
  MONTH TO DATE    0                         4     -4        0
  SINCE DEC 1    171                       261    -90      190
  SINCE JUL 1    250                       291    -41      201

 COOLING
  TODAY            1                         2     -1       12
  MONTH TO DATE    1                         2     -1       12
  SINCE DEC 1    205                       156     49      248
  SINCE JAN 1     84                        63     21       80
..................................................................


WIND (MPH)
  HIGHEST WIND SPEED    21   HIGHEST WIND DIRECTION    SE (120)
  HIGHEST GUST SPEED    23   HIGHEST GUST DIRECTION     E (110)
  AVERAGE WIND SPEED    10.2


SKY COVER
  AVERAGE SKY COVER 0.6


WEATHER CONDITIONS
 THE FOLLOWING WEATHER WAS RECORDED TODAY.
  NO SIGNIFICANT WEATHER WAS OBSERVED.


RELATIVE HUMIDITY (PERCENT)
 HIGHEST    72           500 AM
 LOWEST     49          1200 PM
 AVERAGE    61

..........................................................


THE VERO BEACH CLIMATE NORMALS FOR TOMORROW
                         NORMAL    RECORD    YEAR
 MAXIMUM TEMPERATURE (F)   73        86      1985
 MINIMUM TEMPERATURE (F)   53        34      1980
                                             1979


SUNRISE AND SUNSET
FEBRUARY  1 2015......SUNRISE   708 AM EST   SUNSET   602 PM EST
FEBRUARY  2 2015......SUNRISE   708 AM EST   SUNSET   603 PM EST


-  INDICATES NEGATIVE NUMBERS.
R  INDICATES RECORD WAS SET OR TIED.
MM INDICATES DATA IS MISSING.
T  INDICATES TRACE AMOUNT.




$$
