000
CDUS41 KBTV 260541
CLIVSF


CLIMATE REPORT
NATIONAL WEATHER SERVICE BURLINGTON VT
137 AM EDT WED JUL 26 2017


...................................

...THE SPRINGFIELD VT CLIMATE SUMMARY FOR JULY 25 2017...

CLIMATE NORMAL PERIOD 1981 TO 2010
CLIMATE RECORD PERIOD 9999 TO 9999


WEATHER ITEM   OBSERVED TIME   NORMAL DEPARTURE LAST
                VALUE   (LST)  VALUE  FROM      YEAR
                                      NORMAL
......................................................
TEMPERATURE (F)
 YESTERDAY
  MAXIMUM         69    513 PM  81    -12       86
  MINIMUM         54   1113 PM  57     -3       56
  AVERAGE         62            69     -7       71

PRECIPITATION (IN)
  YESTERDAY        0.01          0.15  -0.14     0.00
  MONTH TO DATE    3.19          3.60  -0.41     3.17
  SINCE JUN 1      7.67          7.49   0.18     5.45
  SINCE JAN 1     25.26         23.76   1.50    15.87

DEGREE DAYS
 HEATING
  YESTERDAY        3             1      2        0
  MONTH TO DATE   15            11      4       14
  SINCE JUN 1    113           107      6       86
  SINCE JUL 1     15            11      4       14

 COOLING
  YESTERDAY        0             5     -5        6
  MONTH TO DATE  121           118      3      125
  SINCE JUN 1    203           182     21      182
  SINCE JAN 1    217           194     23      223
......................................................


WIND (MPH)
  HIGHEST WIND SPEED     8   HIGHEST WIND DIRECTION     W (270)
  HIGHEST GUST SPEED    13   HIGHEST GUST DIRECTION     W (280)
  AVERAGE WIND SPEED     0.9


SKY COVER
  AVERAGE SKY COVER 0.8


WEATHER CONDITIONS
 THE FOLLOWING WEATHER WAS RECORDED YESTERDAY.
  FOG
  FOG W/VISIBILITY <= 1/4 MILE


RELATIVE HUMIDITY (PERCENT)
 HIGHEST    93          1200 AM
 LOWEST     59           500 PM
 AVERAGE    76

..........................................................


THE SPRINGFIELD VT CLIMATE NORMALS FOR TODAY
                         NORMAL    RECORD    YEAR
 MAXIMUM TEMPERATURE (F)   81        89      2005
 MINIMUM TEMPERATURE (F)   57        48      1997


SUNRISE AND SUNSET
JULY 26 2017..........SUNRISE   534 AM EDT   SUNSET   819 PM EDT
JULY 27 2017..........SUNRISE   535 AM EDT   SUNSET   817 PM EDT


-  INDICATES NEGATIVE NUMBERS.
R  INDICATES RECORD WAS SET OR TIED.
MM INDICATES DATA IS MISSING.
T  INDICATES TRACE AMOUNT.




$$
