000
CDUS41 KBTV 290523
CLIVSF


CLIMATE REPORT
NATIONAL WEATHER SERVICE BURLINGTON VT
121 AM EDT THU SEP 29 2016


...................................

...THE SPRINGFIELD VT CLIMATE SUMMARY FOR SEPTEMBER 28 2016...

CLIMATE NORMAL PERIOD 1981 TO 2010
CLIMATE RECORD PERIOD 9999 TO 9999


WEATHER ITEM   OBSERVED TIME   NORMAL DEPARTURE LAST
                VALUE   (LST)  VALUE  FROM      YEAR
                                      NORMAL
......................................................
TEMPERATURE (F)
 YESTERDAY
  MAXIMUM         60    109 PM  66     -6       74
  MINIMUM         46    311 AM  42      4       37
  AVERAGE         53            54     -1       56

PRECIPITATION (IN)
  YESTERDAY        0.00          0.16  -0.16      T
  MONTH TO DATE    1.06          3.44  -2.38     3.67
  SINCE SEP 1      1.06          3.44  -2.38     3.67
  SINCE JAN 1     19.94         31.81 -11.87    22.17

DEGREE DAYS
 HEATING
  YESTERDAY       12            11      1        9
  MONTH TO DATE  117           173    -56      100
  SINCE SEP 1    117           173    -56      100
  SINCE JUL 1    139           228    -89      123

 COOLING
  YESTERDAY        0             0      0        0
  MONTH TO DATE   44            21     23       70
  SINCE SEP 1     44            21     23       70
  SINCE JAN 1    481           342    139      459
......................................................


WIND (MPH)
  HIGHEST WIND SPEED    12   HIGHEST WIND DIRECTION    NE (60)
  HIGHEST GUST SPEED    15   HIGHEST GUST DIRECTION     E (90)
  AVERAGE WIND SPEED     2.7


SKY COVER
  AVERAGE SKY COVER 1.0


WEATHER CONDITIONS
 THE FOLLOWING WEATHER WAS RECORDED YESTERDAY.
  FOG
  FOG W/VISIBILITY <= 1/4 MILE


RELATIVE HUMIDITY (PERCENT)
 HIGHEST   100           400 AM
 LOWEST     67           500 PM
 AVERAGE    84

..........................................................


THE SPRINGFIELD VT CLIMATE NORMALS FOR TODAY
                         NORMAL    RECORD    YEAR
 MAXIMUM TEMPERATURE (F)   65        75      2014
 MINIMUM TEMPERATURE (F)   42        25      2000


SUNRISE AND SUNSET
SEPTEMBER 29 2016.....SUNRISE   646 AM EDT   SUNSET   634 PM EDT
SEPTEMBER 30 2016.....SUNRISE   647 AM EDT   SUNSET   632 PM EDT


-  INDICATES NEGATIVE NUMBERS.
R  INDICATES RECORD WAS SET OR TIED.
MM INDICATES DATA IS MISSING.
T  INDICATES TRACE AMOUNT.




$$
