000
CDUS41 KBTV 190531
CLIVSF


CLIMATE REPORT
NATIONAL WEATHER SERVICE BURLINGTON VT
130 AM EDT FRI SEP 19 2014


...................................

...THE SPRINGFIELD VT CLIMATE SUMMARY FOR SEPTEMBER 18 2014...

CLIMATE NORMAL PERIOD 1981 TO 2010
CLIMATE RECORD PERIOD 9999 TO 9999


WEATHER ITEM   OBSERVED TIME   NORMAL DEPARTURE LAST
                VALUE   (LST)  VALUE  FROM      YEAR
                                      NORMAL
......................................................
TEMPERATURE (F)
 YESTERDAY
  MAXIMUM         67    125 PM  70     -3       72
  MINIMUM         38   1132 PM  47     -9       37
  AVERAGE         53            58     -5       55

PRECIPITATION (IN)
  YESTERDAY        0.00          0.13  -0.13     0.00
  MONTH TO DATE    1.14          2.03  -0.89     2.47
  SINCE SEP 1      1.14          2.03  -0.89     2.47
  SINCE JAN 1     28.83         30.40  -1.57    29.95

DEGREE DAYS
 HEATING
  YESTERDAY       12             7      5       10
  MONTH TO DATE  109            80     29      122
  SINCE SEP 1    109            80     29      122
  SINCE JUL 1    158           135     23      167

 COOLING
  YESTERDAY        0             0      0        0
  MONTH TO DATE   40            21     19       42
  SINCE SEP 1     40            21     19       42
  SINCE JAN 1    277           342    -65      495
......................................................


WIND (MPH)
  HIGHEST WIND SPEED    13   HIGHEST WIND DIRECTION     W (280)
  HIGHEST GUST SPEED    18   HIGHEST GUST DIRECTION     W (280)
  AVERAGE WIND SPEED     2.9


SKY COVER
  AVERAGE SKY COVER 0.8


WEATHER CONDITIONS
 THE FOLLOWING WEATHER WAS RECORDED YESTERDAY.
  FOG
  FOG W/VISIBILITY <= 1/4 MILE


RELATIVE HUMIDITY (PERCENT)
 HIGHEST   100           100 AM
 LOWEST     52           100 PM
 AVERAGE    76

..........................................................


THE SPRINGFIELD VT CLIMATE NORMALS FOR TODAY
                         NORMAL    RECORD    YEAR
 MAXIMUM TEMPERATURE (F)   70        MM        MM
 MINIMUM TEMPERATURE (F)   46        MM        MM


SUNRISE AND SUNSET
SEPTEMBER 19 2014.....SUNRISE   634 AM EDT   SUNSET   653 PM EDT
SEPTEMBER 20 2014.....SUNRISE   635 AM EDT   SUNSET   651 PM EDT


-  INDICATES NEGATIVE NUMBERS.
R  INDICATES RECORD WAS SET OR TIED.
MM INDICATES DATA IS MISSING.
T  INDICATES TRACE AMOUNT.




$$
