000
CDUS41 KBTV 220606
CLIVSF


CLIMATE REPORT
NATIONAL WEATHER SERVICE BURLINGTON VT
104 AM EST MON DEC 22 2014


...................................

...THE SPRINGFIELD VT CLIMATE SUMMARY FOR DECEMBER 21 2014...

CLIMATE NORMAL PERIOD 1981 TO 2010
CLIMATE RECORD PERIOD 9999 TO 9999


WEATHER ITEM   OBSERVED TIME   NORMAL DEPARTURE LAST
                VALUE   (LST)  VALUE  FROM      YEAR
                                      NORMAL
......................................................
TEMPERATURE (F)
 YESTERDAY
  MAXIMUM         31    219 PM  33     -2       46
  MINIMUM         25   1022 AM  15     10       32
  AVERAGE         28            24      4       39

PRECIPITATION (IN)
  YESTERDAY        0.02          0.11  -0.09     0.18
  MONTH TO DATE    3.24          2.26   0.98     0.25
  SINCE DEC 1      3.24          2.26   0.98     0.25
  SINCE JAN 1     39.57         42.84  -3.27    35.66

DEGREE DAYS
 HEATING
  YESTERDAY       37            41     -4       26
  MONTH TO DATE  726           792    -66      851
  SINCE DEC 1    726           792    -66      851
  SINCE JUL 1   2129          2435   -306     2551

 COOLING
  YESTERDAY        0             0      0        0
  MONTH TO DATE    0             0      0        0
  SINCE DEC 1      0             0      0        0
  SINCE JAN 1    282           345    -63      495
......................................................


WIND (MPH)
  HIGHEST WIND SPEED     3   HIGHEST WIND DIRECTION     S (160)
  HIGHEST GUST SPEED     5   HIGHEST GUST DIRECTION     S (170)
  AVERAGE WIND SPEED     0.0


SKY COVER
  AVERAGE SKY COVER 1.0


WEATHER CONDITIONS
 THE FOLLOWING WEATHER WAS RECORDED YESTERDAY.
  LIGHT SNOW
  FOG
  HAZE


RELATIVE HUMIDITY (PERCENT)
 HIGHEST   100          1000 AM
 LOWEST     75          1200 AM
 AVERAGE    88

..........................................................


THE SPRINGFIELD VT CLIMATE NORMALS FOR TODAY
                         NORMAL    RECORD    YEAR
 MAXIMUM TEMPERATURE (F)   32        MM        MM
 MINIMUM TEMPERATURE (F)   15        MM        MM


SUNRISE AND SUNSET
DECEMBER 22 2014......SUNRISE   720 AM EST   SUNSET   418 PM EST
DECEMBER 23 2014......SUNRISE   720 AM EST   SUNSET   418 PM EST


-  INDICATES NEGATIVE NUMBERS.
R  INDICATES RECORD WAS SET OR TIED.
MM INDICATES DATA IS MISSING.
T  INDICATES TRACE AMOUNT.




$$
