000
CDUS41 KBTV 160550
CLIVSF


CLIMATE REPORT
NATIONAL WEATHER SERVICE BURLINGTON VT
1249 AM EST MON JAN 16 2017


...................................

...THE SPRINGFIELD VT CLIMATE SUMMARY FOR JANUARY 15 2017...

CLIMATE NORMAL PERIOD 1981 TO 2010
CLIMATE RECORD PERIOD 9999 TO 9999


WEATHER ITEM   OBSERVED TIME   NORMAL DEPARTURE LAST
                VALUE   (LST)  VALUE  FROM      YEAR
                                      NORMAL
......................................................
TEMPERATURE (F)
 YESTERDAY
  MAXIMUM         31    414 PM  29      2       34
  MINIMUM         12   1159 PM   9      3        9
  AVERAGE         22            19      3       22

PRECIPITATION (IN)
  YESTERDAY        0.00          0.09  -0.09     0.00
  MONTH TO DATE    0.68          1.65  -0.97     1.24
  SINCE DEC 1      3.08          4.92  -1.84     4.56
  SINCE JAN 1      0.68          1.65  -0.97     1.24

DEGREE DAYS
 HEATING
  YESTERDAY       43            46     -3       43
  MONTH TO DATE  630           679    -49      613
  SINCE DEC 1   1845          1899    -54     1483
  SINCE JUL 1   3301          3542   -241     2896

 COOLING
  YESTERDAY        0             0      0        0
  MONTH TO DATE    0             0      0        0
  SINCE DEC 1      0             0      0        0
  SINCE JAN 1      0             0      0        0
......................................................


WIND (MPH)
  HIGHEST WIND SPEED    15   HIGHEST WIND DIRECTION     W (280)
  HIGHEST GUST SPEED    21   HIGHEST GUST DIRECTION     W (280)
  AVERAGE WIND SPEED     3.1


SKY COVER
  AVERAGE SKY COVER 0.3


WEATHER CONDITIONS
 THE FOLLOWING WEATHER WAS RECORDED YESTERDAY.
  HAZE


RELATIVE HUMIDITY (PERCENT)
 HIGHEST    88          1000 PM
 LOWEST     43           200 PM
 AVERAGE    66

..........................................................


THE SPRINGFIELD VT CLIMATE NORMALS FOR TODAY
                         NORMAL    RECORD    YEAR
 MAXIMUM TEMPERATURE (F)   29        41      2010
 MINIMUM TEMPERATURE (F)    9       -18      2009


SUNRISE AND SUNSET
JANUARY 16 2017.......SUNRISE   719 AM EST   SUNSET   441 PM EST
JANUARY 17 2017.......SUNRISE   718 AM EST   SUNSET   443 PM EST


-  INDICATES NEGATIVE NUMBERS.
R  INDICATES RECORD WAS SET OR TIED.
MM INDICATES DATA IS MISSING.
T  INDICATES TRACE AMOUNT.




$$
