000
CDUS41 KBTV 240544
CLIVSF


CLIMATE REPORT
NATIONAL WEATHER SERVICE BURLINGTON VT
1239 AM EST SAT FEB 24 2018


...................................

...THE SPRINGFIELD VT CLIMATE SUMMARY FOR FEBRUARY 23 2018...

CLIMATE NORMAL PERIOD 1981 TO 2010
CLIMATE RECORD PERIOD 9999 TO 9999


WEATHER ITEM   OBSERVED TIME   NORMAL DEPARTURE LAST
                VALUE   (LST)  VALUE  FROM      YEAR
                                      NORMAL
......................................................
TEMPERATURE (F)
 YESTERDAY
  MAXIMUM         35    130 PM  35      0       66
  MINIMUM         17    614 AM  15      2       25
  AVERAGE         26            25      1       46

PRECIPITATION (IN)
  YESTERDAY        0.14          0.10   0.04     0.00
  MONTH TO DATE    2.23          2.26  -0.03     0.72
  SINCE DEC 1      8.65          8.45   0.20     5.54
  SINCE JAN 1      5.24          5.18   0.06     3.14

DEGREE DAYS
 HEATING
  YESTERDAY       39            40     -1       19
  MONTH TO DATE  892           979    -87      891
  SINCE DEC 1   3678          3608     70     3292
  SINCE JUL 1   5070          5251   -181     4748

 COOLING
  YESTERDAY        0             0      0        0
  MONTH TO DATE    0             0      0        0
  SINCE DEC 1      0             0      0        0
  SINCE JAN 1      0             0      0        0
......................................................


WIND (MPH)
  HIGHEST WIND SPEED    14   HIGHEST WIND DIRECTION     S (180)
  HIGHEST GUST SPEED    19   HIGHEST GUST DIRECTION     S (190)
  AVERAGE WIND SPEED     3.5


SKY COVER
  AVERAGE SKY COVER 0.7


WEATHER CONDITIONS
 THE FOLLOWING WEATHER WAS RECORDED YESTERDAY.
  RAIN
  LIGHT RAIN
  FOG
  FOG W/VISIBILITY <= 1/4 MILE


RELATIVE HUMIDITY (PERCENT)
 HIGHEST   100          1200 AM
 LOWEST     59           100 PM
 AVERAGE    80

..........................................................


THE SPRINGFIELD VT CLIMATE NORMALS FOR TODAY
                         NORMAL    RECORD    YEAR
 MAXIMUM TEMPERATURE (F)   36        58      2017
 MINIMUM TEMPERATURE (F)   15       -19      2015


SUNRISE AND SUNSET
FEBRUARY 24 2018......SUNRISE   634 AM EST   SUNSET   533 PM EST
FEBRUARY 25 2018......SUNRISE   633 AM EST   SUNSET   534 PM EST


-  INDICATES NEGATIVE NUMBERS.
R  INDICATES RECORD WAS SET OR TIED.
MM INDICATES DATA IS MISSING.
T  INDICATES TRACE AMOUNT.




$$
