000
CDUS41 KBTV 240540
CLIVSF


CLIMATE REPORT
NATIONAL WEATHER SERVICE BURLINGTON VT
136 AM EDT MON APR 24 2017


...................................

...THE SPRINGFIELD VT CLIMATE SUMMARY FOR APRIL 23 2017...

CLIMATE NORMAL PERIOD 1981 TO 2010
CLIMATE RECORD PERIOD 9999 TO 9999


WEATHER ITEM   OBSERVED TIME   NORMAL DEPARTURE LAST
                VALUE   (LST)  VALUE  FROM      YEAR
                                      NORMAL
......................................................
TEMPERATURE (F)
 YESTERDAY
  MAXIMUM         69    415 PM  60      9       60
  MINIMUM         33    603 AM  36     -3       38
  AVERAGE         51            48      3       49

PRECIPITATION (IN)
  YESTERDAY        0.00          0.10  -0.10      T
  MONTH TO DATE    3.39          2.90   0.49     1.17
  SINCE MAR 1      6.28          6.20   0.08     2.85
  SINCE JAN 1      9.83         11.81  -1.98     8.07

DEGREE DAYS
 HEATING
  YESTERDAY       14            17     -3       16
  MONTH TO DATE  416           513    -97      536
  SINCE MAR 1   1539          1548     -9     1349
  SINCE JUL 1   6416          6993   -577     6005

 COOLING
  YESTERDAY        0             0      0        0
  MONTH TO DATE    0             0      0        0
  SINCE MAR 1      0             0      0        0
  SINCE JAN 1      0             0      0        0
......................................................


WIND (MPH)
  HIGHEST WIND SPEED    10   HIGHEST WIND DIRECTION     W (280)
  HIGHEST GUST SPEED    14   HIGHEST GUST DIRECTION     W (260)
  AVERAGE WIND SPEED     2.3


SKY COVER
  AVERAGE SKY COVER 0.3


WEATHER CONDITIONS
 THE FOLLOWING WEATHER WAS RECORDED YESTERDAY.
  FOG
  FOG W/VISIBILITY <= 1/4 MILE


RELATIVE HUMIDITY (PERCENT)
 HIGHEST   100           200 AM
 LOWEST     20           200 PM
 AVERAGE    60

..........................................................


THE SPRINGFIELD VT CLIMATE NORMALS FOR TODAY
                         NORMAL    RECORD    YEAR
 MAXIMUM TEMPERATURE (F)   60        84      2001
 MINIMUM TEMPERATURE (F)   36        27      2003


SUNRISE AND SUNSET
APRIL 24 2017.........SUNRISE   553 AM EDT   SUNSET   744 PM EDT
APRIL 25 2017.........SUNRISE   552 AM EDT   SUNSET   745 PM EDT


-  INDICATES NEGATIVE NUMBERS.
R  INDICATES RECORD WAS SET OR TIED.
MM INDICATES DATA IS MISSING.
T  INDICATES TRACE AMOUNT.




$$
