000
CDUS41 KBTV 230533
CLIVSF


CLIMATE REPORT
NATIONAL WEATHER SERVICE BURLINGTON VT
131 AM EDT SAT AUG 23 2014


...................................

...THE SPRINGFIELD VT CLIMATE SUMMARY FOR AUGUST 22 2014...

CLIMATE NORMAL PERIOD 1981 TO 2010
CLIMATE RECORD PERIOD 9999 TO 9999


WEATHER ITEM   OBSERVED TIME   NORMAL DEPARTURE LAST
                VALUE   (LST)  VALUE  FROM      YEAR
                                      NORMAL
......................................................
TEMPERATURE (F)
 YESTERDAY
  MAXIMUM         64    510 PM  79    -15       87
  MINIMUM         57    552 AM  55      2       56
  AVERAGE         61            67     -6       72

PRECIPITATION (IN)
  YESTERDAY        0.71          0.13   0.58     0.04
  MONTH TO DATE    3.38          2.75   0.63     1.52
  SINCE JUN 1     13.94         11.07   2.87    13.02
  SINCE JAN 1     27.47         27.34   0.13    24.73

DEGREE DAYS
 HEATING
  YESTERDAY        4             1      3        0
  MONTH TO DATE   36            22     14       32
  SINCE JUN 1    101           135    -34      139
  SINCE JUL 1     43            39      4       38

 COOLING
  YESTERDAY        0             3     -3        7
  MONTH TO DATE   37            82    -45       47
  SINCE JUN 1    209           285    -76      389
  SINCE JAN 1    214           297    -83      413
......................................................


WIND (MPH)
  HIGHEST WIND SPEED     3   HIGHEST WIND DIRECTION    NE (40)
  HIGHEST GUST SPEED     6   HIGHEST GUST DIRECTION    SE (150)
  AVERAGE WIND SPEED     0.0


SKY COVER
  AVERAGE SKY COVER 1.0


WEATHER CONDITIONS
 THE FOLLOWING WEATHER WAS RECORDED YESTERDAY.
  HEAVY RAIN
  RAIN
  LIGHT RAIN
  FOG


RELATIVE HUMIDITY (PERCENT)
 HIGHEST   100           100 AM
 LOWEST     84          1200 PM
 AVERAGE    92

..........................................................


THE SPRINGFIELD VT CLIMATE NORMALS FOR TODAY
                         NORMAL    RECORD    YEAR
 MAXIMUM TEMPERATURE (F)   79        MM        MM
 MINIMUM TEMPERATURE (F)   55        MM        MM


SUNRISE AND SUNSET
AUGUST 23 2014........SUNRISE   604 AM EDT   SUNSET   740 PM EDT
AUGUST 24 2014........SUNRISE   605 AM EDT   SUNSET   739 PM EDT


-  INDICATES NEGATIVE NUMBERS.
R  INDICATES RECORD WAS SET OR TIED.
MM INDICATES DATA IS MISSING.
T  INDICATES TRACE AMOUNT.




$$
