000
CDUS41 KBTV 230539
CLIVSF


CLIMATE REPORT
NATIONAL WEATHER SERVICE BURLINGTON VT
137 AM EDT TUE AUG 23 2016


...................................

...THE SPRINGFIELD VT CLIMATE SUMMARY FOR AUGUST 22 2016...

CLIMATE NORMAL PERIOD 1981 TO 2010
CLIMATE RECORD PERIOD 9999 TO 9999


WEATHER ITEM   OBSERVED TIME   NORMAL DEPARTURE LAST
                VALUE   (LST)  VALUE  FROM      YEAR
                                      NORMAL
......................................................
TEMPERATURE (F)
 YESTERDAY
  MAXIMUM         70    412 PM  79     -9       82
  MINIMUM         49   1151 PM  55     -6       55
  AVERAGE         60            67     -7       69

PRECIPITATION (IN)
  YESTERDAY        0.07          0.13  -0.06     0.00
  MONTH TO DATE    2.48          2.75  -0.27     2.83
  SINCE JUN 1      8.34         11.07  -2.73     9.31
  SINCE JAN 1     18.76         27.34  -8.58    17.81

DEGREE DAYS
 HEATING
  YESTERDAY        5             1      4        0
  MONTH TO DATE    5            22    -17        5
  SINCE JUN 1     91           135    -44      128
  SINCE JUL 1     19            39    -20       21

 COOLING
  YESTERDAY        0             3     -3        4
  MONTH TO DATE  139            82     57      121
  SINCE JUN 1    362           285     77      306
  SINCE JAN 1    403           297    106      355
......................................................


WIND (MPH)
  HIGHEST WIND SPEED    18   HIGHEST WIND DIRECTION     W (270)
  HIGHEST GUST SPEED    29   HIGHEST GUST DIRECTION     W (290)
  AVERAGE WIND SPEED     6.1


SKY COVER
  AVERAGE SKY COVER 0.3


WEATHER CONDITIONS
 THE FOLLOWING WEATHER WAS RECORDED YESTERDAY.
  HEAVY RAIN
  FOG
  FOG W/VISIBILITY <= 1/4 MILE


RELATIVE HUMIDITY (PERCENT)
 HIGHEST    97           400 AM
 LOWEST     40           200 PM
 AVERAGE    69

..........................................................


THE SPRINGFIELD VT CLIMATE NORMALS FOR TODAY
                         NORMAL    RECORD    YEAR
 MAXIMUM TEMPERATURE (F)   79        87      2012
 MINIMUM TEMPERATURE (F)   55        47      2004


SUNRISE AND SUNSET
AUGUST 23 2016........SUNRISE   605 AM EDT   SUNSET   740 PM EDT
AUGUST 24 2016........SUNRISE   606 AM EDT   SUNSET   738 PM EDT


-  INDICATES NEGATIVE NUMBERS.
R  INDICATES RECORD WAS SET OR TIED.
MM INDICATES DATA IS MISSING.
T  INDICATES TRACE AMOUNT.




$$
