000
CDUS41 KBTV 270551
CLIVSF


CLIMATE REPORT
NATIONAL WEATHER SERVICE BURLINGTON VT
150 AM EDT FRI MAR 27 2015


...................................

...THE SPRINGFIELD VT CLIMATE SUMMARY FOR MARCH 26 2015...

CLIMATE NORMAL PERIOD 1981 TO 2010
CLIMATE RECORD PERIOD 9999 TO 9999


WEATHER ITEM   OBSERVED TIME   NORMAL DEPARTURE LAST
                VALUE   (LST)  VALUE  FROM      YEAR
                                      NORMAL
......................................................
TEMPERATURE (F)
 YESTERDAY
  MAXIMUM         44   1114 AM  46     -2       30
  MINIMUM         33   1134 PM  24      9       17
  AVERAGE         39            35      4       24

PRECIPITATION (IN)
  YESTERDAY        0.51          0.14   0.37     0.00
  MONTH TO DATE    0.85          2.62  -1.77     0.72
  SINCE MAR 1      0.85          2.62  -1.77     0.72
  SINCE JAN 1      5.00          8.23  -3.23     4.41

DEGREE DAYS
 HEATING
  YESTERDAY       26            30     -4       41
  MONTH TO DATE 1035           892    143     1124
  SINCE MAR 1   1035           892    143     1124
  SINCE JUL 1   6587          6337    250     6835

 COOLING
  YESTERDAY        0             0      0        0
  MONTH TO DATE    0             0      0        0
  SINCE MAR 1      0             0      0        0
  SINCE JAN 1      0             0      0        0
......................................................


WIND (MPH)
  HIGHEST WIND SPEED     6   HIGHEST WIND DIRECTION     E (100)
  HIGHEST GUST SPEED     8   HIGHEST GUST DIRECTION    SW (210)
  AVERAGE WIND SPEED     0.4


SKY COVER
  AVERAGE SKY COVER 0.9


WEATHER CONDITIONS
 THE FOLLOWING WEATHER WAS RECORDED YESTERDAY.
  HEAVY RAIN
  RAIN
  LIGHT RAIN
  FOG
  FOG W/VISIBILITY <= 1/4 MILE


RELATIVE HUMIDITY (PERCENT)
 HIGHEST   100           300 AM
 LOWEST     82          1100 AM
 AVERAGE    91

..........................................................


THE SPRINGFIELD VT CLIMATE NORMALS FOR TODAY
                         NORMAL    RECORD    YEAR
 MAXIMUM TEMPERATURE (F)   46        71      1998
 MINIMUM TEMPERATURE (F)   25        12      2014


SUNRISE AND SUNSET
MARCH 27 2015.........SUNRISE   641 AM EDT   SUNSET   710 PM EDT
MARCH 28 2015.........SUNRISE   640 AM EDT   SUNSET   712 PM EDT


-  INDICATES NEGATIVE NUMBERS.
R  INDICATES RECORD WAS SET OR TIED.
MM INDICATES DATA IS MISSING.
T  INDICATES TRACE AMOUNT.




$$
