000
CDUS43 KLBF 121041
CLIVTN


CLIMATE REPORT
NATIONAL WEATHER SERVICE NORTH PLATTE
440 AM CST TUE DEC 12 2017


...................................

...THE VALENTINE NE CLIMATE SUMMARY FOR DECEMBER 11 2017...

CLIMATE NORMAL PERIOD 1981 TO 2010
CLIMATE RECORD PERIOD 1885 TO 2017


WEATHER ITEM   OBSERVED TIME   RECORD YEAR NORMAL DEPARTURE LAST
                VALUE   (LST)  VALUE       VALUE  FROM      YEAR
                                                  NORMAL
..................................................................
TEMPERATURE (F)
 YESTERDAY
  MAXIMUM         48    636 AM  76    1939  37     11       20
  MINIMUM         35   1246 AM -20    1932  11     24       -6
  AVERAGE         42                        24     18        7

PRECIPITATION (IN)
  YESTERDAY        0.00          0.16 2010   0.01  -0.01      T
  MONTH TO DATE    0.08                      0.14  -0.06     0.19
  SINCE DEC 1      0.08                      0.14  -0.06     0.19
  SINCE JAN 1     17.74                     19.79  -2.05    25.83

SNOWFALL (IN)
  YESTERDAY        0.0           3.3  1958   0.2   -0.2     MM
  MONTH TO DATE    1.2                       1.8   -0.6      1.5
  SINCE DEC 1      1.2                       1.8   -0.6      1.5
  SINCE JUL 1      2.5                       9.4   -6.9      7.8
  SNOW DEPTH       0

DEGREE DAYS
 HEATING
  YESTERDAY       23                        41    -18       58
  MONTH TO DATE  338                       437    -99      494
  SINCE DEC 1    338                       437    -99      494
  SINCE JUL 1   1637                      2055   -418     1600

 COOLING
  YESTERDAY        0                         0      0        0
  MONTH TO DATE    0                         0      0        0
  SINCE DEC 1      0                         0      0        0
  SINCE JAN 1   1060                       821    239      880
..................................................................


WIND (MPH)
  HIGHEST WIND SPEED    33   HIGHEST WIND DIRECTION    NW (330)
  HIGHEST GUST SPEED    45   HIGHEST GUST DIRECTION    NW (320)
  AVERAGE WIND SPEED    17.3


SKY COVER
  POSSIBLE SUNSHINE  MM
  AVERAGE SKY COVER 0.6


WEATHER CONDITIONS
 THE FOLLOWING WEATHER WAS RECORDED YESTERDAY.
  LIGHT RAIN


RELATIVE HUMIDITY (PERCENT)
 HIGHEST    70           900 PM
 LOWEST     28           700 AM
 AVERAGE    49

..........................................................


THE VALENTINE NE CLIMATE NORMALS FOR TODAY
                         NORMAL    RECORD    YEAR
 MAXIMUM TEMPERATURE (F)   36        62      1921
 MINIMUM TEMPERATURE (F)   11       -22      1932
                                             1917


SUNRISE AND SUNSET
DECEMBER 12 2017......SUNRISE   804 AM CST   SUNSET   508 PM CST
DECEMBER 13 2017......SUNRISE   805 AM CST   SUNSET   508 PM CST


-  INDICATES NEGATIVE NUMBERS.
R  INDICATES RECORD WAS SET OR TIED.
MM INDICATES DATA IS MISSING.
T  INDICATES TRACE AMOUNT.




$$
