000
CDUS43 KLBF 260930
CLIVTN


CLIMATE REPORT
NATIONAL WEATHER SERVICE NORTH PLATTE
428 AM CDT TUE JUL 26 2016


...................................

...THE VALENTINE NE CLIMATE SUMMARY FOR JULY 25 2016...

CLIMATE NORMAL PERIOD 1981 TO 2010
CLIMATE RECORD PERIOD 1885 TO 2016


WEATHER ITEM   OBSERVED TIME   RECORD YEAR NORMAL DEPARTURE LAST
                VALUE   (LST)  VALUE       VALUE  FROM      YEAR
                                                  NORMAL
..................................................................
TEMPERATURE (F)
 YESTERDAY
  MAXIMUM         92    316 PM 111    2003  89      3       96
  MINIMUM         56    438 AM  40    1911  61     -5       65
  AVERAGE         74                        75     -1       81

PRECIPITATION (IN)
  YESTERDAY        0.00          3.17 1984   0.10  -0.10     0.00
  MONTH TO DATE    1.55                      2.63  -1.08     3.25
  SINCE JUN 1      5.71                      6.19  -0.48     6.67
  SINCE JAN 1     19.03                     13.35   5.68    16.06

SNOWFALL (IN)
  YESTERDAY        0.0           0.0    MM   0.0    0.0      0.0
  MONTH TO DATE    0.0                       0.0    0.0      0.0
  SINCE JUN 1      0.0                       0.0    0.0      0.0
  SINCE JUL 1      0.0                       0.0    0.0      0.0
  SNOW DEPTH       0

DEGREE DAYS
 HEATING
  YESTERDAY        0                         0      0        0
  MONTH TO DATE    5                         2      3        2
  SINCE JUN 1     16                        63    -47       10
  SINCE JUL 1      5                         2      3        2

 COOLING
  YESTERDAY        9                        11     -2       16
  MONTH TO DATE  247                       241      6      220
  SINCE JUN 1    484                       378    106      360
  SINCE JAN 1    502                       412     90      366
..................................................................


WIND (MPH)
  HIGHEST WIND SPEED    24   HIGHEST WIND DIRECTION     S (180)
  HIGHEST GUST SPEED    29   HIGHEST GUST DIRECTION     S (170)
  AVERAGE WIND SPEED    11.5


SKY COVER
  POSSIBLE SUNSHINE  MM
  AVERAGE SKY COVER 0.0


WEATHER CONDITIONS
 THE FOLLOWING WEATHER WAS RECORDED YESTERDAY.
  NO SIGNIFICANT WEATHER WAS OBSERVED.


RELATIVE HUMIDITY (PERCENT)
 HIGHEST    93           500 AM
 LOWEST     23           200 PM
 AVERAGE    58

..........................................................


THE VALENTINE NE CLIMATE NORMALS FOR TODAY
                         NORMAL    RECORD    YEAR
 MAXIMUM TEMPERATURE (F)   89       107      1919
 MINIMUM TEMPERATURE (F)   61        46      2005
                                             1971


SUNRISE AND SUNSET
JULY 26 2016..........SUNRISE   628 AM CDT   SUNSET   909 PM CDT
JULY 27 2016..........SUNRISE   629 AM CDT   SUNSET   908 PM CDT


-  INDICATES NEGATIVE NUMBERS.
R  INDICATES RECORD WAS SET OR TIED.
MM INDICATES DATA IS MISSING.
T  INDICATES TRACE AMOUNT.




$$
