000
CDUS43 KLBF 222332
CLIVTN

CLIMATE REPORT
NATIONAL WEATHER SERVICE NORTH PLATTE
530 PM CST MON DEC 22 2014


...................................

...THE VALENTINE NE CLIMATE SUMMARY FOR DECEMBER 22 2014...
VALID TODAY AS OF 0500 PM LOCAL TIME.

CLIMATE NORMAL PERIOD 1981 TO 2010
CLIMATE RECORD PERIOD 1885 TO 2014


WEATHER ITEM   OBSERVED TIME   RECORD YEAR NORMAL DEPARTURE LAST
                VALUE   (LST)  VALUE       VALUE  FROM      YEAR
                                                  NORMAL
..................................................................
TEMPERATURE (F)
 TODAY
  MAXIMUM         40   1240 PM  70    1933  36      4       17
  MINIMUM         32    526 PM -39    1989  10     22        0
  AVERAGE         36                        23     13        9

PRECIPITATION (IN)
  TODAY            T             0.17 1952   0.01  -0.01      T
  MONTH TO DATE    0.51                      0.27   0.24     0.69
  SINCE DEC 1      0.51                      0.27   0.24     0.69
  SINCE JAN 1     21.40                     19.92   1.48    23.61

SNOWFALL (IN)
  TODAY            T             2.3  1944   0.2   -0.2       T
  MONTH TO DATE    3.5                       3.6   -0.1     12.0
  SINCE DEC 1      3.5                       3.6   -0.1     12.0
  SINCE JUL 1      9.9                      11.2   -1.3     18.8
  SNOW DEPTH       T

DEGREE DAYS
 HEATING
  TODAY           29                        42    -13       56
  MONTH TO DATE  730                       897   -167     1071
  SINCE DEC 1    730                       897   -167     1071
  SINCE JUL 1   2334                      2515   -181     2630

 COOLING
  TODAY            0                         0      0        0
  MONTH TO DATE    0                         0      0        0
  SINCE DEC 1      0                         0      0        0
  SINCE JAN 1    724                       821    -97      964
..................................................................


WIND (MPH)
  HIGHEST WIND SPEED    28   HIGHEST WIND DIRECTION    NW (320)
  HIGHEST GUST SPEED    39   HIGHEST GUST DIRECTION    NW (320)
  AVERAGE WIND SPEED    15.1


SKY COVER
  POSSIBLE SUNSHINE  MM
  AVERAGE SKY COVER 0.8


WEATHER CONDITIONS
 THE FOLLOWING WEATHER WAS RECORDED TODAY.
  LIGHT RAIN
  LIGHT SNOW
  FOG


RELATIVE HUMIDITY (PERCENT)
 HIGHEST    96           400 PM
 LOWEST     64          1100 AM
 AVERAGE    80

..........................................................


THE VALENTINE NE CLIMATE NORMALS FOR TOMORROW
                         NORMAL    RECORD    YEAR
 MAXIMUM TEMPERATURE (F)   36        68      1964
 MINIMUM TEMPERATURE (F)   10       -34      1983


SUNRISE AND SUNSET
DECEMBER 22 2014......SUNRISE   810 AM CST   SUNSET   511 PM CST
DECEMBER 23 2014......SUNRISE   811 AM CST   SUNSET   512 PM CST


-  INDICATES NEGATIVE NUMBERS.
R  INDICATES RECORD WAS SET OR TIED.
MM INDICATES DATA IS MISSING.
T  INDICATES TRACE AMOUNT.

$$
