000
CDUS43 KLBF 230945
CLIVTN

CLIMATE REPORT
NATIONAL WEATHER SERVICE NORTH PLATTE
445 AM CDT WED APR 23 2014

...................................

...THE VALENTINE NE CLIMATE SUMMARY FOR APRIL 22 2014...

CLIMATE NORMAL PERIOD 1981 TO 2010
CLIMATE RECORD PERIOD 1885 TO 2014


WEATHER ITEM   OBSERVED TIME   RECORD YEAR NORMAL DEPARTURE LAST
                VALUE   (LST)  VALUE       VALUE  FROM      YEAR
                                                  NORMAL
..................................................................
TEMPERATURE (F)
 YESTERDAY
  MAXIMUM         78    436 PM  96    1989  63     15       38
  MINIMUM         42    529 AM  18    2013  35      7       18
  AVERAGE         60                        49     11       28

PRECIPITATION (IN)
  YESTERDAY        0.00          1.60 2001   0.08  -0.08     0.40
  MONTH TO DATE    0.51                      1.50  -0.99     1.81
  SINCE MAR 1      1.00                      2.57  -1.57     3.38
  SINCE JAN 1      1.66                      3.31  -1.65     4.61

SNOWFALL (IN)
  YESTERDAY        0.0           7.9  1970   0.1   -0.1      4.3
  MONTH TO DATE    3.3                       3.8   -0.5     14.2
  SINCE MAR 1      8.3                      10.3   -2.0     24.4
  SINCE JUL 1     34.8                      32.4    2.4     52.0
  SNOW DEPTH       0

DEGREE DAYS
 HEATING
  YESTERDAY        5                        16    -11       37
  MONTH TO DATE  417                       439    -22      616
  SINCE MAR 1   1386                      1332     54     1568
  SINCE JUL 1   6864                      6568    296     6521

 COOLING
  YESTERDAY        0                         0      0        0
  MONTH TO DATE    0                         0      0        0
  SINCE MAR 1      0                         0      0        0
  SINCE JAN 1      0                         0      0        0
..................................................................


WIND (MPH)
  HIGHEST WIND SPEED    33   HIGHEST WIND DIRECTION     S (180)
  HIGHEST GUST SPEED    41   HIGHEST GUST DIRECTION     S (180)
  AVERAGE WIND SPEED    17.5


SKY COVER
  POSSIBLE SUNSHINE  MM
  AVERAGE SKY COVER 0.1


WEATHER CONDITIONS
 THE FOLLOWING WEATHER WAS RECORDED YESTERDAY.
  NO SIGNIFICANT WEATHER WAS OBSERVED.


RELATIVE HUMIDITY (PERCENT)
 HIGHEST    57           400 AM
 LOWEST     20          1200 PM
 AVERAGE    39

..........................................................


THE VALENTINE NE CLIMATE NORMALS FOR TODAY
                         NORMAL    RECORD    YEAR
 MAXIMUM TEMPERATURE (F)   63        91      1906
 MINIMUM TEMPERATURE (F)   36        12      2013


SUNRISE AND SUNSET
APRIL 23 2014.........SUNRISE   648 AM CDT   SUNSET   834 PM CDT
APRIL 24 2014.........SUNRISE   646 AM CDT   SUNSET   835 PM CDT


-  INDICATES NEGATIVE NUMBERS.
R  INDICATES RECORD WAS SET OR TIED.
MM INDICATES DATA IS MISSING.
T  INDICATES TRACE AMOUNT.

$$
