000
CDUS43 KLBF 231131
CLIVTN


CLIMATE REPORT
NATIONAL WEATHER SERVICE NORTH PLATTE
530 AM CST FRI FEB 23 2018


...................................

...THE VALENTINE NE CLIMATE SUMMARY FOR FEBRUARY 22 2018...

CLIMATE NORMAL PERIOD 1981 TO 2010
CLIMATE RECORD PERIOD 1885 TO 2018


WEATHER ITEM   OBSERVED TIME   RECORD YEAR NORMAL DEPARTURE LAST
                VALUE   (LST)  VALUE       VALUE  FROM      YEAR
                                                  NORMAL
..................................................................
TEMPERATURE (F)
 YESTERDAY
  MAXIMUM         26    240 PM  78    1982  42    -16       60
  MINIMUM         10   1030 PM -16    1993  16     -6       33
  AVERAGE         18                        29    -11       47

PRECIPITATION (IN)
  YESTERDAY        0.09          0.60 1890   0.02   0.07     0.00
  MONTH TO DATE    0.63                      0.34   0.29     0.52
  SINCE DEC 1      1.51                      0.97   0.54     2.37
  SINCE JAN 1      1.17                      0.60   0.57     1.43

SNOWFALL (IN)
  YESTERDAY        0.8           6.0  1999   0.2    0.6      0.0
                                      1890
  MONTH TO DATE    7.3                       4.2    3.1      6.4
  SINCE DEC 1     17.4                      13.1    4.3     23.3
  SINCE JUL 1     18.7                      20.7   -2.0     29.6
  SNOW DEPTH       3

DEGREE DAYS
 HEATING
  YESTERDAY       47                        36     11       18
  MONTH TO DATE 1061                       847    214      668
  SINCE DEC 1   3558                      3407    151     3386
  SINCE JUL 1   4857                      5025   -168     4492

 COOLING
  YESTERDAY        0                         0      0        0
  MONTH TO DATE    0                         0      0        0
  SINCE DEC 1      0                         0      0        0
  SINCE JAN 1      0                         0      0        0
..................................................................


WIND (MPH)
  HIGHEST WIND SPEED    17   HIGHEST WIND DIRECTION     S (180)
  HIGHEST GUST SPEED    22   HIGHEST GUST DIRECTION     S (170)
  AVERAGE WIND SPEED     6.9


SKY COVER
  POSSIBLE SUNSHINE  MM
  AVERAGE SKY COVER 0.6


WEATHER CONDITIONS
 THE FOLLOWING WEATHER WAS RECORDED YESTERDAY.
  SNOW
  LIGHT SNOW
  FOG
  HAZE


RELATIVE HUMIDITY (PERCENT)
 HIGHEST    92          1000 PM
 LOWEST     67           100 AM
 AVERAGE    80

..........................................................


THE VALENTINE NE CLIMATE NORMALS FOR TODAY
                         NORMAL    RECORD    YEAR
 MAXIMUM TEMPERATURE (F)   42        69      2002
 MINIMUM TEMPERATURE (F)   16       -20      1993


SUNRISE AND SUNSET
FEBRUARY 23 2018......SUNRISE   727 AM CST   SUNSET   624 PM CST
FEBRUARY 24 2018......SUNRISE   726 AM CST   SUNSET   625 PM CST


-  INDICATES NEGATIVE NUMBERS.
R  INDICATES RECORD WAS SET OR TIED.
MM INDICATES DATA IS MISSING.
T  INDICATES TRACE AMOUNT.




$$
