000
CDUS43 KLBF 270804
CLIVTN


CLIMATE REPORT
NATIONAL WEATHER SERVICE NORTH PLATTE
302 AM CDT THU APR 27 2017


...................................

...THE VALENTINE NE CLIMATE SUMMARY FOR APRIL 26 2017...

CLIMATE NORMAL PERIOD 1981 TO 2010
CLIMATE RECORD PERIOD 1885 TO 2017


WEATHER ITEM   OBSERVED TIME   RECORD YEAR NORMAL DEPARTURE LAST
                VALUE   (LST)  VALUE       VALUE  FROM      YEAR
                                                  NORMAL
..................................................................
TEMPERATURE (F)
 YESTERDAY
  MAXIMUM         44    601 PM  90    1981  65    -21       44
                                      1901
  MINIMUM         27   1118 PM  21    1992  37    -10       36
                                      1950
  AVERAGE         36                        51    -15       40

PRECIPITATION (IN)
  YESTERDAY        T             1.87 1938   0.09  -0.09     0.17
  MONTH TO DATE    1.33                      1.85  -0.52     1.92
  SINCE MAR 1      2.09                      2.92  -0.83     2.85
  SINCE JAN 1      4.16                      3.66   0.50     3.53

SNOWFALL (IN)
  YESTERDAY        T             7.0  1971   0.1   -0.1      0.0
  MONTH TO DATE    0.7                       4.3   -3.6       T
  SINCE MAR 1      2.7                      10.8   -8.1      5.5
  SINCE JUL 1     44.5                      32.9   11.6     36.7
  SNOW DEPTH       0

DEGREE DAYS
 HEATING
  YESTERDAY       29                        15     14       25
  MONTH TO DATE  376                       500   -124      400
  SINCE MAR 1   1137                      1393   -256     1112
  SINCE JUL 1   5896                      6629   -733     5798

 COOLING
  YESTERDAY        0                         0      0        0
  MONTH TO DATE    2                         0      2        3
  SINCE MAR 1      2                         0      2        3
  SINCE JAN 1      2                         0      2        3
..................................................................


WIND (MPH)
  HIGHEST WIND SPEED    26   HIGHEST WIND DIRECTION    NW (320)
  HIGHEST GUST SPEED    32   HIGHEST GUST DIRECTION    NW (320)
  AVERAGE WIND SPEED    13.7


SKY COVER
  POSSIBLE SUNSHINE  MM
  AVERAGE SKY COVER 0.8


WEATHER CONDITIONS
 THE FOLLOWING WEATHER WAS RECORDED YESTERDAY.
  LIGHT SNOW


RELATIVE HUMIDITY (PERCENT)
 HIGHEST    78          1200 AM
 LOWEST     49           600 PM
 AVERAGE    64

..........................................................


THE VALENTINE NE CLIMATE NORMALS FOR TODAY
                         NORMAL    RECORD    YEAR
 MAXIMUM TEMPERATURE (F)   65        89      1952
 MINIMUM TEMPERATURE (F)   37        21      1950


SUNRISE AND SUNSET
APRIL 27 2017.........SUNRISE   642 AM CDT   SUNSET   839 PM CDT
APRIL 28 2017.........SUNRISE   640 AM CDT   SUNSET   840 PM CDT


-  INDICATES NEGATIVE NUMBERS.
R  INDICATES RECORD WAS SET OR TIED.
MM INDICATES DATA IS MISSING.
T  INDICATES TRACE AMOUNT.




$$
