000
CDUS43 KLBF 250832
CLIVTN


CLIMATE REPORT
NATIONAL WEATHER SERVICE NORTH PLATTE
331 AM CDT SUN JUN 25 2017


...................................

...THE VALENTINE NE CLIMATE SUMMARY FOR JUNE 24 2017...

CLIMATE NORMAL PERIOD 1981 TO 2010
CLIMATE RECORD PERIOD 1885 TO 2017


WEATHER ITEM   OBSERVED TIME   RECORD YEAR NORMAL DEPARTURE LAST
                VALUE   (LST)  VALUE       VALUE  FROM      YEAR
                                                  NORMAL
..................................................................
TEMPERATURE (F)
 YESTERDAY
  MAXIMUM         79    416 PM 110    1988  84     -5       99
  MINIMUM         39R   445 AM  41    1993  57    -18       63
  AVERAGE         59                        70    -11       81

PRECIPITATION (IN)
  YESTERDAY        0.00          2.04 1968   0.12  -0.12     0.00
  MONTH TO DATE    0.24                      2.90  -2.66     3.56
  SINCE JUN 1      0.24                      2.90  -2.66     3.56
  SINCE JAN 1      9.84                     10.06  -0.22    16.88

SNOWFALL (IN)
  YESTERDAY        0.0           0.0    MM   0.0    0.0      0.0
  MONTH TO DATE    0.0                       0.0    0.0      0.0
  SINCE JUN 1      0.0                       0.0    0.0      0.0
  SINCE JUL 1     44.5                      33.3   11.2     38.2
  SNOW DEPTH       0

DEGREE DAYS
 HEATING
  YESTERDAY        6                         1      5        0
  MONTH TO DATE   13                        55    -42       11
  SINCE JUN 1     13                        55    -42       11
  SINCE JUL 1   6247                      6997   -750     6161

 COOLING
  YESTERDAY        0                         6     -6       16
  MONTH TO DATE  169                        92     77      196
  SINCE JUN 1    169                        92     77      196
  SINCE JAN 1    192                       126     66      214
..................................................................


WIND (MPH)
  HIGHEST WIND SPEED    25   HIGHEST WIND DIRECTION    NW (300)
  HIGHEST GUST SPEED    34   HIGHEST GUST DIRECTION    NW (310)
  AVERAGE WIND SPEED    11.1


SKY COVER
  POSSIBLE SUNSHINE  MM
  AVERAGE SKY COVER 0.2


WEATHER CONDITIONS
 THE FOLLOWING WEATHER WAS RECORDED YESTERDAY.
  NO SIGNIFICANT WEATHER WAS OBSERVED.


RELATIVE HUMIDITY (PERCENT)
 HIGHEST    70           600 AM
 LOWEST     15           200 PM
 AVERAGE    43

..........................................................


THE VALENTINE NE CLIMATE NORMALS FOR TODAY
                         NORMAL    RECORD    YEAR
 MAXIMUM TEMPERATURE (F)   85       104      1936
 MINIMUM TEMPERATURE (F)   57        36      1958


SUNRISE AND SUNSET
JUNE 25 2017..........SUNRISE   605 AM CDT   SUNSET   925 PM CDT
JUNE 26 2017..........SUNRISE   605 AM CDT   SUNSET   925 PM CDT


-  INDICATES NEGATIVE NUMBERS.
R  INDICATES RECORD WAS SET OR TIED.
MM INDICATES DATA IS MISSING.
T  INDICATES TRACE AMOUNT.




$$
