000
CDUS43 KLBF 220933
CLIVTN


CLIMATE REPORT
NATIONAL WEATHER SERVICE NORTH PLATTE
432 AM CDT SUN OCT 22 2017


...................................

...THE VALENTINE NE CLIMATE SUMMARY FOR OCTOBER 21 2017...

CLIMATE NORMAL PERIOD 1981 TO 2010
CLIMATE RECORD PERIOD 1885 TO 2017


WEATHER ITEM   OBSERVED TIME   RECORD YEAR NORMAL DEPARTURE LAST
                VALUE   (LST)  VALUE       VALUE  FROM      YEAR
                                                  NORMAL
..................................................................
TEMPERATURE (F)
 YESTERDAY
  MAXIMUM         65   1201 AM  90    1947  61      4       73
  MINIMUM         31   1149 PM  12    1987  32     -1       39
  AVERAGE         48                        46      2       56

PRECIPITATION (IN)
  YESTERDAY        0.05          0.44 1979   0.04   0.01     0.00
  MONTH TO DATE    1.30                      0.93   0.37     1.88
  SINCE SEP 1      3.92                      2.57   1.35     3.40
  SINCE JAN 1     17.10                     18.68  -1.58    25.33

SNOWFALL (IN)
  YESTERDAY        0.0           1.1  1981   0.0    0.0      0.0
  MONTH TO DATE    0.0                       0.7   -0.7      3.0
  SINCE SEP 1      0.0                       1.4   -1.4      3.0
  SINCE JUL 1      0.0                       1.4   -1.4      3.0
  SNOW DEPTH       0

DEGREE DAYS
 HEATING
  YESTERDAY       17                        19     -2        9
  MONTH TO DATE  235                       310    -75      205
  SINCE SEP 1    352                       470   -118      314
  SINCE JUL 1    359                       495   -136      342

 COOLING
  YESTERDAY        0                         0      0        0
  MONTH TO DATE    0                         1     -1       14
  SINCE SEP 1    126                        82     44       81
  SINCE JAN 1   1060                       818    242      878
..................................................................


WIND (MPH)
  HIGHEST WIND SPEED    30   HIGHEST WIND DIRECTION    NW (330)
  HIGHEST GUST SPEED    41   HIGHEST GUST DIRECTION    NW (330)
  AVERAGE WIND SPEED    12.1


SKY COVER
  POSSIBLE SUNSHINE  MM
  AVERAGE SKY COVER 0.2


WEATHER CONDITIONS
 THE FOLLOWING WEATHER WAS RECORDED YESTERDAY.
  LIGHT RAIN


RELATIVE HUMIDITY (PERCENT)
 HIGHEST    82          1100 PM
 LOWEST     28           500 PM
 AVERAGE    55

..........................................................


THE VALENTINE NE CLIMATE NORMALS FOR TODAY
                         NORMAL    RECORD    YEAR
 MAXIMUM TEMPERATURE (F)   61        87      2003
 MINIMUM TEMPERATURE (F)   32        10      1917


SUNRISE AND SUNSET
OCTOBER 22 2017.......SUNRISE   804 AM CDT   SUNSET   648 PM CDT
OCTOBER 23 2017.......SUNRISE   806 AM CDT   SUNSET   647 PM CDT


-  INDICATES NEGATIVE NUMBERS.
R  INDICATES RECORD WAS SET OR TIED.
MM INDICATES DATA IS MISSING.
T  INDICATES TRACE AMOUNT.




$$
