000
CDUS43 KLBF 051038
CLIVTN

CLIMATE REPORT
NATIONAL WEATHER SERVICE NORTH PLATTE
437 AM CST THU MAR 5 2015


...................................

...THE VALENTINE NE CLIMATE SUMMARY FOR MARCH 4 2015...

CLIMATE NORMAL PERIOD 1981 TO 2010
CLIMATE RECORD PERIOD 1885 TO 2015


WEATHER ITEM   OBSERVED TIME   RECORD YEAR NORMAL DEPARTURE LAST
                VALUE   (LST)  VALUE       VALUE  FROM      YEAR
                                                  NORMAL
..................................................................
TEMPERATURE (F)
 YESTERDAY
  MAXIMUM         20    300 PM  76    2009  45    -25       29
  MINIMUM         -1   1154 PM -27    1960  19    -20        8
  AVERAGE         10                        32    -22       19

PRECIPITATION (IN)
  YESTERDAY        0.00          2.24 1933   0.03  -0.03     0.00
  MONTH TO DATE    0.03                      0.10  -0.07     0.31
  SINCE MAR 1      0.03                      0.10  -0.07     0.31
  SINCE JAN 1      0.65                      0.84  -0.19     0.97

SNOWFALL (IN)
  YESTERDAY        0.0          15.7  1933   0.2   -0.2      0.0
  MONTH TO DATE    0.5                       0.9   -0.4      3.5
  SINCE MAR 1      0.5                       0.9   -0.4      3.5
  SINCE JUL 1     22.2                      23.0   -0.8     30.0
  SNOW DEPTH       T

DEGREE DAYS
 HEATING
  YESTERDAY       55                        33     22       46
  MONTH TO DATE  176                       133     43      235
  SINCE MAR 1    176                       133     43      235
  SINCE JUL 1   5302                      5369    -67     5713

 COOLING
  YESTERDAY        0                         0      0        0
  MONTH TO DATE    0                         0      0        0
  SINCE MAR 1      0                         0      0        0
  SINCE JAN 1      0                         0      0        0
..................................................................


WIND (MPH)
  HIGHEST WIND SPEED    23   HIGHEST WIND DIRECTION    NW (320)
  HIGHEST GUST SPEED    28   HIGHEST GUST DIRECTION    NW (320)
  AVERAGE WIND SPEED     9.5


SKY COVER
  POSSIBLE SUNSHINE  MM
  AVERAGE SKY COVER 0.1


WEATHER CONDITIONS
 THE FOLLOWING WEATHER WAS RECORDED YESTERDAY.
  FOG
  HAZE


RELATIVE HUMIDITY (PERCENT)
 HIGHEST    87           700 AM
 LOWEST     43           200 PM
 AVERAGE    65

..........................................................


THE VALENTINE NE CLIMATE NORMALS FOR TODAY
                         NORMAL    RECORD    YEAR
 MAXIMUM TEMPERATURE (F)   46        76      1937
 MINIMUM TEMPERATURE (F)   20       -18      1989


SUNRISE AND SUNSET
MARCH  5 2015.........SUNRISE   712 AM CST   SUNSET   636 PM CST
MARCH  6 2015.........SUNRISE   710 AM CST   SUNSET   638 PM CST


-  INDICATES NEGATIVE NUMBERS.
R  INDICATES RECORD WAS SET OR TIED.
MM INDICATES DATA IS MISSING.
T  INDICATES TRACE AMOUNT.

$$
