261
CDUS46 KPQR 281149
CLIVUO


CLIMATE REPORT
NATIONAL WEATHER SERVICE PORTLAND OREGON
448 AM PDT TUE MAR 28 2017


...................................

...THE VANCOUVER WA CLIMATE SUMMARY FOR MARCH 27 2017...

CLIMATE NORMAL PERIOD 1981 TO 2010
CLIMATE RECORD PERIOD 1891 TO 2017


WEATHER ITEM   OBSERVED TIME   RECORD YEAR NORMAL DEPARTURE LAST
                VALUE   (LST)  VALUE       VALUE  FROM      YEAR
                                                  NORMAL
..................................................................
TEMPERATURE (F)
 YESTERDAY
  MAXIMUM         55    315 PM  77    1994  59     -4       52
  MINIMUM         46    727 AM  25    1975  41      5       38
  AVERAGE         51                        50      1       45

PRECIPITATION (IN)
  YESTERDAY        0.04                      0.10  -0.06     0.06
  MONTH TO DATE    6.76                      3.16   3.60     5.19
  SINCE OCT 1     41.31                     28.44  12.87    39.95
  SINCE JAN 1     21.45                     12.69   8.76    16.10

DEGREE DAYS
 HEATING
  YESTERDAY       14                                        20
  MONTH TO DATE  465                                       435
  SINCE JUL 1   3765                                      3265

 COOLING
  YESTERDAY        0                                         0
  MONTH TO DATE    0                                         0
  SINCE JAN 1      0                                         0
..................................................................


WIND (MPH)
  HIGHEST WIND SPEED    14   HIGHEST WIND DIRECTION     W (250)
  HIGHEST GUST SPEED    19   HIGHEST GUST DIRECTION     W (260)
  AVERAGE WIND SPEED     6.7


SKY COVER
  POSSIBLE SUNSHINE  MM
  AVERAGE SKY COVER 0.7


WEATHER CONDITIONS
 THE FOLLOWING WEATHER WAS RECORDED YESTERDAY.
  LIGHT RAIN
  FOG


RELATIVE HUMIDITY (PERCENT)
 HIGHEST   100           200 AM
 LOWEST     59           300 PM
 AVERAGE    80

..........................................................




SUNRISE AND SUNSET
MARCH 28 2017.........SUNRISE   658 AM PDT   SUNSET   734 PM PDT
MARCH 29 2017.........SUNRISE   656 AM PDT   SUNSET   735 PM PDT


-  INDICATES NEGATIVE NUMBERS.
R  INDICATES RECORD WAS SET OR TIED.
MM INDICATES DATA IS MISSING.
T  INDICATES TRACE AMOUNT.




$$
