000
CDUS46 KPQR 181141
CLIVUO


CLIMATE REPORT
NATIONAL WEATHER SERVICE PORTLAND OREGON
440 AM PDT FRI APR 18 2014


...................................

...THE VANCOUVER WA CLIMATE SUMMARY FOR APRIL 17 2014...

CLIMATE NORMAL PERIOD 1981 TO 2010
CLIMATE RECORD PERIOD 1891 TO 2014


WEATHER ITEM   OBSERVED TIME   RECORD YEAR NORMAL DEPARTURE LAST
                VALUE   (LST)  VALUE       VALUE  FROM      YEAR
                                                  NORMAL
..................................................................
TEMPERATURE (F)
 YESTERDAY
  MAXIMUM         55    650 PM  85    1939  62     -7       59
  MINIMUM         43   1159 PM  30    1909  43      0       33
  AVERAGE         49                        52     -3       46

PRECIPITATION (IN)
  YESTERDAY        0.31                      0.11   0.20      T
  MONTH TO DATE    1.24                      1.75  -0.51     1.61
  SINCE OCT 1     20.12                     30.60 -10.48    27.01
  SINCE JAN 1     14.65                     14.85  -0.20     7.75

DEGREE DAYS
 HEATING
  YESTERDAY       16                                        19
  MONTH TO DATE  200                                       252
  SINCE JUL 1   4182                                      3815

 COOLING
  YESTERDAY        0                                         0
  MONTH TO DATE    0                                         0
  SINCE JAN 1      0                                         0
..................................................................


WIND (MPH)
  HIGHEST WIND SPEED    15   HIGHEST WIND DIRECTION     W (280)
  HIGHEST GUST SPEED    20   HIGHEST GUST DIRECTION     S (170)
  AVERAGE WIND SPEED     5.7


SKY COVER
  POSSIBLE SUNSHINE  MM
  AVERAGE SKY COVER 0.9


WEATHER CONDITIONS
 THE FOLLOWING WEATHER WAS RECORDED YESTERDAY.
  LIGHT RAIN
  FOG


RELATIVE HUMIDITY (PERCENT)
 HIGHEST    96           900 AM
 LOWEST     71           800 PM
 AVERAGE    84

..........................................................




SUNRISE AND SUNSET
APRIL 18 2014.........SUNRISE   620 AM PDT   SUNSET   801 PM PDT
APRIL 19 2014.........SUNRISE   618 AM PDT   SUNSET   802 PM PDT


-  INDICATES NEGATIVE NUMBERS.
R  INDICATES RECORD WAS SET OR TIED.
MM INDICATES DATA IS MISSING.
T  INDICATES TRACE AMOUNT.




$$
