000
CDUS46 KPQR 270221
CLIVUO


CLIMATE REPORT
NATIONAL WEATHER SERVICE PORTLAND OREGON
720 PM PDT TUE MAY 26 2015


...................................

...THE VANCOUVER WA CLIMATE SUMMARY FOR MAY 26 2015...
VALID TODAY AS OF 0700 PM LOCAL TIME.

CLIMATE NORMAL PERIOD 1981 TO 2010
CLIMATE RECORD PERIOD 1891 TO 2015


WEATHER ITEM   OBSERVED TIME   RECORD YEAR NORMAL DEPARTURE LAST
                VALUE   (LST)  VALUE       VALUE  FROM      YEAR
                                                  NORMAL
..................................................................
TEMPERATURE (F)
 TODAY
  MAXIMUM         71    505 PM  91    1947  70      1       70
  MINIMUM         54    633 AM  33    1973  51      3       54
  AVERAGE         63                        60      3       62

PRECIPITATION (IN)
  TODAY            0.00                      0.07  -0.07     0.02
  MONTH TO DATE    0.68                      2.15  -1.47     2.35
  SINCE OCT 1     29.56                     34.01  -4.45    24.37
  SINCE JAN 1     14.67                     18.26  -3.59    18.90

DEGREE DAYS
 HEATING
  TODAY            2                                         3
  MONTH TO DATE  157                                       134
  SINCE MAR 1    995                                      1017
  SINCE JUL 1   3647                                      4480

 COOLING
  TODAY            0                                         0
  MONTH TO DATE    1                                        15
  SINCE MAR 1      1                                        15
  SINCE JAN 1      1                                        15
..................................................................


WIND (MPH)
  HIGHEST WIND SPEED    12   HIGHEST WIND DIRECTION     N (20)
  HIGHEST GUST SPEED    18   HIGHEST GUST DIRECTION    NW (310)
  AVERAGE WIND SPEED     4.5


SKY COVER
  POSSIBLE SUNSHINE  MM
  AVERAGE SKY COVER 0.8


WEATHER CONDITIONS
 THE FOLLOWING WEATHER WAS RECORDED TODAY.
  NO SIGNIFICANT WEATHER WAS OBSERVED.


RELATIVE HUMIDITY (PERCENT)
 HIGHEST    77          1200 AM
 LOWEST     41           500 PM
 AVERAGE    59

..........................................................


THE VANCOUVER WA CLIMATE NORMALS FOR TOMORROW
                         NORMAL    RECORD    YEAR
 MAXIMUM TEMPERATURE (F)   70        94      2005
 MINIMUM TEMPERATURE (F)   51        36      1994


SUNRISE AND SUNSET
MAY 26 2015...........SUNRISE   529 AM PDT   SUNSET   847 PM PDT
MAY 27 2015...........SUNRISE   528 AM PDT   SUNSET   848 PM PDT


-  INDICATES NEGATIVE NUMBERS.
R  INDICATES RECORD WAS SET OR TIED.
MM INDICATES DATA IS MISSING.
T  INDICATES TRACE AMOUNT.




$$
