311
CDUS46 KPQR 100029
CLIVUO


CLIMATE REPORT
NATIONAL WEATHER SERVICE PORTLAND OREGON
429 PM PST TUE FEB 9 2016


...................................

...THE VANCOUVER WA CLIMATE SUMMARY FOR FEBRUARY 9 2016...
VALID TODAY AS OF 0400 PM LOCAL TIME.

CLIMATE NORMAL PERIOD 1981 TO 2010
CLIMATE RECORD PERIOD 1891 TO 2016


WEATHER ITEM   OBSERVED TIME   RECORD YEAR NORMAL DEPARTURE LAST
                VALUE   (LST)  VALUE       VALUE  FROM      YEAR
                                                  NORMAL
..................................................................
TEMPERATURE (F)
 TODAY
  MAXIMUM         59    259 PM  65    1963  51      8       53
  MINIMUM         33    717 AM  10    1929  35     -2       46
  AVERAGE         46                        43      3       50

PRECIPITATION (IN)
  TODAY            0.00                      0.16  -0.16     0.32
  MONTH TO DATE    0.81                      1.56  -0.75     3.54
  SINCE OCT 1     31.76                     22.81   8.95    21.78
  SINCE JAN 1      7.91                      7.06   0.85     6.89

DEGREE DAYS
 HEATING
  TODAY           19                                        15
  MONTH TO DATE  172                                       151
  SINCE DEC 1   1573                                      1522
  SINCE JUL 1   2505                                      2330

 COOLING
  TODAY            0                                         0
  MONTH TO DATE    0                                         0
  SINCE DEC 1      0                                         0
  SINCE JAN 1      0                                         0
..................................................................


WIND (MPH)
  HIGHEST WIND SPEED    12   HIGHEST WIND DIRECTION    SE (120)
  HIGHEST GUST SPEED    14   HIGHEST GUST DIRECTION    SE (130)
  AVERAGE WIND SPEED     2.2


SKY COVER
  POSSIBLE SUNSHINE  MM
  AVERAGE SKY COVER 0.0


WEATHER CONDITIONS
 THE FOLLOWING WEATHER WAS RECORDED TODAY.
  NO SIGNIFICANT WEATHER WAS OBSERVED.


RELATIVE HUMIDITY (PERCENT)
 HIGHEST    96           600 AM
 LOWEST     51          1200 PM
 AVERAGE    74

..........................................................


THE VANCOUVER WA CLIMATE NORMALS FOR TOMORROW
                         NORMAL    RECORD    YEAR
 MAXIMUM TEMPERATURE (F)   51        67      1963
 MINIMUM TEMPERATURE (F)   35        11      1929


SUNRISE AND SUNSET
FEBRUARY  9 2016......SUNRISE   722 AM PST   SUNSET   528 PM PST
FEBRUARY 10 2016......SUNRISE   721 AM PST   SUNSET   530 PM PST


-  INDICATES NEGATIVE NUMBERS.
R  INDICATES RECORD WAS SET OR TIED.
MM INDICATES DATA IS MISSING.
T  INDICATES TRACE AMOUNT.




$$
