000
CDUS46 KPQR 061141
CLIVUO


CLIMATE REPORT
NATIONAL WEATHER SERVICE PORTLAND OREGON
340 AM PST FRI MAR 6 2015


...................................

...THE VANCOUVER WA CLIMATE SUMMARY FOR MARCH 5 2015...

CLIMATE NORMAL PERIOD 1981 TO 2010
CLIMATE RECORD PERIOD 1891 TO 2015


WEATHER ITEM   OBSERVED TIME   RECORD YEAR NORMAL DEPARTURE LAST
                VALUE   (LST)  VALUE       VALUE  FROM      YEAR
                                                  NORMAL
..................................................................
TEMPERATURE (F)
 YESTERDAY
  MAXIMUM         60    428 PM  66    1907  55      5       59
  MINIMUM         29    642 AM  20    1955  37     -8       47
  AVERAGE         45                        46     -1       53

PRECIPITATION (IN)
  YESTERDAY        0.00                      0.11  -0.11     1.16
  MONTH TO DATE    0.01                      0.57  -0.56     1.90
  SINCE OCT 1     22.32                     25.85  -3.53    14.26
  SINCE JAN 1      7.43                     10.10  -2.67     8.79

DEGREE DAYS
 HEATING
  YESTERDAY       20                                        12
  MONTH TO DATE  106                                        86
  SINCE JUL 1   2758                                      3549

 COOLING
  YESTERDAY        0                                         0
  MONTH TO DATE    0                                         0
  SINCE JAN 1      0                                         0
..................................................................


WIND (MPH)
  HIGHEST WIND SPEED     6   HIGHEST WIND DIRECTION    SW (220)
  HIGHEST GUST SPEED     9   HIGHEST GUST DIRECTION    SW (230)
  AVERAGE WIND SPEED     0.8


SKY COVER
  POSSIBLE SUNSHINE  MM
  AVERAGE SKY COVER 0.0


WEATHER CONDITIONS
 THE FOLLOWING WEATHER WAS RECORDED YESTERDAY.
  NO SIGNIFICANT WEATHER WAS OBSERVED.


RELATIVE HUMIDITY (PERCENT)
 HIGHEST    85           300 AM
 LOWEST     27           300 PM
 AVERAGE    56

..........................................................




SUNRISE AND SUNSET
MARCH  6 2015.........SUNRISE   640 AM PST   SUNSET   604 PM PST
MARCH  7 2015.........SUNRISE   638 AM PST   SUNSET   606 PM PST


-  INDICATES NEGATIVE NUMBERS.
R  INDICATES RECORD WAS SET OR TIED.
MM INDICATES DATA IS MISSING.
T  INDICATES TRACE AMOUNT.




$$
