000
CDUS46 KPQR 161141
CLIVUO


CLIMATE REPORT
NATIONAL WEATHER SERVICE PORTLAND OREGON
341 AM PST MON JAN 16 2017


...................................

...THE VANCOUVER WA CLIMATE SUMMARY FOR JANUARY 15 2017...

CLIMATE NORMAL PERIOD 1981 TO 2010
CLIMATE RECORD PERIOD 1891 TO 2017


WEATHER ITEM   OBSERVED TIME   RECORD YEAR NORMAL DEPARTURE LAST
                VALUE   (LST)  VALUE       VALUE  FROM      YEAR
                                                  NORMAL
..................................................................
TEMPERATURE (F)
 YESTERDAY
  MAXIMUM         30    323 PM  63    1958  48    -18       45
                                      1926
  MINIMUM         12    757 AM   5    1907  36    -24       40
  AVERAGE         21                        42    -21       43

PRECIPITATION (IN)
  YESTERDAY        0.00                      0.16  -0.16     0.12
  MONTH TO DATE    1.71                      2.89  -1.18     2.70
  SINCE OCT 1     21.57                     18.64   2.93    26.55
  SINCE JAN 1      1.71                      2.89  -1.18     2.70

DEGREE DAYS
 HEATING
  YESTERDAY       44                                        22
  MONTH TO DATE  551                                       423
  SINCE JUL 1   2206                                      2032

 COOLING
  YESTERDAY        0                                         0
  MONTH TO DATE    0                                         0
  SINCE JAN 1      0                                         0
..................................................................


WIND (MPH)
  HIGHEST WIND SPEED    14   HIGHEST WIND DIRECTION    SE (150)
  HIGHEST GUST SPEED    17   HIGHEST GUST DIRECTION     S (160)
  AVERAGE WIND SPEED     4.7


SKY COVER
  POSSIBLE SUNSHINE  MM
  AVERAGE SKY COVER 0.0


WEATHER CONDITIONS
 THE FOLLOWING WEATHER WAS RECORDED YESTERDAY.
  FOG
  HAZE


RELATIVE HUMIDITY (PERCENT)
 HIGHEST    88           900 AM
 LOWEST     58           100 PM
 AVERAGE    73

..........................................................




SUNRISE AND SUNSET
JANUARY 16 2017.......SUNRISE   746 AM PST   SUNSET   455 PM PST
JANUARY 17 2017.......SUNRISE   746 AM PST   SUNSET   456 PM PST


-  INDICATES NEGATIVE NUMBERS.
R  INDICATES RECORD WAS SET OR TIED.
MM INDICATES DATA IS MISSING.
T  INDICATES TRACE AMOUNT.




$$
