000
CDUS46 KPQR 260222
CLIVUO


CLIMATE REPORT
NATIONAL WEATHER SERVICE PORTLAND OREGON
722 PM PDT SAT OCT 25 2014


...................................

...THE VANCOUVER WA CLIMATE SUMMARY FOR OCTOBER 25 2014...
VALID TODAY AS OF 0700 PM LOCAL TIME.

CLIMATE NORMAL PERIOD 1981 TO 2010
CLIMATE RECORD PERIOD 1891 TO 2014


WEATHER ITEM   OBSERVED TIME   RECORD YEAR NORMAL DEPARTURE LAST
                VALUE   (LST)  VALUE       VALUE  FROM      YEAR
                                                  NORMAL
..................................................................
TEMPERATURE (F)
 TODAY
  MAXIMUM         65    130 PM  77    1904  60      5       57
  MINIMUM         45    321 AM  25    1919  43      2       48
  AVERAGE         55                        51      4       53

PRECIPITATION (IN)
  TODAY            0.11                      0.10   0.01     0.00
  MONTH TO DATE    3.67                      2.38   1.29     0.79
  SINCE OCT 1      3.67                      2.38   1.29     0.79
  SINCE JAN 1     27.11                     25.77   1.34    21.86

DEGREE DAYS
 HEATING
  TODAY           10                                        12
  MONTH TO DATE  128                                       296
  SINCE SEP 1    154                                       386
  SINCE JUL 1    157                                       399

 COOLING
  TODAY            0                                         0
  MONTH TO DATE   10                                         0
  SINCE SEP 1     79                                        74
  SINCE JAN 1    531                                       450
..................................................................


WIND (MPH)
  HIGHEST WIND SPEED    28   HIGHEST WIND DIRECTION     S (180)
  HIGHEST GUST SPEED    43   HIGHEST GUST DIRECTION    SE (150)
  AVERAGE WIND SPEED     4.5


SKY COVER
  POSSIBLE SUNSHINE  MM
  AVERAGE SKY COVER 0.8


WEATHER CONDITIONS
 THE FOLLOWING WEATHER WAS RECORDED TODAY.
  RAIN
  LIGHT RAIN
  FOG


RELATIVE HUMIDITY (PERCENT)
 HIGHEST   100           300 AM
 LOWEST     67           200 PM
 AVERAGE    84

..........................................................


THE VANCOUVER WA CLIMATE NORMALS FOR TOMORROW
                         NORMAL    RECORD    YEAR
 MAXIMUM TEMPERATURE (F)   59        72      2008
 MINIMUM TEMPERATURE (F)   43        30      1910


SUNRISE AND SUNSET
OCTOBER 25 2014.......SUNRISE   741 AM PDT   SUNSET   608 PM PDT
OCTOBER 26 2014.......SUNRISE   742 AM PDT   SUNSET   606 PM PDT


-  INDICATES NEGATIVE NUMBERS.
R  INDICATES RECORD WAS SET OR TIED.
MM INDICATES DATA IS MISSING.
T  INDICATES TRACE AMOUNT.




$$
