000
CDUS46 KPQR 181143
CLIVUO


CLIMATE REPORT
NATIONAL WEATHER SERVICE PORTLAND OREGON
342 AM PST MON DEC 18 2017


...................................

...THE VANCOUVER WA CLIMATE SUMMARY FOR DECEMBER 17 2017...

CLIMATE NORMAL PERIOD 1981 TO 2010
CLIMATE RECORD PERIOD 1891 TO 2017


WEATHER ITEM   OBSERVED TIME   RECORD YEAR NORMAL DEPARTURE LAST
                VALUE   (LST)  VALUE       VALUE  FROM      YEAR
                                                  NORMAL
..................................................................
TEMPERATURE (F)
 YESTERDAY
  MAXIMUM         49    237 PM  58    2005  46      3       35
  MINIMUM         42    920 AM   6    1924  34      8       29
  AVERAGE         46                        40      6       32

PRECIPITATION (IN)
  YESTERDAY        0.00                      0.23  -0.23      T
  MONTH TO DATE    0.41                      3.56  -3.15     2.73
  SINCE OCT 1     11.46                     12.54  -1.08    17.83
  SINCE JAN 1     43.14                     35.93   7.21    40.56

DEGREE DAYS
 HEATING
  YESTERDAY       19                                        33
  MONTH TO DATE  440                                       475
  SINCE JUL 1   1401                                      1263

 COOLING
  YESTERDAY        0                                         0
  MONTH TO DATE    0                                         0
  SINCE JAN 1    639                                       407
..................................................................


WIND (MPH)
  HIGHEST WIND SPEED     9   HIGHEST WIND DIRECTION     E (110)
  HIGHEST GUST SPEED    13   HIGHEST GUST DIRECTION     E (110)
  AVERAGE WIND SPEED     5.2


SKY COVER
  POSSIBLE SUNSHINE  MM
  AVERAGE SKY COVER 0.9


WEATHER CONDITIONS
 THE FOLLOWING WEATHER WAS RECORDED YESTERDAY.
  FOG


RELATIVE HUMIDITY (PERCENT)
 HIGHEST   100          1200 AM
 LOWEST     76           800 PM
 AVERAGE    88

..........................................................




SUNRISE AND SUNSET
DECEMBER 18 2017......SUNRISE   747 AM PST   SUNSET   428 PM PST
DECEMBER 19 2017......SUNRISE   747 AM PST   SUNSET   429 PM PST


-  INDICATES NEGATIVE NUMBERS.
R  INDICATES RECORD WAS SET OR TIED.
MM INDICATES DATA IS MISSING.
T  INDICATES TRACE AMOUNT.




$$
