000
CDUS46 KPQR 020228
CLIVUO


CLIMATE REPORT
NATIONAL WEATHER SERVICE PORTLAND OREGON
728 PM PDT WED OCT 1 2014


...................................

...THE VANCOUVER WA CLIMATE SUMMARY FOR OCTOBER 1 2014...
VALID TODAY AS OF 0700 PM LOCAL TIME.

CLIMATE NORMAL PERIOD 1981 TO 2010
CLIMATE RECORD PERIOD 1891 TO 2014


WEATHER ITEM   OBSERVED TIME   RECORD YEAR NORMAL DEPARTURE LAST
                VALUE   (LST)  VALUE       VALUE  FROM      YEAR
                                                  NORMAL
..................................................................
TEMPERATURE (F)
 TODAY
  MAXIMUM         68    304 PM  87    1923  70     -2       60
  MINIMUM         44    240 AM  33    1950  47     -3       46
  AVERAGE         56                        59     -3       53

PRECIPITATION (IN)
  TODAY            0.00                      0.08  -0.08     0.20
  MONTH TO DATE    0.00                      0.08  -0.08     0.20
  SINCE OCT 1      0.00                      0.08  -0.08     0.20
  SINCE JAN 1     23.44                     23.47  -0.03    21.27

DEGREE DAYS
 HEATING
  TODAY            9                                        12
  MONTH TO DATE    9                                        12
  SINCE SEP 1     35                                       102
  SINCE JUL 1     38                                       115

 COOLING
  TODAY            0                                         0
  MONTH TO DATE    0                                         0
  SINCE SEP 1     69                                        74
  SINCE JAN 1    521                                       450
..................................................................


WIND (MPH)
  HIGHEST WIND SPEED    10   HIGHEST WIND DIRECTION    NW (300)
  HIGHEST GUST SPEED    14   HIGHEST GUST DIRECTION     W (270)
  AVERAGE WIND SPEED     2.4


SKY COVER
  POSSIBLE SUNSHINE  MM
  AVERAGE SKY COVER 0.5


WEATHER CONDITIONS
 THE FOLLOWING WEATHER WAS RECORDED TODAY.
  FOG


RELATIVE HUMIDITY (PERCENT)
 HIGHEST    93           100 AM
 LOWEST     45           200 PM
 AVERAGE    69

..........................................................


THE VANCOUVER WA CLIMATE NORMALS FOR TOMORROW
                         NORMAL    RECORD    YEAR
 MAXIMUM TEMPERATURE (F)   69        86      1952
 MINIMUM TEMPERATURE (F)   47        32      1900


SUNRISE AND SUNSET
OCTOBER  1 2014.......SUNRISE   709 AM PDT   SUNSET   651 PM PDT
OCTOBER  2 2014.......SUNRISE   710 AM PDT   SUNSET   649 PM PDT


-  INDICATES NEGATIVE NUMBERS.
R  INDICATES RECORD WAS SET OR TIED.
MM INDICATES DATA IS MISSING.
T  INDICATES TRACE AMOUNT.




$$
