000
CDUS41 KAKQ 280645
CLIWAL


CLIMATE REPORT
NATIONAL WEATHER SERVICE WAKEFIELD, VA
145 AM EST TUE FEB 28 2017


...................................

...THE WALLOPS ISLAND VA CLIMATE SUMMARY FOR FEBRUARY 27 2017...

CLIMATE NORMAL PERIOD 1981 TO 2010
CLIMATE RECORD PERIOD 1963 TO 2017


WEATHER ITEM   OBSERVED TIME   RECORD YEAR NORMAL DEPARTURE
                VALUE   (LST)  VALUE       VALUE  FROM
                                                  NORMAL
...............................................................
TEMPERATURE (F)
 YESTERDAY
  MAXIMUM         55    151 PM  79    1997  49      6
  MINIMUM         31    230 AM  16    2015  32     -1
  AVERAGE         43                        41      2

PRECIPITATION (IN)
  YESTERDAY        0.00          1.13        0.11  -0.11
  MONTH TO DATE    1.41                      2.65  -1.24
  SINCE DEC 1     10.17                      9.12   1.05
  SINCE JAN 1      6.20                      5.69   0.51

SNOWFALL (IN)
  YESTERDAY        0.0           1.0  1993   0.1   -0.1
  MONTH TO DATE    T                         3.3   -3.3
  SINCE NOV 1     10.1                       7.3    2.8
  SINCE JUL 1     10.1                       7.3    2.8

DEGREE DAYS
 HEATING
  YESTERDAY       22                               -2
  MONTH TO DATE  539                             -174
  SINCE DEC 1   1982                             -371
  SINCE JUL 1   2568                             -489

 COOLING
  YESTERDAY        0                                0
  MONTH TO DATE    0                                0
  SINCE DEC 1      0                                0
  SINCE JAN 1      0                                0
...............................................................


WIND (MPH)
  HIGHEST WIND SPEED    20   HIGHEST WIND DIRECTION     S (200)
  HIGHEST GUST SPEED    23   HIGHEST GUST DIRECTION    SW (210)
  AVERAGE WIND SPEED     6.6




RELATIVE HUMIDITY (PERCENT)
 HIGHEST    89
 LOWEST     46
 AVERAGE    68

..........................................................


THE WALLOPS ISLAND VA CLIMATE NORMALS FOR TODAY
                         NORMAL    RECORD    YEAR
 MAXIMUM TEMPERATURE (F)   50        75      1976
 MINIMUM TEMPERATURE (F)   33        15      1993


SUNRISE AND SUNSET
FEBRUARY 28 2017......SUNRISE   635 AM EST   SUNSET   555 PM EST
MARCH  1 2017.........SUNRISE   633 AM EST   SUNSET   556 PM EST


-  INDICATES NEGATIVE NUMBERS.
R  INDICATES RECORD WAS SET OR TIED.
MM INDICATES DATA IS MISSING.
T  INDICATES TRACE AMOUNT.




$$
