000
CDUS41 KAKQ 010839
CLIWAL


CLIMATE REPORT
NATIONAL WEATHER SERVICE WAKEFIELD, VA
338 AM EST SUN FEB 1 2015


...................................

...THE WALLOPS ISLAND VA CLIMATE SUMMARY FOR JANUARY 31 2015...

CLIMATE NORMAL PERIOD 1981 TO 2010
CLIMATE RECORD PERIOD 1963 TO 2015


WEATHER ITEM   OBSERVED TIME   RECORD YEAR NORMAL DEPARTURE
                VALUE   (LST)  VALUE       VALUE  FROM
                                                  NORMAL
...............................................................
TEMPERATURE (F)
 YESTERDAY
  MAXIMUM         32    318 PM  65    1988  45    -13
  MINIMUM         19   1159 PM   9    2010  29    -10
  AVERAGE         26                        37    -11

PRECIPITATION (IN)
  YESTERDAY        0.00          0.47        0.10  -0.10
  MONTH TO DATE    4.73                      3.04   1.69
  SINCE DEC 1      7.95                      6.47   1.48
  SINCE JAN 1      4.73                      3.04   1.69

SNOWFALL (IN)
  YESTERDAY        0.0           1.4  1980   0.1   -0.1
  MONTH TO DATE    T                         2.0   -2.0
  SINCE NOV 1      T                         4.0   -4.0
  SINCE JUL 1      T                         4.0   -4.0

DEGREE DAYS
 HEATING
  YESTERDAY       39                               11
  MONTH TO DATE  914                               30
  SINCE DEC 1   1592                              -48
  SINCE JUL 1   2286                              -58

 COOLING
  YESTERDAY        0                                0
  MONTH TO DATE    0                                0
  SINCE DEC 1      0                                0
  SINCE JAN 1      0                                0
...............................................................


WIND (MPH)
  HIGHEST WIND SPEED    26   HIGHEST WIND DIRECTION     N (340)
  HIGHEST GUST SPEED    39   HIGHEST GUST DIRECTION    NW (320)
  AVERAGE WIND SPEED    13.2




RELATIVE HUMIDITY (PERCENT)
 HIGHEST    68
 LOWEST     33
 AVERAGE    51

..........................................................


THE WALLOPS ISLAND VA CLIMATE NORMALS FOR TODAY
                         NORMAL    RECORD    YEAR
 MAXIMUM TEMPERATURE (F)   45        79      2002
 MINIMUM TEMPERATURE (F)   29        11      1971


SUNRISE AND SUNSET
FEBRUARY  1 2015......SUNRISE   706 AM EST   SUNSET   525 PM EST
FEBRUARY  2 2015......SUNRISE   705 AM EST   SUNSET   526 PM EST


-  INDICATES NEGATIVE NUMBERS.
R  INDICATES RECORD WAS SET OR TIED.
MM INDICATES DATA IS MISSING.
T  INDICATES TRACE AMOUNT.




$$
