000
CDUS41 KAKQ 230545
CLIWAL


CLIMATE REPORT
NATIONAL WEATHER SERVICE WAKEFIELD, VA
145 AM EDT SUN APR 23 2017


...................................

...THE WALLOPS ISLAND VA CLIMATE SUMMARY FOR APRIL 22 2017...

CLIMATE NORMAL PERIOD 1981 TO 2010
CLIMATE RECORD PERIOD 1963 TO 2017


WEATHER ITEM   OBSERVED TIME   RECORD YEAR NORMAL DEPARTURE
                VALUE   (LST)  VALUE       VALUE  FROM
                                                  NORMAL
...............................................................
TEMPERATURE (F)
 YESTERDAY
  MAXIMUM         61   1232 AM  90    1985  65     -4
  MINIMUM         52   1159 PM  36    1994  47      5
  AVERAGE         57                        56      1

PRECIPITATION (IN)
  YESTERDAY        0.11          2.48        0.09   0.02
  MONTH TO DATE    0.93                      2.35  -1.42
  SINCE MAR 1      4.31                      6.35  -2.04
  SINCE JAN 1     10.51                     12.15  -1.64

SNOWFALL (IN)
  YESTERDAY        0.0           0.0    MM   0.0    0.0
  MONTH TO DATE    0.0                       0.1   -0.1
  SINCE NOV 1     10.1                       7.9    2.2
  SINCE JUL 1     10.1                       7.9    2.2

DEGREE DAYS
 HEATING
  YESTERDAY        8                               -2
  MONTH TO DATE  146                             -130
  SINCE MAR 1    760                             -135
  SINCE JUL 1   3336                             -639

 COOLING
  YESTERDAY        0                                0
  MONTH TO DATE   22                               22
  SINCE MAR 1     24                               23
  SINCE JAN 1     24                               23
...............................................................


WIND (MPH)
  HIGHEST WIND SPEED    18   HIGHEST WIND DIRECTION    NE (50)
  HIGHEST GUST SPEED    23   HIGHEST GUST DIRECTION    NE (40)
  AVERAGE WIND SPEED    10.4




RELATIVE HUMIDITY (PERCENT)
 HIGHEST   100
 LOWEST     93
 AVERAGE    97

..........................................................


THE WALLOPS ISLAND VA CLIMATE NORMALS FOR TODAY
                         NORMAL    RECORD    YEAR
 MAXIMUM TEMPERATURE (F)   65        85      1976
 MINIMUM TEMPERATURE (F)   47        34      1994


SUNRISE AND SUNSET
APRIL 23 2017.........SUNRISE   615 AM EDT   SUNSET   745 PM EDT
APRIL 24 2017.........SUNRISE   614 AM EDT   SUNSET   746 PM EDT


-  INDICATES NEGATIVE NUMBERS.
R  INDICATES RECORD WAS SET OR TIED.
MM INDICATES DATA IS MISSING.
T  INDICATES TRACE AMOUNT.




$$
