000
CDUS46 KLOX 280114
CLIWJF


CLIMATE REPORT
NATIONAL WEATHER SERVICE LOS ANGELES/OXNARD CA
614 PM PDT SUN JUL 27 2014


...................................

...THE LANCASTER CLIMATE SUMMARY FOR JULY 27 2014...
VALID TODAY AS OF 0600 PM LOCAL TIME.

CLIMATE NORMAL PERIOD 1981 TO 2010
CLIMATE RECORD PERIOD 1948 TO 2014


WEATHER ITEM   OBSERVED TIME   RECORD YEAR NORMAL DEPARTURE LAST
                VALUE   (LST)  VALUE       VALUE  FROM      YEAR
                                                  NORMAL
..................................................................
TEMPERATURE (F)
 TODAY
  MAXIMUM         98    114 PM 107    1980  99     -1       99
  MINIMUM         76    439 AM  49    1957  67      9       76
  AVERAGE         87                        83      4       88

PRECIPITATION (IN)
  TODAY            0.00          0.04 1969   0.00   0.00     0.00
  MONTH TO DATE    T                         0.08  -0.08     0.02
  SINCE JUL 1      T                         0.08  -0.08     0.02
  SINCE JAN 1      2.32                      4.99  -2.67     1.12

SNOWFALL (IN)
  TODAY            0.0           0.0    MM   0.0             0.0
  MONTH TO DATE    0.0                       0.0             0.0
  SINCE JUN 1      0.0                       0.0             0.0
  SINCE JUL 1      0.0                       0.0             0.0
  SNOW DEPTH       0

DEGREE DAYS
 HEATING
  TODAY            0                         0      0        0
  MONTH TO DATE    0                         0      0        0
  SINCE JUN 1      0                         8     -8        0
  SINCE JUL 1      0                         0      0        0

 COOLING
  TODAY           22                        18      4       23
  MONTH TO DATE  501                       466     35      561
  SINCE JUN 1    901                       807     94     1028
  SINCE JAN 1   1101                       996    105     1286
..................................................................


WIND (MPH)
  HIGHEST WIND SPEED    29   HIGHEST WIND DIRECTION    SW (230)
  HIGHEST GUST SPEED    36   HIGHEST GUST DIRECTION    SW (230)
  AVERAGE WIND SPEED    11.6


SKY COVER
  POSSIBLE SUNSHINE  MM
  AVERAGE SKY COVER 0.0


WEATHER CONDITIONS
 THE FOLLOWING WEATHER WAS RECORDED TODAY.
  NO SIGNIFICANT WEATHER WAS OBSERVED.


RELATIVE HUMIDITY (PERCENT)
 HIGHEST    25           300 AM
 LOWEST     12           100 PM
 AVERAGE    19

..........................................................


THE LANCASTER CLIMATE NORMALS FOR TOMORROW
                         NORMAL    RECORD    YEAR
 MAXIMUM TEMPERATURE (F)   99       107      2009
                                             1995
 MINIMUM TEMPERATURE (F)   67        49      1965


SUNRISE AND SUNSET
JULY 27 2014..........SUNRISE   559 AM PDT   SUNSET   759 PM PDT
JULY 28 2014..........SUNRISE   600 AM PDT   SUNSET   758 PM PDT


-  INDICATES NEGATIVE NUMBERS.
R  INDICATES RECORD WAS SET OR TIED.
MM INDICATES DATA IS MISSING.
T  INDICATES TRACE AMOUNT.




$$
