000
CDUS46 KLOX 240120
CLIWJF


CLIMATE REPORT
NATIONAL WEATHER SERVICE LOS ANGELES/OXNARD CA
520 PM PST THU FEB 23 2017


...................................

...THE LANCASTER CLIMATE SUMMARY FOR FEBRUARY 23 2017...
VALID TODAY AS OF 0500 PM LOCAL TIME.

CLIMATE NORMAL PERIOD 1981 TO 2010
CLIMATE RECORD PERIOD 1948 TO 2017


WEATHER ITEM   OBSERVED TIME   RECORD YEAR NORMAL DEPARTURE LAST
                VALUE   (LST)  VALUE       VALUE  FROM      YEAR
                                                  NORMAL
..................................................................
TEMPERATURE (F)
 TODAY
  MAXIMUM         48    221 PM  79    1989  63    -15       69
  MINIMUM         36    658 AM  18    1984  36      0       33
  AVERAGE         42                        50     -8       51

PRECIPITATION (IN)
  TODAY            0.00          1.91 1998   0.07  -0.07     0.00
  MONTH TO DATE    1.80                      1.50   0.30     0.03
  SINCE OCT 1      6.26                      5.13   1.13     3.05
  SINCE JAN 1      4.27                      3.00   1.27     1.76

SNOWFALL (IN)
  TODAY            0.0           T    1987   0.0             0.0
  MONTH TO DATE    0.0                       0.6             0.0
  SINCE DEC 1      0.0                       2.3             0.0
  SINCE JUL 1      0.0                       2.3             0.0
  SNOW DEPTH       0

DEGREE DAYS
 HEATING
  TODAY           23                        15      8       14
  MONTH TO DATE  282                       394   -112      349
  SINCE DEC 1   1471                      1674   -203     1629
  SINCE JUL 1   1897                      2219   -322     2209

 COOLING
  TODAY            0                         0      0        0
  MONTH TO DATE    0                         0      0        0
  SINCE DEC 1      0                         0      0        0
  SINCE JAN 1      0                         0      0        0
..................................................................


WIND (MPH)
  HIGHEST WIND SPEED    28   HIGHEST WIND DIRECTION     W (290)
  HIGHEST GUST SPEED    36   HIGHEST GUST DIRECTION     W (280)
  AVERAGE WIND SPEED    16.0


SKY COVER
  POSSIBLE SUNSHINE  MM
  AVERAGE SKY COVER 0.1


WEATHER CONDITIONS
 THE FOLLOWING WEATHER WAS RECORDED TODAY.
  NO SIGNIFICANT WEATHER WAS OBSERVED.


RELATIVE HUMIDITY (PERCENT)
 HIGHEST    75           600 AM
 LOWEST     41          1100 AM
 AVERAGE    58

..........................................................


THE LANCASTER CLIMATE NORMALS FOR TOMORROW
                         NORMAL    RECORD    YEAR
 MAXIMUM TEMPERATURE (F)   63        80      1950
 MINIMUM TEMPERATURE (F)   37        20      1955


SUNRISE AND SUNSET
FEBRUARY 23 2017......SUNRISE   629 AM PST   SUNSET   544 PM PST
FEBRUARY 24 2017......SUNRISE   628 AM PST   SUNSET   545 PM PST


-  INDICATES NEGATIVE NUMBERS.
R  INDICATES RECORD WAS SET OR TIED.
MM INDICATES DATA IS MISSING.
T  INDICATES TRACE AMOUNT.




$$
