000
CDUS46 KLOX 240901
CLIWJF


CLIMATE REPORT
NATIONAL WEATHER SERVICE LOS ANGELES/OXNARD CA
101 AM PST TUE JAN 24 2017


...................................

...THE LANCASTER FOX FIELD CA CLIMATE SUMMARY FOR JANUARY 23 2017...

CLIMATE NORMAL PERIOD 1981 TO 2010
CLIMATE RECORD PERIOD 1948 TO 2017


WEATHER ITEM   OBSERVED TIME   RECORD YEAR NORMAL DEPARTURE
                VALUE   (LST)  VALUE       VALUE  FROM
                                                  NORMAL
...............................................................
TEMPERATURE (F)
 YESTERDAY
  MAXIMUM         47   1200 AM  74    1970  59    -12
  MINIMUM         36   1159 PM  18    1958  32      4
  AVERAGE         42                        46     -4

PRECIPITATION (IN)
  YESTERDAY        0.24          0.30 2009   0.04   0.20
  MONTH TO DATE    2.47                      1.10   1.37
  SINCE OCT 1      4.46                      3.23   1.23
  SINCE JAN 1      2.47                      1.10   1.37

SNOWFALL (IN)
  YESTERDAY       MM             0.0    MM
  MONTH TO DATE    0.0
  SINCE DEC 1      0.0
  SINCE JUL 1      0.0
  SNOW DEPTH       0

DEGREE DAYS
 HEATING
  YESTERDAY       23                                3
  MONTH TO DATE  432                              -39
  SINCE DEC 1   1010                             -118
  SINCE JUL 1   1436                             -237

 COOLING
  YESTERDAY        0                                0
  MONTH TO DATE    0                                0
  SINCE DEC 1      0                                0
  SINCE JAN 1      0                                0
...............................................................


WIND (MPH)
  HIGHEST WIND SPEED    28   HIGHEST WIND DIRECTION     W (270)
  HIGHEST GUST SPEED    35   HIGHEST GUST DIRECTION     W (260)
  AVERAGE WIND SPEED    15.9




RELATIVE HUMIDITY (PERCENT)
 HIGHEST    86
 LOWEST     70
 AVERAGE    78

..........................................................


THE LANCASTER FOX FIELD CA CLIMATE NORMALS FOR TODAY
                         NORMAL    RECORD    YEAR
 MAXIMUM TEMPERATURE (F)   59        73      1975
 MINIMUM TEMPERATURE (F)   32        18      2002


SUNRISE AND SUNSET
JANUARY 24 2017.......SUNRISE   656 AM PST   SUNSET   514 PM PST
JANUARY 25 2017.......SUNRISE   655 AM PST   SUNSET   515 PM PST


-  INDICATES NEGATIVE NUMBERS.
R  INDICATES RECORD WAS SET OR TIED.
MM INDICATES DATA IS MISSING.
T  INDICATES TRACE AMOUNT.




$$
