459
CDUS46 KLOX 020915
CLIWJF


CLIMATE REPORT
NATIONAL WEATHER SERVICE LOS ANGELES/OXNARD CA
215 AM PDT MON MAY 2 2016


...................................

...THE LANCASTER FOX FIELD CA CLIMATE SUMMARY FOR MAY 1 2016...

CLIMATE NORMAL PERIOD 1981 TO 2010
CLIMATE RECORD PERIOD 1948 TO 2016


WEATHER ITEM   OBSERVED TIME   RECORD YEAR NORMAL DEPARTURE
                VALUE   (LST)  VALUE       VALUE  FROM
                                                  NORMAL
...............................................................
TEMPERATURE (F)
 YESTERDAY
  MAXIMUM         80    338 PM  94    1996  78      2
  MINIMUM         45    511 AM  32    2011  50     -5
                                      1967
  AVERAGE         63                        64     -1

PRECIPITATION (IN)
  YESTERDAY        0.00          0.53 1955   0.01  -0.01
  MONTH TO DATE    0.00                      0.01  -0.01
  SINCE OCT 1      3.82                      6.91  -3.09
  SINCE JAN 1      2.53                      4.78  -2.25

SNOWFALL (IN)
  YESTERDAY        0.0           0.0    MM
  MONTH TO DATE    0.0
  SINCE MAR 1      0.0
  SINCE JUL 1      0.0
  SNOW DEPTH       0

DEGREE DAYS
 HEATING
  YESTERDAY        2                               -2
  MONTH TO DATE    2                               -2
  SINCE MAR 1    372                             -207
  SINCE JUL 1   2623                             -249

 COOLING
  YESTERDAY        0                               -2
  MONTH TO DATE    0                               -2
  SINCE MAR 1     21                              -11
  SINCE JAN 1     24                               -8
...............................................................


WIND (MPH)
  HIGHEST WIND SPEED    23   HIGHEST WIND DIRECTION     W (250)
  HIGHEST GUST SPEED    29   HIGHEST GUST DIRECTION     W (250)
  AVERAGE WIND SPEED     7.7




RELATIVE HUMIDITY (PERCENT)
 HIGHEST    56
 LOWEST     16
 AVERAGE    36

..........................................................


THE LANCASTER FOX FIELD CA CLIMATE NORMALS FOR TODAY
                         NORMAL    RECORD    YEAR
 MAXIMUM TEMPERATURE (F)   78        97      1956
 MINIMUM TEMPERATURE (F)   50        34      1988


SUNRISE AND SUNSET
MAY  2 2016...........SUNRISE   601 AM PDT   SUNSET   739 PM PDT
MAY  3 2016...........SUNRISE   600 AM PDT   SUNSET   740 PM PDT


-  INDICATES NEGATIVE NUMBERS.
R  INDICATES RECORD WAS SET OR TIED.
MM INDICATES DATA IS MISSING.
T  INDICATES TRACE AMOUNT.




$$
