000
CDUS46 KLOX 230919
CLIWJF


CLIMATE REPORT
NATIONAL WEATHER SERVICE LOS ANGELES/OXNARD CA
219 AM PDT TUE MAY 23 2017


...................................

...THE LANCASTER FOX FIELD CA CLIMATE SUMMARY FOR MAY 22 2017...

CLIMATE NORMAL PERIOD 1981 TO 2010
CLIMATE RECORD PERIOD 1948 TO 2017


WEATHER ITEM   OBSERVED TIME   RECORD YEAR NORMAL DEPARTURE
                VALUE   (LST)  VALUE       VALUE  FROM
                                                  NORMAL
...............................................................
TEMPERATURE (F)
 YESTERDAY
  MAXIMUM         97    328 PM 102    2000  84     13
  MINIMUM         54    446 AM  42    1965  56     -2
  AVERAGE         76                        70      6

PRECIPITATION (IN)
  YESTERDAY        0.00          0.01 2008   0.00   0.00
  MONTH TO DATE    0.00                      0.07  -0.07
  SINCE OCT 1      6.51                      6.97  -0.46
  SINCE JAN 1      4.52                      4.84  -0.32

SNOWFALL (IN)
  YESTERDAY        0.0           0.0    MM
  MONTH TO DATE    0.0
  SINCE MAR 1      0.0
  SINCE JUL 1      0.0
  SNOW DEPTH       0

DEGREE DAYS
 HEATING
  YESTERDAY        0                               -1
  MONTH TO DATE   66                               15
  SINCE MAR 1    477                             -149
  SINCE JUL 1   2476                             -443

 COOLING
  YESTERDAY       11                                5
  MONTH TO DATE   82                              -13
  SINCE MAR 1     92                              -33
  SINCE JAN 1     92                              -33
...............................................................


WIND (MPH)
  HIGHEST WIND SPEED    20   HIGHEST WIND DIRECTION     W (260)
  HIGHEST GUST SPEED    26   HIGHEST GUST DIRECTION    SW (220)
  AVERAGE WIND SPEED     7.7




RELATIVE HUMIDITY (PERCENT)
 HIGHEST    44
 LOWEST     10
 AVERAGE    27

..........................................................


THE LANCASTER FOX FIELD CA CLIMATE NORMALS FOR TODAY
                         NORMAL    RECORD    YEAR
 MAXIMUM TEMPERATURE (F)   84       102      2001
 MINIMUM TEMPERATURE (F)   56        41      2010
                                             1980


SUNRISE AND SUNSET
MAY 23 2017...........SUNRISE   544 AM PDT   SUNSET   755 PM PDT
MAY 24 2017...........SUNRISE   544 AM PDT   SUNSET   756 PM PDT


-  INDICATES NEGATIVE NUMBERS.
R  INDICATES RECORD WAS SET OR TIED.
MM INDICATES DATA IS MISSING.
T  INDICATES TRACE AMOUNT.




$$
