000
CDUS46 KLOX 190112
CLIWJF


CLIMATE REPORT
NATIONAL WEATHER SERVICE LOS ANGELES/OXNARD CA
612 PM PDT FRI APR 18 2014


...................................

...THE LANCASTER CLIMATE SUMMARY FOR APRIL 18 2014...
VALID TODAY AS OF 0600 PM LOCAL TIME.

CLIMATE NORMAL PERIOD 1981 TO 2010
CLIMATE RECORD PERIOD 1948 TO 2014


WEATHER ITEM   OBSERVED TIME   RECORD YEAR NORMAL DEPARTURE LAST
                VALUE   (LST)  VALUE       VALUE  FROM      YEAR
                                                  NORMAL
..................................................................
TEMPERATURE (F)
 TODAY
  MAXIMUM         78    147 PM  93    1954  74      4       70
  MINIMUM         53    553 AM  31    2013  45      8       31
  AVERAGE         66                        60      6       51

PRECIPITATION (IN)
  TODAY            0.00          0.42 1983   0.01  -0.01     0.00
  MONTH TO DATE    0.09                      0.25  -0.16     0.00
  SINCE JUL 1      3.79                      7.14  -3.35     1.11
  SINCE JAN 1      2.18                      4.67  -2.49     0.95

SNOWFALL (IN)
  TODAY            0.0           0.0    MM   0.0             0.0
  MONTH TO DATE    0.0                       0.0             0.0
  SINCE MAR 1      0.0                       0.0             0.0
  SINCE JUL 1      0.0                       2.3             0.0
  SNOW DEPTH       0

DEGREE DAYS
 HEATING
  TODAY            0                         6     -6       14
  MONTH TO DATE  100                       148    -48      100
  SINCE MAR 1    387                       516   -129      306
  SINCE JUL 1   2624                      2809   -185     2678

 COOLING
  TODAY            1                         1      0        0
  MONTH TO DATE   16                         9      7       11
  SINCE MAR 1     16                        11      5       23
  SINCE JAN 1     22                        11     11       23
..................................................................


WIND (MPH)
  HIGHEST WIND SPEED    26   HIGHEST WIND DIRECTION    SW (240)
  HIGHEST GUST SPEED    30   HIGHEST GUST DIRECTION    SW (240)
  AVERAGE WIND SPEED    14.8


SKY COVER
  POSSIBLE SUNSHINE  MM
  AVERAGE SKY COVER 0.0


WEATHER CONDITIONS
 THE FOLLOWING WEATHER WAS RECORDED TODAY.
  NO SIGNIFICANT WEATHER WAS OBSERVED.


RELATIVE HUMIDITY (PERCENT)
 HIGHEST    77           600 AM
 LOWEST     20           100 PM
 AVERAGE    49

..........................................................


THE LANCASTER CLIMATE NORMALS FOR TOMORROW
                         NORMAL    RECORD    YEAR
 MAXIMUM TEMPERATURE (F)   74        94      1950
 MINIMUM TEMPERATURE (F)   46        29      2007


SUNRISE AND SUNSET
APRIL 18 2014.........SUNRISE   617 AM PDT   SUNSET   728 PM PDT
APRIL 19 2014.........SUNRISE   616 AM PDT   SUNSET   728 PM PDT


-  INDICATES NEGATIVE NUMBERS.
R  INDICATES RECORD WAS SET OR TIED.
MM INDICATES DATA IS MISSING.
T  INDICATES TRACE AMOUNT.




$$
