000
CDUS46 KLOX 130909
CLIWJF


CLIMATE REPORT
NATIONAL WEATHER SERVICE LOS ANGELES/OXNARD CA
109 AM PST WED DEC 13 2017


...................................

...THE LANCASTER FOX FIELD CA CLIMATE SUMMARY FOR DECEMBER 12 2017...

CLIMATE NORMAL PERIOD 1981 TO 2010
CLIMATE RECORD PERIOD 1948 TO 2017


WEATHER ITEM   OBSERVED TIME   RECORD YEAR NORMAL DEPARTURE
                VALUE   (LST)  VALUE       VALUE  FROM
                                                  NORMAL
...............................................................
TEMPERATURE (F)
 YESTERDAY
  MAXIMUM         66    352 PM  77    1950  58      8
  MINIMUM         16    713 AM  11    1989  30    -14
  AVERAGE         41                        44     -3

PRECIPITATION (IN)
  YESTERDAY        0.00          1.19 2014   0.04  -0.04
  MONTH TO DATE    0.00                      0.35  -0.35
  SINCE OCT 1      0.02                      1.33  -1.31
  SINCE JAN 1      4.64                      6.58  -1.94

SNOWFALL (IN)
  YESTERDAY        0.0           0.0  1998
  MONTH TO DATE    0.0
  SINCE DEC 1      0.0
  SINCE JUL 1      0.0
  SNOW DEPTH       0

DEGREE DAYS
 HEATING
  YESTERDAY       24                                3
  MONTH TO DATE  241                               -3
  SINCE DEC 1    241                               -3
  SINCE JUL 1    603                             -186

 COOLING
  YESTERDAY        0                                0
  MONTH TO DATE    0                                0
  SINCE DEC 1      0                                0
  SINCE JAN 1   2216                              334
...............................................................


WIND (MPH)
  HIGHEST WIND SPEED     8   HIGHEST WIND DIRECTION     W (280)
  HIGHEST GUST SPEED     9   HIGHEST GUST DIRECTION     W (290)
  AVERAGE WIND SPEED     2.3




RELATIVE HUMIDITY (PERCENT)
 HIGHEST    28
 LOWEST      5
 AVERAGE    17

..........................................................


THE LANCASTER FOX FIELD CA CLIMATE NORMALS FOR TODAY
                         NORMAL    RECORD    YEAR
 MAXIMUM TEMPERATURE (F)   58        77      1950
 MINIMUM TEMPERATURE (F)   29        17      1949


SUNRISE AND SUNSET
DECEMBER 13 2017......SUNRISE   652 AM PST   SUNSET   443 PM PST
DECEMBER 14 2017......SUNRISE   652 AM PST   SUNSET   443 PM PST


-  INDICATES NEGATIVE NUMBERS.
R  INDICATES RECORD WAS SET OR TIED.
MM INDICATES DATA IS MISSING.
T  INDICATES TRACE AMOUNT.




$$
