000
CDUS46 KLOX 270114
CLIWJF


CLIMATE REPORT
NATIONAL WEATHER SERVICE LOS ANGELES/OXNARD CA
514 PM PST MON JAN 26 2015


...................................

...THE LANCASTER CLIMATE SUMMARY FOR JANUARY 26 2015...
VALID TODAY AS OF 0500 PM LOCAL TIME.

CLIMATE NORMAL PERIOD 1981 TO 2010
CLIMATE RECORD PERIOD 1948 TO 2015


WEATHER ITEM   OBSERVED TIME   RECORD YEAR NORMAL DEPARTURE LAST
                VALUE   (LST)  VALUE       VALUE  FROM      YEAR
                                                  NORMAL
..................................................................
TEMPERATURE (F)
 TODAY
  MAXIMUM         63    131 PM  78    1951  59      4       66
  MINIMUM         35    615 AM  10    1949  32      3       32
  AVERAGE         49                        46      3       49

PRECIPITATION (IN)
  TODAY            0.00          1.08 1956   0.05  -0.05      T
  MONTH TO DATE    0.85                      1.24  -0.39      T
  SINCE OCT 1      3.77                      3.37   0.40     1.59
  SINCE JAN 1      0.85                      1.24  -0.39      T

SNOWFALL (IN)
  TODAY            0.0           0.0  1999   0.0            MM
  MONTH TO DATE    0.0                       0.3             0.0
  SINCE DEC 1      0.0                       1.6             0.0
  SINCE JUL 1      0.0                       1.6             0.0
  SNOW DEPTH       0

DEGREE DAYS
 HEATING
  TODAY           16                        19     -3       16
  MONTH TO DATE  516                       528    -12      474
  SINCE DEC 1   1082                      1185   -103     1179
  SINCE JUL 1   1479                      1730   -251     1830

 COOLING
  TODAY            0                         0      0        0
  MONTH TO DATE    0                         0      0        0
  SINCE DEC 1      0                         0      0        0
  SINCE JAN 1      0                         0      0        0
..................................................................


WIND (MPH)
  HIGHEST WIND SPEED    20   HIGHEST WIND DIRECTION    NE (50)
  HIGHEST GUST SPEED    22   HIGHEST GUST DIRECTION    NE (50)
  AVERAGE WIND SPEED     4.9


SKY COVER
  POSSIBLE SUNSHINE  MM
  AVERAGE SKY COVER 0.4


WEATHER CONDITIONS
 THE FOLLOWING WEATHER WAS RECORDED TODAY.
  NO SIGNIFICANT WEATHER WAS OBSERVED.


RELATIVE HUMIDITY (PERCENT)
 HIGHEST    82           400 AM
 LOWEST     36           100 PM
 AVERAGE    59

..........................................................


THE LANCASTER CLIMATE NORMALS FOR TOMORROW
                         NORMAL    RECORD    YEAR
 MAXIMUM TEMPERATURE (F)   60        74      2003
 MINIMUM TEMPERATURE (F)   32        13      1950


SUNRISE AND SUNSET
JANUARY 26 2015.......SUNRISE   655 AM PST   SUNSET   516 PM PST
JANUARY 27 2015.......SUNRISE   655 AM PST   SUNSET   517 PM PST


-  INDICATES NEGATIVE NUMBERS.
R  INDICATES RECORD WAS SET OR TIED.
MM INDICATES DATA IS MISSING.
T  INDICATES TRACE AMOUNT.




$$
