000
CDUS46 KLOX 260901
CLIWJF


CLIMATE REPORT
NATIONAL WEATHER SERVICE LOS ANGELES/OXNARD CA
201 AM PDT FRI AUG 26 2016


...................................

...THE LANCASTER FOX FIELD CA CLIMATE SUMMARY FOR AUGUST 25 2016...

CLIMATE NORMAL PERIOD 1981 TO 2010
CLIMATE RECORD PERIOD 1948 TO 2016


WEATHER ITEM   OBSERVED TIME   RECORD YEAR NORMAL DEPARTURE
                VALUE   (LST)  VALUE       VALUE  FROM
                                                  NORMAL
...............................................................
TEMPERATURE (F)
 YESTERDAY
  MAXIMUM         97    206 PM 107    2010  97      0
  MINIMUM         65    552 AM  48    1949  63      2
  AVERAGE         81                        80      1

PRECIPITATION (IN)
  YESTERDAY        0.00          0.01 1967   0.01  -0.01
  MONTH TO DATE    0.00                      0.08  -0.08
  SINCE OCT 1      3.82                      7.21  -3.39
  SINCE JAN 1      2.53                      5.08  -2.55

SNOWFALL (IN)
  YESTERDAY        0.0           0.0    MM
  MONTH TO DATE    0.0
  SINCE JUN 1      0.0
  SINCE JUL 1      0.0
  SNOW DEPTH       0

DEGREE DAYS
 HEATING
  YESTERDAY        0                                0
  MONTH TO DATE    0                                0
  SINCE JUN 1      0                               -8
  SINCE JUL 1      0                                0

 COOLING
  YESTERDAY       16                                1
  MONTH TO DATE  449                               40
  SINCE JUN 1   1595                              309
  SINCE JAN 1   1763                              288
...............................................................


WIND (MPH)
  HIGHEST WIND SPEED    26   HIGHEST WIND DIRECTION    SW (240)
  HIGHEST GUST SPEED    35   HIGHEST GUST DIRECTION    SW (210)
  AVERAGE WIND SPEED    14.2




RELATIVE HUMIDITY (PERCENT)
 HIGHEST    40
 LOWEST     12
 AVERAGE    26

..........................................................


THE LANCASTER FOX FIELD CA CLIMATE NORMALS FOR TODAY
                         NORMAL    RECORD    YEAR
 MAXIMUM TEMPERATURE (F)   96       106      2001
 MINIMUM TEMPERATURE (F)   63        47      1963


SUNRISE AND SUNSET
AUGUST 26 2016........SUNRISE   622 AM PDT   SUNSET   726 PM PDT
AUGUST 27 2016........SUNRISE   623 AM PDT   SUNSET   725 PM PDT


-  INDICATES NEGATIVE NUMBERS.
R  INDICATES RECORD WAS SET OR TIED.
MM INDICATES DATA IS MISSING.
T  INDICATES TRACE AMOUNT.




$$
