000
CDUS46 KLOX 180900
CLIWJF


CLIMATE REPORT
NATIONAL WEATHER SERVICE LOS ANGELES/OXNARD CA
200 AM PDT WED OCT 18 2017


...................................

...THE LANCASTER FOX FIELD CA CLIMATE SUMMARY FOR OCTOBER 17 2017...

CLIMATE NORMAL PERIOD 1981 TO 2010
CLIMATE RECORD PERIOD 1948 TO 2017


WEATHER ITEM   OBSERVED TIME   RECORD YEAR NORMAL DEPARTURE
                VALUE   (LST)  VALUE       VALUE  FROM
                                                  NORMAL
...............................................................
TEMPERATURE (F)
 YESTERDAY
  MAXIMUM         93    245 PM  96    1958  79     14
  MINIMUM         42    455 AM  29    1966  46     -4
  AVERAGE         68                        62      6

PRECIPITATION (IN)
  YESTERDAY        0.00          1.07 2005   0.01  -0.01
  MONTH TO DATE    0.00                      0.18  -0.18
  SINCE OCT 1      0.00                      0.18  -0.18
  SINCE JAN 1      4.62                      5.43  -0.81

SNOWFALL (IN)
  YESTERDAY        0.0           0.0    MM
  MONTH TO DATE    0.0
  SINCE SEP 1      0.0
  SINCE JUL 1      0.0
  SNOW DEPTH       0

DEGREE DAYS
 HEATING
  YESTERDAY        0                               -4
  MONTH TO DATE   60                               18
  SINCE SEP 1     80                               26
  SINCE JUL 1     80                               26

 COOLING
  YESTERDAY        3                                2
  MONTH TO DATE   23                              -20
  SINCE SEP 1    290                              -24
  SINCE JAN 1   2194                              321
...............................................................


WIND (MPH)
  HIGHEST WIND SPEED    22   HIGHEST WIND DIRECTION     W (270)
  HIGHEST GUST SPEED    26   HIGHEST GUST DIRECTION     W (280)
  AVERAGE WIND SPEED     5.8




RELATIVE HUMIDITY (PERCENT)
 HIGHEST    25
 LOWEST      5
 AVERAGE    15

..........................................................


THE LANCASTER FOX FIELD CA CLIMATE NORMALS FOR TODAY
                         NORMAL    RECORD    YEAR
 MAXIMUM TEMPERATURE (F)   79        94      1988
 MINIMUM TEMPERATURE (F)   45        31      1998


SUNRISE AND SUNSET
OCTOBER 18 2017.......SUNRISE   701 AM PDT   SUNSET   614 PM PDT
OCTOBER 19 2017.......SUNRISE   702 AM PDT   SUNSET   613 PM PDT


-  INDICATES NEGATIVE NUMBERS.
R  INDICATES RECORD WAS SET OR TIED.
MM INDICATES DATA IS MISSING.
T  INDICATES TRACE AMOUNT.




$$
