000
CDUS46 KLOX 310926
CLIWJF


CLIMATE REPORT
NATIONAL WEATHER SERVICE LOS ANGELES/OXNARD CA
225 AM PDT TUE MAY 31 2016


...................................

...THE LANCASTER FOX FIELD CA CLIMATE SUMMARY FOR MAY 30 2016...

CLIMATE NORMAL PERIOD 1981 TO 2010
CLIMATE RECORD PERIOD 1948 TO 2016


WEATHER ITEM   OBSERVED TIME   RECORD YEAR NORMAL DEPARTURE
                VALUE   (LST)  VALUE       VALUE  FROM
                                                  NORMAL
...............................................................
TEMPERATURE (F)
 YESTERDAY
  MAXIMUM         96    222 PM 102    2001  86     10
  MINIMUM         69    526 AM  41    1966  57     12
  AVERAGE         83                        72     11

PRECIPITATION (IN)
  YESTERDAY        0.00          T    2009   0.00   0.00
  MONTH TO DATE    0.00                      0.09  -0.09
  SINCE OCT 1      3.82                      6.99  -3.17
  SINCE JAN 1      2.53                      4.86  -2.33

SNOWFALL (IN)
  YESTERDAY        0.0           0.0    MM
  MONTH TO DATE    0.0
  SINCE MAR 1      0.0
  SINCE JUL 1      0.0
  SNOW DEPTH       0

DEGREE DAYS
 HEATING
  YESTERDAY        0                               -1
  MONTH TO DATE   51                               -8
  SINCE MAR 1    421                             -213
  SINCE JUL 1   2672                             -255

 COOLING
  YESTERDAY       18                               10
  MONTH TO DATE  123                              -28
  SINCE MAR 1    144                              -37
  SINCE JAN 1    147                              -34
...............................................................


WIND (MPH)
  HIGHEST WIND SPEED    31   HIGHEST WIND DIRECTION     W (270)
  HIGHEST GUST SPEED    38   HIGHEST GUST DIRECTION     W (270)
  AVERAGE WIND SPEED    14.8




RELATIVE HUMIDITY (PERCENT)
 HIGHEST    37
 LOWEST     10
 AVERAGE    24

..........................................................


THE LANCASTER FOX FIELD CA CLIMATE NORMALS FOR TODAY
                         NORMAL    RECORD    YEAR
 MAXIMUM TEMPERATURE (F)   87       104      2001
 MINIMUM TEMPERATURE (F)   58        41      1971


SUNRISE AND SUNSET
MAY 31 2016...........SUNRISE   541 AM PDT   SUNSET   801 PM PDT
JUNE  1 2016..........SUNRISE   541 AM PDT   SUNSET   801 PM PDT


-  INDICATES NEGATIVE NUMBERS.
R  INDICATES RECORD WAS SET OR TIED.
MM INDICATES DATA IS MISSING.
T  INDICATES TRACE AMOUNT.




$$
