000
CDUS46 KLOX 190910
CLIWJF


CLIMATE REPORT
NATIONAL WEATHER SERVICE LOS ANGELES/OXNARD CA
210 AM PDT FRI SEP 19 2014


...................................

...THE LANCASTER FOX FIELD CA CLIMATE SUMMARY FOR SEPTEMBER 18 2014...

CLIMATE NORMAL PERIOD 1981 TO 2010
CLIMATE RECORD PERIOD 1948 TO 2014


WEATHER ITEM   OBSERVED TIME   RECORD YEAR NORMAL DEPARTURE
                VALUE   (LST)  VALUE       VALUE  FROM
                                                  NORMAL
...............................................................
TEMPERATURE (F)
 YESTERDAY
  MAXIMUM         86    136 PM 102    1952  90     -4
  MINIMUM         65    539 AM  41    1993  56      9
  AVERAGE         76                        73      3

PRECIPITATION (IN)
  YESTERDAY        0.00          0.49 1963   0.01  -0.01
  MONTH TO DATE    T                         0.08  -0.08
  SINCE JUL 1      0.03                      0.27  -0.24
  SINCE JAN 1      2.35                      5.18  -2.83

SNOWFALL (IN)
  YESTERDAY        0.0           0.0    MM
  MONTH TO DATE    0.0
  SINCE SEP 1      0.0
  SINCE JUL 1      0.0
  SNOW DEPTH       0

DEGREE DAYS
 HEATING
  YESTERDAY        0                                0
  MONTH TO DATE    0                                0
  SINCE SEP 1      0                                0
  SINCE JUL 1      0                                0

 COOLING
  YESTERDAY       11                                3
  MONTH TO DATE  259                               64
  SINCE SEP 1    259                               64
  SINCE JAN 1   1910                              156
...............................................................


WIND (MPH)
  HIGHEST WIND SPEED    28   HIGHEST WIND DIRECTION    SW (220)
  HIGHEST GUST SPEED    33   HIGHEST GUST DIRECTION    SW (220)
  AVERAGE WIND SPEED    15.7




RELATIVE HUMIDITY (PERCENT)
 HIGHEST    58
 LOWEST     28
 AVERAGE    43

..........................................................


THE LANCASTER FOX FIELD CA CLIMATE NORMALS FOR TODAY
                         NORMAL    RECORD    YEAR
 MAXIMUM TEMPERATURE (F)   90       102      1949
 MINIMUM TEMPERATURE (F)   56        38      1978


SUNRISE AND SUNSET
SEPTEMBER 19 2014.....SUNRISE   639 AM PDT   SUNSET   654 PM PDT
SEPTEMBER 20 2014.....SUNRISE   639 AM PDT   SUNSET   652 PM PDT


-  INDICATES NEGATIVE NUMBERS.
R  INDICATES RECORD WAS SET OR TIED.
MM INDICATES DATA IS MISSING.
T  INDICATES TRACE AMOUNT.




$$
