000
CDUS45 KLKN 050926
CLIWMC


CLIMATE REPORT
NATIONAL WEATHER SERVICE ELKO NV
226 AM PDT THU MAY 5 2016


...................................

...THE WINNEMUCCA AIRPORT NV CLIMATE SUMMARY FOR MAY 4 2016...

CLIMATE NORMAL PERIOD 1981 TO 2010
CLIMATE RECORD PERIOD 1877 TO 2016


WEATHER ITEM   OBSERVED TIME   RECORD YEAR NORMAL DEPARTURE LAST
                VALUE   (LST)  VALUE       VALUE  FROM      YEAR
                                                  NORMAL
..................................................................
TEMPERATURE (F)
 YESTERDAY
  MAXIMUM         76   1152 AM  89    2004  68      8       79
  MINIMUM         43    428 AM  14    1959  35      8       38
  AVERAGE         60                        52      8       59

PRECIPITATION (IN)
  YESTERDAY        0.00          0.45 1892   0.03  -0.03     0.00
  MONTH TO DATE    T                         0.15  -0.15     0.00
  SINCE OCT 1      8.20                      5.88   2.32     5.74
  SINCE JAN 1      3.92                      3.40   0.52     3.17

SNOWFALL (IN)
  YESTERDAY        0.0           2.1  1975   0.0    0.0      0.0
  MONTH TO DATE    0.0                       0.0    0.0      0.0
  SINCE MAR 1      1.7                       4.8   -3.1      2.4
  SINCE JUL 1     21.1                      20.8    0.3      5.3
  SNOW DEPTH       0

DEGREE DAYS
 HEATING
  YESTERDAY        5                        13     -8        6
  MONTH TO DATE   45                        55    -10       24
  SINCE MAR 1   1167                      1346   -179     1199
  SINCE JUL 1   5344                      5935   -591     4981

 COOLING
  YESTERDAY        0                         0      0        0
  MONTH TO DATE    0                         0      0        0
  SINCE MAR 1      0                         0      0        0
  SINCE JAN 1      0                         0      0        0
..................................................................


WIND (MPH)
  HIGHEST WIND SPEED    18   HIGHEST WIND DIRECTION     S (190)
  HIGHEST GUST SPEED    24   HIGHEST GUST DIRECTION    SE (150)
  AVERAGE WIND SPEED     7.4



WEATHER CONDITIONS
 THE FOLLOWING WEATHER WAS RECORDED YESTERDAY.
  NO SIGNIFICANT WEATHER WAS OBSERVED.


RELATIVE HUMIDITY (PERCENT)
 HIGHEST    70           400 AM
 LOWEST     16          1200 PM
 AVERAGE    43

..........................................................


THE WINNEMUCCA AIRPORT NV CLIMATE NORMALS FOR TODAY
                         NORMAL    RECORD    YEAR
 MAXIMUM TEMPERATURE (F)   69        90      1992
                                             1947
 MINIMUM TEMPERATURE (F)   35        16      1961


SUNRISE AND SUNSET
MAY  5 2016...........SUNRISE   544 AM PDT   SUNSET   753 PM PDT
MAY  6 2016...........SUNRISE   543 AM PDT   SUNSET   754 PM PDT


-  INDICATES NEGATIVE NUMBERS.
R  INDICATES RECORD WAS SET OR TIED.
MM INDICATES DATA IS MISSING.
T  INDICATES TRACE AMOUNT.




$$
