000
CDUS45 KLKN 020928
CLIWMC


CLIMATE REPORT
NATIONAL WEATHER SERVICE ELKO NV
227 AM PDT SUN AUG 2 2015


...................................

...THE WINNEMUCCA AIRPORT NV CLIMATE SUMMARY FOR AUGUST 1 2015...

CLIMATE NORMAL PERIOD 1981 TO 2010
CLIMATE RECORD PERIOD 1877 TO 2015


WEATHER ITEM   OBSERVED TIME   RECORD YEAR NORMAL DEPARTURE LAST
                VALUE   (LST)  VALUE       VALUE  FROM      YEAR
                                                  NORMAL
..................................................................
TEMPERATURE (F)
 YESTERDAY
  MAXIMUM        101    356 PM 104    1977  94      7       96
  MINIMUM         50    509 AM  37    1985  52     -2       55
  AVERAGE         76                        73      3       76

PRECIPITATION (IN)
  YESTERDAY        0.00          0.54 1976   0.01  -0.01     0.09
  MONTH TO DATE    0.00                      0.01  -0.01     0.09
  SINCE OCT 1      8.90                      7.67   1.23     6.84
  SINCE JAN 1      6.33                      5.19   1.14     4.18

SNOWFALL (IN)
  YESTERDAY        0.0           0.0  1877   0.0    0.0      0.0
  MONTH TO DATE    0.0                       0.0    0.0      0.0
  SINCE JUN 1      0.0                       T      0.0      0.0
  SINCE JUL 1      0.0                       0.0    0.0      0.0
  SNOW DEPTH       0

DEGREE DAYS
 HEATING
  YESTERDAY        0                         0      0        0
  MONTH TO DATE    0                         0      0        0
  SINCE JUN 1     27                       115    -88       74
  SINCE JUL 1      5                        10     -5        0

 COOLING
  YESTERDAY       11                         8      3       11
  MONTH TO DATE   11                         8      3       11
  SINCE JUN 1    416                       330     86      479
  SINCE JAN 1    420                       341     79      488
..................................................................


WIND (MPH)
  HIGHEST WIND SPEED    29   HIGHEST WIND DIRECTION    SE (120)
  HIGHEST GUST SPEED    38   HIGHEST GUST DIRECTION     E (110)
  AVERAGE WIND SPEED     6.3



WEATHER CONDITIONS
 THE FOLLOWING WEATHER WAS RECORDED YESTERDAY.
  HAZE


RELATIVE HUMIDITY (PERCENT)
 HIGHEST    41           500 AM
 LOWEST      6           100 PM
 AVERAGE    24

..........................................................


THE WINNEMUCCA AIRPORT NV CLIMATE NORMALS FOR TODAY
                         NORMAL    RECORD    YEAR
 MAXIMUM TEMPERATURE (F)   94       104      1977
 MINIMUM TEMPERATURE (F)   52        39      1985
                                             1975
                                             1964


SUNRISE AND SUNSET
AUGUST  2 2015........SUNRISE   548 AM PDT   SUNSET   806 PM PDT
AUGUST  3 2015........SUNRISE   549 AM PDT   SUNSET   805 PM PDT


-  INDICATES NEGATIVE NUMBERS.
R  INDICATES RECORD WAS SET OR TIED.
MM INDICATES DATA IS MISSING.
T  INDICATES TRACE AMOUNT.




$$
