000
CDUS45 KLKN 310947
CLIWMC


CLIMATE REPORT
NATIONAL WEATHER SERVICE ELKO NV
246 AM PDT FRI OCT 31 2014


...................................

...THE WINNEMUCCA AIRPORT NV CLIMATE SUMMARY FOR OCTOBER 30 2014...

CLIMATE NORMAL PERIOD 1981 TO 2010
CLIMATE RECORD PERIOD 1877 TO 2014


WEATHER ITEM   OBSERVED TIME   RECORD YEAR NORMAL DEPARTURE LAST
                VALUE   (LST)  VALUE       VALUE  FROM      YEAR
                                                  NORMAL
..................................................................
TEMPERATURE (F)
 YESTERDAY
  MAXIMUM         70    300 PM  77    1962  60     10       42
  MINIMUM         30    653 AM  10    2002  26      4       28
  AVERAGE         50                        43      7       35

PRECIPITATION (IN)
  YESTERDAY        0.00          1.07 1933   0.02  -0.02     0.00
  MONTH TO DATE    0.09                      0.64  -0.55     1.48
  SINCE OCT 1      0.09                      0.64  -0.55     1.48
  SINCE JAN 1      6.07                      6.44  -0.37     4.54

SNOWFALL (IN)
  YESTERDAY        0.0           3.0  1946   0.1   -0.1      0.0
  MONTH TO DATE    0.0                       0.5   -0.5      6.6
  SINCE SEP 1      T                         0.5   -0.5      6.6
  SINCE JUL 1      T                         0.5   -0.5      6.6
  SNOW DEPTH       0

DEGREE DAYS
 HEATING
  YESTERDAY       15                        22     -7       30
  MONTH TO DATE  406                       498    -92      608
  SINCE SEP 1    491                       672   -181      756
  SINCE JUL 1    510                       702   -192      756

 COOLING
  YESTERDAY        0                         0      0        0
  MONTH TO DATE    0                         0      0        0
  SINCE SEP 1     49                        31     18       81
  SINCE JAN 1    674                       541    133      762
..................................................................


WIND (MPH)
  HIGHEST WIND SPEED    12   HIGHEST WIND DIRECTION     N (20)
  HIGHEST GUST SPEED    16   HIGHEST GUST DIRECTION    NE (30)
  AVERAGE WIND SPEED     5.4



WEATHER CONDITIONS
 THE FOLLOWING WEATHER WAS RECORDED YESTERDAY.
  NO SIGNIFICANT WEATHER WAS OBSERVED.


RELATIVE HUMIDITY (PERCENT)
 HIGHEST    63           700 AM
 LOWEST     20           200 PM
 AVERAGE    42

..........................................................


THE WINNEMUCCA AIRPORT NV CLIMATE NORMALS FOR TODAY
                         NORMAL    RECORD    YEAR
 MAXIMUM TEMPERATURE (F)   59        76      1988
 MINIMUM TEMPERATURE (F)   26        -2      2002


SUNRISE AND SUNSET
OCTOBER 31 2014.......SUNRISE   721 AM PDT   SUNSET   548 PM PDT
NOVEMBER  1 2014......SUNRISE   722 AM PDT   SUNSET   547 PM PDT


-  INDICATES NEGATIVE NUMBERS.
R  INDICATES RECORD WAS SET OR TIED.
MM INDICATES DATA IS MISSING.
T  INDICATES TRACE AMOUNT.




$$
