000
CDUS45 KLKN 250930
CLIWMC


CLIMATE REPORT
NATIONAL WEATHER SERVICE ELKO NV
127 AM PST SUN JAN 25 2015


...................................

...THE WINNEMUCCA AIRPORT NV CLIMATE SUMMARY FOR JANUARY 24 2015...

CLIMATE NORMAL PERIOD 1981 TO 2010
CLIMATE RECORD PERIOD 1877 TO 2015


WEATHER ITEM   OBSERVED TIME   RECORD YEAR NORMAL DEPARTURE LAST
                VALUE   (LST)  VALUE       VALUE  FROM      YEAR
                                                  NORMAL
..................................................................
TEMPERATURE (F)
 YESTERDAY
  MAXIMUM         55    347 PM  60    1946  42     13       52
  MINIMUM         16    609 AM -23    1949  20     -4       17
  AVERAGE         36                        31      5       35

PRECIPITATION (IN)
  YESTERDAY        0.00          0.55 2000   0.02  -0.02     0.00
  MONTH TO DATE    0.13                      0.70  -0.57     0.02
  SINCE OCT 1      2.70                      3.18  -0.48     2.68
  SINCE JAN 1      0.13                      0.70  -0.57     0.02

SNOWFALL (IN)
  YESTERDAY        0.0           4.5  1937   0.1   -0.1      0.0
  MONTH TO DATE    T                         2.9   -2.9      0.0
  SINCE DEC 1      T                         8.2   -8.2      9.9
  SINCE JUL 1      2.3                      11.7   -9.4     16.5
  SNOW DEPTH       0

DEGREE DAYS
 HEATING
  YESTERDAY       29                        34     -5       30
  MONTH TO DATE  741                       847   -106      751
  SINCE DEC 1   1626                      1952   -326     2194
  SINCE JUL 1   2920                      3520   -600     3739

 COOLING
  YESTERDAY        0                         0      0        0
  MONTH TO DATE    0                         0      0        0
  SINCE DEC 1      0                         0      0        0
  SINCE JAN 1      0                         0      0        0
..................................................................


WIND (MPH)
  HIGHEST WIND SPEED    10   HIGHEST WIND DIRECTION    SE (130)
  HIGHEST GUST SPEED    17   HIGHEST GUST DIRECTION    NE (30)
  AVERAGE WIND SPEED     3.6



WEATHER CONDITIONS
 THE FOLLOWING WEATHER WAS RECORDED YESTERDAY.
  NO SIGNIFICANT WEATHER WAS OBSERVED.


RELATIVE HUMIDITY (PERCENT)
 HIGHEST    84          1200 AM
 LOWEST     35           300 PM
 AVERAGE    60

..........................................................


THE WINNEMUCCA AIRPORT NV CLIMATE NORMALS FOR TODAY
                         NORMAL    RECORD    YEAR
 MAXIMUM TEMPERATURE (F)   43        61      1975
 MINIMUM TEMPERATURE (F)   20       -28      1949


SUNRISE AND SUNSET
JANUARY 25 2015.......SUNRISE   708 AM PST   SUNSET   500 PM PST
JANUARY 26 2015.......SUNRISE   707 AM PST   SUNSET   501 PM PST


-  INDICATES NEGATIVE NUMBERS.
R  INDICATES RECORD WAS SET OR TIED.
MM INDICATES DATA IS MISSING.
T  INDICATES TRACE AMOUNT.




$$
