000
CDUS45 KLKN 020930
CLIWMC


CLIMATE REPORT
NATIONAL WEATHER SERVICE ELKO NV
230 AM PDT THU JUL 2 2015


...................................

...THE WINNEMUCCA AIRPORT NV CLIMATE SUMMARY FOR JULY 1 2015...

CLIMATE NORMAL PERIOD 1981 TO 2010
CLIMATE RECORD PERIOD 1877 TO 2015


WEATHER ITEM   OBSERVED TIME   RECORD YEAR NORMAL DEPARTURE LAST
                VALUE   (LST)  VALUE       VALUE  FROM      YEAR
                                                  NORMAL
..................................................................
TEMPERATURE (F)
 YESTERDAY
  MAXIMUM        102    357 PM 107    2013  89     13       99
  MINIMUM         70    257 AM  34    1968  50     20       53
  AVERAGE         86                        70     16       76

PRECIPITATION (IN)
  YESTERDAY        0.00          0.86 1982   0.01  -0.01     0.00
  MONTH TO DATE    0.00                      0.01  -0.01     0.00
  SINCE OCT 1      8.24                      7.42   0.82     6.65
  SINCE JAN 1      5.67                      4.94   0.73     3.99

SNOWFALL (IN)
  YESTERDAY        0.0           0.0  1877   0.0    0.0      0.0
  MONTH TO DATE    0.0                       0.0    0.0      0.0
  SINCE JUN 1      0.0                       T      0.0      0.0
  SINCE JUL 1      0.0                       0.0    0.0      0.0
  SNOW DEPTH       0

DEGREE DAYS
 HEATING
  YESTERDAY        0                         1     -1        0
  MONTH TO DATE    0                         1     -1        0
  SINCE JUN 1     22                       106    -84       74
  SINCE JUL 1      0                         1     -1        0

 COOLING
  YESTERDAY       21                         5     16       11
  MONTH TO DATE   21                         5     16       11
  SINCE JUN 1    234                        84    150       85
  SINCE JAN 1    238                        95    143       94
..................................................................


WIND (MPH)
  HIGHEST WIND SPEED    15   HIGHEST WIND DIRECTION    NW (300)
  HIGHEST GUST SPEED    25   HIGHEST GUST DIRECTION     W (280)
  AVERAGE WIND SPEED     6.4



WEATHER CONDITIONS
 THE FOLLOWING WEATHER WAS RECORDED YESTERDAY.
  HAZE


RELATIVE HUMIDITY (PERCENT)
 HIGHEST    41           200 AM
 LOWEST     12           400 PM
 AVERAGE    27

..........................................................


THE WINNEMUCCA AIRPORT NV CLIMATE NORMALS FOR TODAY
                         NORMAL    RECORD    YEAR
 MAXIMUM TEMPERATURE (F)   90       106      2013
 MINIMUM TEMPERATURE (F)   50        33      1902


SUNRISE AND SUNSET
JULY  2 2015..........SUNRISE   524 AM PDT   SUNSET   827 PM PDT
JULY  3 2015..........SUNRISE   524 AM PDT   SUNSET   827 PM PDT


-  INDICATES NEGATIVE NUMBERS.
R  INDICATES RECORD WAS SET OR TIED.
MM INDICATES DATA IS MISSING.
T  INDICATES TRACE AMOUNT.




$$
