000
CDUS45 KLKN 120932
CLIWMC


CLIMATE REPORT
NATIONAL WEATHER SERVICE ELKO NV
131 AM PST TUE DEC 12 2017


...................................

...THE WINNEMUCCA AIRPORT NV CLIMATE SUMMARY FOR DECEMBER 11 2017...

CLIMATE NORMAL PERIOD 1981 TO 2010
CLIMATE RECORD PERIOD 1877 TO 2017


WEATHER ITEM   OBSERVED TIME   RECORD YEAR NORMAL DEPARTURE LAST
                VALUE   (LST)  VALUE       VALUE  FROM      YEAR
                                                  NORMAL
..................................................................
TEMPERATURE (F)
 YESTERDAY
  MAXIMUM         46    227 PM  64    2014  42      4       45
                                      1958
  MINIMUM          5    739 AM -33    1972  18    -13       25
  AVERAGE         26                        30     -4       35

PRECIPITATION (IN)
  YESTERDAY        0.00          0.60 1889   0.03  -0.03     0.00
  MONTH TO DATE    0.12                      0.32  -0.20     0.96
  SINCE OCT 1      1.15                      1.87  -0.72     3.30
  SINCE JAN 1      8.23                      7.67   0.56     8.12

SNOWFALL (IN)
  YESTERDAY        0.0           3.0  1894   0.2   -0.2      0.0
  MONTH TO DATE    0.8                       1.8   -1.0      2.8
  SINCE DEC 1      0.8                       1.8   -1.0      2.8
  SINCE JUL 1      0.8                       5.3   -4.5      3.4
  SNOW DEPTH       0

DEGREE DAYS
 HEATING
  YESTERDAY       39                        35      4       30
  MONTH TO DATE  401                       379     22      387
  SINCE DEC 1    401                       379     22      387
  SINCE JUL 1   1837                      1947   -110     1722

 COOLING
  YESTERDAY        0                         0      0        0
  MONTH TO DATE    0                         0      0        0
  SINCE DEC 1      0                         0      0        0
  SINCE JAN 1    927                       541    386      577
..................................................................


WIND (MPH)
  HIGHEST WIND SPEED     9   HIGHEST WIND DIRECTION    SE (140)
  HIGHEST GUST SPEED    12   HIGHEST GUST DIRECTION    NW (300)
  AVERAGE WIND SPEED     2.6



WEATHER CONDITIONS
 THE FOLLOWING WEATHER WAS RECORDED YESTERDAY.
  NO SIGNIFICANT WEATHER WAS OBSERVED.


RELATIVE HUMIDITY (PERCENT)
 HIGHEST    83          1200 AM
 LOWEST     36           400 PM
 AVERAGE    60

..........................................................


THE WINNEMUCCA AIRPORT NV CLIMATE NORMALS FOR TODAY
                         NORMAL    RECORD    YEAR
 MAXIMUM TEMPERATURE (F)   41        60      2010
                                             1921
 MINIMUM TEMPERATURE (F)   17       -24      1932


SUNRISE AND SUNSET
DECEMBER 12 2017......SUNRISE   707 AM PST   SUNSET   423 PM PST
DECEMBER 13 2017......SUNRISE   707 AM PST   SUNSET   424 PM PST


-  INDICATES NEGATIVE NUMBERS.
R  INDICATES RECORD WAS SET OR TIED.
MM INDICATES DATA IS MISSING.
T  INDICATES TRACE AMOUNT.




$$
