000
CDUS45 KLKN 220030
CLIWMC


CLIMATE REPORT
NATIONAL WEATHER SERVICE ELKO NV
528 PM PDT SAT OCT 21 2017


...................................

...THE WINNEMUCCA AIRPORT NV CLIMATE SUMMARY FOR OCTOBER 21 2017...
VALID TODAY AS OF 0500 PM LOCAL TIME.

CLIMATE NORMAL PERIOD 1981 TO 2010
CLIMATE RECORD PERIOD 1877 TO 2017


WEATHER ITEM   OBSERVED TIME   RECORD YEAR NORMAL DEPARTURE LAST
                VALUE   (LST)  VALUE       VALUE  FROM      YEAR
                                                  NORMAL
..................................................................
TEMPERATURE (F)
 TODAY
  MAXIMUM         53    233 PM  85    2003  65    -12       72
  MINIMUM         17    612 AM   5    1996  28    -11       26
  AVERAGE         35                        46    -11       49

PRECIPITATION (IN)
  TODAY            T             0.26 1961   0.02  -0.02     0.00
  MONTH TO DATE    0.08                      0.44  -0.36     0.47
  SINCE OCT 1      0.08                      0.44  -0.36     0.47
  SINCE JAN 1      7.16                      6.24   0.92     5.29

SNOWFALL (IN)
  TODAY            0.0           0.0  1877   0.1   -0.1      0.0
  MONTH TO DATE    0.0                       0.3   -0.3       T
  SINCE SEP 1      0.0                       0.3   -0.3       T
  SINCE JUL 1      0.0                       0.3   -0.3       T
  SNOW DEPTH       0

DEGREE DAYS
 HEATING
  TODAY           30                        19     11       16
  MONTH TO DATE  432                       313    119      330
  SINCE SEP 1    660                       487    173      499
  SINCE JUL 1    660                       517    143      519

 COOLING
  TODAY            0                         0      0        0
  MONTH TO DATE    0                         0      0        0
  SINCE SEP 1    120                        31     89       12
  SINCE JAN 1    927                       541    386      577
..................................................................


WIND (MPH)
  HIGHEST WIND SPEED    16   HIGHEST WIND DIRECTION     S (180)
  HIGHEST GUST SPEED    20   HIGHEST GUST DIRECTION     S (190)



WEATHER CONDITIONS
 THE FOLLOWING WEATHER WAS RECORDED TODAY.
  LIGHT RAIN


RELATIVE HUMIDITY (PERCENT)
 HIGHEST    92          1200 AM
 LOWEST     38           100 PM
 AVERAGE    65

..........................................................


THE WINNEMUCCA AIRPORT NV CLIMATE NORMALS FOR TOMORROW
                         NORMAL    RECORD    YEAR
 MAXIMUM TEMPERATURE (F)   64        83      2003
 MINIMUM TEMPERATURE (F)   28        11      1996


SUNRISE AND SUNSET
OCTOBER 21 2017.......SUNRISE   710 AM PDT   SUNSET   601 PM PDT
OCTOBER 22 2017.......SUNRISE   711 AM PDT   SUNSET   600 PM PDT


-  INDICATES NEGATIVE NUMBERS.
R  INDICATES RECORD WAS SET OR TIED.
MM INDICATES DATA IS MISSING.
T  INDICATES TRACE AMOUNT.




$$
