000
CDUS45 KLKN 200932
CLIWMC


CLIMATE REPORT
NATIONAL WEATHER SERVICE ELKO NV
131 AM PST SAT DEC 20 2014


...................................

...THE WINNEMUCCA AIRPORT NV CLIMATE SUMMARY FOR DECEMBER 19 2014...

CLIMATE NORMAL PERIOD 1981 TO 2010
CLIMATE RECORD PERIOD 1877 TO 2014


WEATHER ITEM   OBSERVED TIME   RECORD YEAR NORMAL DEPARTURE LAST
                VALUE   (LST)  VALUE       VALUE  FROM      YEAR
                                                  NORMAL
..................................................................
TEMPERATURE (F)
 YESTERDAY
  MAXIMUM         42    147 PM  65    1917  41      1       31
  MINIMUM         33    641 AM -25    1924  17     16       -2
  AVERAGE         38                        29      9       15

PRECIPITATION (IN)
  YESTERDAY        0.22          0.38 1895   0.03   0.19     0.06
  MONTH TO DATE    0.34                      0.55  -0.21     0.61
  SINCE OCT 1      1.75                      2.10  -0.35     2.66
  SINCE JAN 1      7.73                      7.90  -0.17     5.72

SNOWFALL (IN)
  YESTERDAY        0.0           4.5  2008   0.2   -0.2      0.8
  MONTH TO DATE    T                         3.1   -3.1      9.9
  SINCE DEC 1      T                         3.1   -3.1      9.9
  SINCE JUL 1      2.3                       6.6   -4.3     16.5
  SNOW DEPTH       0

DEGREE DAYS
 HEATING
  YESTERDAY       27                        36     -9       50
  MONTH TO DATE  495                       667   -172      976
  SINCE DEC 1    495                       667   -172      976
  SINCE JUL 1   1789                      2235   -446     2521

 COOLING
  YESTERDAY        0                         0      0        0
  MONTH TO DATE    0                         0      0        0
  SINCE DEC 1      0                         0      0        0
  SINCE JAN 1    674                       541    133      762
..................................................................


WIND (MPH)
  HIGHEST WIND SPEED    17   HIGHEST WIND DIRECTION     S (160)
  HIGHEST GUST SPEED    21   HIGHEST GUST DIRECTION     S (170)
  AVERAGE WIND SPEED     9.0



WEATHER CONDITIONS
 THE FOLLOWING WEATHER WAS RECORDED YESTERDAY.
  RAIN
  LIGHT RAIN
  FOG


RELATIVE HUMIDITY (PERCENT)
 HIGHEST    96           600 PM
 LOWEST     60          1000 AM
 AVERAGE    78

..........................................................


THE WINNEMUCCA AIRPORT NV CLIMATE NORMALS FOR TODAY
                         NORMAL    RECORD    YEAR
 MAXIMUM TEMPERATURE (F)   40        58      1933
 MINIMUM TEMPERATURE (F)   17       -19      1990


SUNRISE AND SUNSET
DECEMBER 20 2014......SUNRISE   712 AM PST   SUNSET   426 PM PST
DECEMBER 21 2014......SUNRISE   712 AM PST   SUNSET   426 PM PST


-  INDICATES NEGATIVE NUMBERS.
R  INDICATES RECORD WAS SET OR TIED.
MM INDICATES DATA IS MISSING.
T  INDICATES TRACE AMOUNT.




$$
