000
CDUS45 KLKN 280929
CLIWMC


CLIMATE REPORT
NATIONAL WEATHER SERVICE ELKO NV
226 AM PDT SUN AUG 28 2016


...................................

...THE WINNEMUCCA AIRPORT NV CLIMATE SUMMARY FOR AUGUST 27 2016...

CLIMATE NORMAL PERIOD 1981 TO 2010
CLIMATE RECORD PERIOD 1877 TO 2016


WEATHER ITEM   OBSERVED TIME   RECORD YEAR NORMAL DEPARTURE LAST
                VALUE   (LST)  VALUE       VALUE  FROM      YEAR
                                                  NORMAL
..................................................................
TEMPERATURE (F)
 YESTERDAY
  MAXIMUM         91    310 PM 102    1924  88      3       92
  MINIMUM         40    442 AM  30    1954  46     -6       51
  AVERAGE         66                        67     -1       72

PRECIPITATION (IN)
  YESTERDAY        0.00          0.41 1904   0.01  -0.01     0.00
  MONTH TO DATE    T                         0.15  -0.15     0.23
  SINCE OCT 1      8.86                      7.81   1.05     9.13
  SINCE JAN 1      4.58                      5.33  -0.75     6.56

SNOWFALL (IN)
  YESTERDAY        0.0           0.0  1877   0.0    0.0      0.0
  MONTH TO DATE    0.0                       0.0    0.0      0.0
  SINCE JUN 1      0.0                       T      0.0      0.0
  SINCE JUL 1      0.0                       0.0    0.0      0.0
  SNOW DEPTH       0

DEGREE DAYS
 HEATING
  YESTERDAY        0                         1     -1        0
  MONTH TO DATE    3                        11     -8        1
  SINCE JUN 1     74                       126    -52       28
  SINCE JUL 1     20                        21     -1        6

 COOLING
  YESTERDAY        1                         3     -2        7
  MONTH TO DATE  178                       164     14      162
  SINCE JUN 1    542                       486     56      567
  SINCE JAN 1    542                       497     45      571
..................................................................


WIND (MPH)
  HIGHEST WIND SPEED    18   HIGHEST WIND DIRECTION     W (270)
  HIGHEST GUST SPEED    24   HIGHEST GUST DIRECTION     W (270)
  AVERAGE WIND SPEED     4.8



WEATHER CONDITIONS
 THE FOLLOWING WEATHER WAS RECORDED YESTERDAY.
  NO SIGNIFICANT WEATHER WAS OBSERVED.


RELATIVE HUMIDITY (PERCENT)
 HIGHEST    41           500 AM
 LOWEST      9           500 PM
 AVERAGE    25

..........................................................


THE WINNEMUCCA AIRPORT NV CLIMATE NORMALS FOR TODAY
                         NORMAL    RECORD    YEAR
 MAXIMUM TEMPERATURE (F)   88       100      1915
 MINIMUM TEMPERATURE (F)   46        34      1962
                                             1881


SUNRISE AND SUNSET
AUGUST 28 2016........SUNRISE   615 AM PDT   SUNSET   729 PM PDT
AUGUST 29 2016........SUNRISE   616 AM PDT   SUNSET   727 PM PDT


-  INDICATES NEGATIVE NUMBERS.
R  INDICATES RECORD WAS SET OR TIED.
MM INDICATES DATA IS MISSING.
T  INDICATES TRACE AMOUNT.




$$
