000
CDUS45 KLKN 240930
CLIWMC


CLIMATE REPORT
NATIONAL WEATHER SERVICE ELKO NV
228 AM PDT FRI MAR 24 2017


...................................

...THE WINNEMUCCA AIRPORT NV CLIMATE SUMMARY FOR MARCH 23 2017...

CLIMATE NORMAL PERIOD 1981 TO 2010
CLIMATE RECORD PERIOD 1877 TO 2017


WEATHER ITEM   OBSERVED TIME   RECORD YEAR NORMAL DEPARTURE LAST
                VALUE   (LST)  VALUE       VALUE  FROM      YEAR
                                                  NORMAL
..................................................................
TEMPERATURE (F)
 YESTERDAY
  MAXIMUM         56    336 PM  77    1960  57     -1       54
  MINIMUM         33    617 AM   9    2013  27      6       13
  AVERAGE         45                        42      3       34

PRECIPITATION (IN)
  YESTERDAY        0.00          0.71 1899   0.03  -0.03     0.00
  MONTH TO DATE    0.33                      0.61  -0.28     0.46
  SINCE OCT 1      7.46                      4.62   2.84     6.85
  SINCE JAN 1      2.92                      2.14   0.78     2.57

SNOWFALL (IN)
  YESTERDAY        0.0           4.1  1904   0.1   -0.1      0.0
  MONTH TO DATE    1.4                       2.5   -1.1       T
  SINCE MAR 1      1.4                       2.5   -1.1       T
  SINCE JUL 1     17.5                      18.5   -1.0     19.4
  SNOW DEPTH       0

DEGREE DAYS
 HEATING
  YESTERDAY       20                        23     -3       31
  MONTH TO DATE  442                       563   -121      461
  SINCE MAR 1    442                       563   -121      461
  SINCE JUL 1   4881                      5152   -271     4638

 COOLING
  YESTERDAY        0                         0      0        0
  MONTH TO DATE    0                         0      0        0
  SINCE MAR 1      0                         0      0        0
  SINCE JAN 1      0                         0      0        0
..................................................................


WIND (MPH)
  HIGHEST WIND SPEED    17   HIGHEST WIND DIRECTION    SW (220)
  HIGHEST GUST SPEED    22   HIGHEST GUST DIRECTION    SW (220)
  AVERAGE WIND SPEED     6.9



WEATHER CONDITIONS
 THE FOLLOWING WEATHER WAS RECORDED YESTERDAY.
  NO SIGNIFICANT WEATHER WAS OBSERVED.


RELATIVE HUMIDITY (PERCENT)
 HIGHEST    89           500 AM
 LOWEST     35           200 PM
 AVERAGE    62

..........................................................


THE WINNEMUCCA AIRPORT NV CLIMATE NORMALS FOR TODAY
                         NORMAL    RECORD    YEAR
 MAXIMUM TEMPERATURE (F)   57        75      1956
 MINIMUM TEMPERATURE (F)   27         9      2013


SUNRISE AND SUNSET
MARCH 24 2017.........SUNRISE   647 AM PDT   SUNSET   708 PM PDT
MARCH 25 2017.........SUNRISE   646 AM PDT   SUNSET   709 PM PDT


-  INDICATES NEGATIVE NUMBERS.
R  INDICATES RECORD WAS SET OR TIED.
MM INDICATES DATA IS MISSING.
T  INDICATES TRACE AMOUNT.




$$
