000
CDUS45 KLKN 270033
CLIWMC


CLIMATE REPORT
NATIONAL WEATHER SERVICE ELKO NV
529 PM PDT MON SEP 26 2016


...................................

...THE WINNEMUCCA AIRPORT NV CLIMATE SUMMARY FOR SEPTEMBER 26 2016...
VALID TODAY AS OF 500 PM LOCAL TIME.

CLIMATE NORMAL PERIOD 1981 TO 2010
CLIMATE RECORD PERIOD 1877 TO 2016


WEATHER ITEM   OBSERVED TIME   RECORD YEAR NORMAL DEPARTURE LAST
                VALUE   (LST)  VALUE       VALUE  FROM      YEAR
                                                  NORMAL
..................................................................
TEMPERATURE (F)
 TODAY
  MAXIMUM         86    332 PM  93    1963  76     10       88
  MINIMUM         40    615 AM  17    1934  36      4       49
  AVERAGE         63                        56      7       69

PRECIPITATION (IN)
  TODAY            0.00          0.36 1923   0.02  -0.02     0.00
  MONTH TO DATE    0.24                      0.37  -0.13     0.06
  SINCE OCT 1      9.10                      8.21   0.89     9.19
  SINCE JAN 1      4.82                      5.73  -0.91     6.62

SNOWFALL (IN)
  TODAY            0.0           1.0  1986   0.0    0.0      0.0
  MONTH TO DATE    0.0                       0.0    0.0      0.0
  SINCE SEP 1      0.0                       0.0    0.0      0.0
  SINCE JUL 1      0.0                       0.0    0.0      0.0
  SNOW DEPTH       0

DEGREE DAYS
 HEATING
  TODAY            2                         9     -7        0
  MONTH TO DATE  164                       134     30      110
  SINCE SEP 1    164                       134     30      110
  SINCE JUL 1    184                       164     20      120

 COOLING
  TODAY            0                         0      0        4
  MONTH TO DATE    7                        29    -22       26
  SINCE SEP 1      7                        29    -22       26
  SINCE JAN 1    572                       539     33      613
..................................................................


WIND (MPH)
  HIGHEST WIND SPEED    15   HIGHEST WIND DIRECTION    NE (40)
  HIGHEST GUST SPEED    19   HIGHEST GUST DIRECTION    NE (30)



WEATHER CONDITIONS
 THE FOLLOWING WEATHER WAS RECORDED TODAY.
  NO SIGNIFICANT WEATHER WAS OBSERVED.


RELATIVE HUMIDITY (PERCENT)
 HIGHEST    70           600 AM
 LOWEST     15           300 PM
 AVERAGE    43

..........................................................


THE WINNEMUCCA AIRPORT NV CLIMATE NORMALS FOR TOMORROW
                         NORMAL    RECORD    YEAR
 MAXIMUM TEMPERATURE (F)   76        94      1963
 MINIMUM TEMPERATURE (F)   35        19      1900


SUNRISE AND SUNSET
SEPTEMBER 26 2016.....SUNRISE   643 AM PDT   SUNSET   641 PM PDT
SEPTEMBER 27 2016.....SUNRISE   644 AM PDT   SUNSET   639 PM PDT


-  INDICATES NEGATIVE NUMBERS.
R  INDICATES RECORD WAS SET OR TIED.
MM INDICATES DATA IS MISSING.
T  INDICATES TRACE AMOUNT.




$$
