000
CDUS45 KLKN 240931
CLIWMC


CLIMATE REPORT
NATIONAL WEATHER SERVICE ELKO NV
226 AM PDT SUN MAY 24 2015


...................................

...THE WINNEMUCCA AIRPORT NV CLIMATE SUMMARY FOR MAY 23 2015...

CLIMATE NORMAL PERIOD 1981 TO 2010
CLIMATE RECORD PERIOD 1877 TO 2015


WEATHER ITEM   OBSERVED TIME   RECORD YEAR NORMAL DEPARTURE LAST
                VALUE   (LST)  VALUE       VALUE  FROM      YEAR
                                                  NORMAL
..................................................................
TEMPERATURE (F)
 YESTERDAY
  MAXIMUM         62   1209 PM  95    2001  74    -12       81
  MINIMUM         48    457 AM  23    2010  40      8       36
  AVERAGE         55                        57     -2       59

PRECIPITATION (IN)
  YESTERDAY        0.75          1.13 1917   0.04   0.71     0.00
  MONTH TO DATE    1.60                      0.86   0.74     0.74
  SINCE OCT 1      7.34                      6.59   0.75     6.58
  SINCE JAN 1      4.77                      4.11   0.66     3.92

SNOWFALL (IN)
  YESTERDAY        0.0           0.2  1916   0.0    0.0      0.0
  MONTH TO DATE    0.0                       0.1   -0.1      0.0
  SINCE MAR 1      2.4                       4.9   -2.5      1.9
  SINCE JUL 1      5.3                      20.9  -15.6     23.4
  SNOW DEPTH       0

DEGREE DAYS
 HEATING
  YESTERDAY       10                         9      1        6
  MONTH TO DATE  266                       260      6      246
  SINCE MAR 1   1441                      1551   -110     1474
  SINCE JUL 1   5223                      6140   -917     6133

 COOLING
  YESTERDAY        0                         1     -1        0
  MONTH TO DATE    0                         1     -1        4
  SINCE MAR 1      0                         1     -1        4
  SINCE JAN 1      0                         1     -1        4
..................................................................


WIND (MPH)
  HIGHEST WIND SPEED    14   HIGHEST WIND DIRECTION    SW (240)
  HIGHEST GUST SPEED    19   HIGHEST GUST DIRECTION    SW (240)
  AVERAGE WIND SPEED     4.4



WEATHER CONDITIONS
 THE FOLLOWING WEATHER WAS RECORDED YESTERDAY.
  HEAVY RAIN
  RAIN
  LIGHT RAIN
  FOG


RELATIVE HUMIDITY (PERCENT)
 HIGHEST   100           100 AM
 LOWEST     69          1200 PM
 AVERAGE    85

..........................................................


THE WINNEMUCCA AIRPORT NV CLIMATE NORMALS FOR TODAY
                         NORMAL    RECORD    YEAR
 MAXIMUM TEMPERATURE (F)   75        97      2001
 MINIMUM TEMPERATURE (F)   40        27      2013


SUNRISE AND SUNSET
MAY 24 2015...........SUNRISE   526 AM PDT   SUNSET   810 PM PDT
MAY 25 2015...........SUNRISE   526 AM PDT   SUNSET   811 PM PDT


-  INDICATES NEGATIVE NUMBERS.
R  INDICATES RECORD WAS SET OR TIED.
MM INDICATES DATA IS MISSING.
T  INDICATES TRACE AMOUNT.




$$
