000
CDUS45 KLKN 060939
CLIWMC


CLIMATE REPORT
NATIONAL WEATHER SERVICE ELKO NV
137 AM PST FRI MAR 6 2015


...................................

...THE WINNEMUCCA AIRPORT NV CLIMATE SUMMARY FOR MARCH 5 2015...

CLIMATE NORMAL PERIOD 1981 TO 2010
CLIMATE RECORD PERIOD 1877 TO 2015


WEATHER ITEM   OBSERVED TIME   RECORD YEAR NORMAL DEPARTURE LAST
                VALUE   (LST)  VALUE       VALUE  FROM      YEAR
                                                  NORMAL
..................................................................
TEMPERATURE (F)
 YESTERDAY
  MAXIMUM         58    355 PM  75    1972  53      5       60
  MINIMUM         13    630 AM   8    1976  26    -13       33
                                      1967
  AVERAGE         36                        39     -3       47

PRECIPITATION (IN)
  YESTERDAY        0.00          0.35 1930   0.02  -0.02      T
  MONTH TO DATE    T                         0.13  -0.13     0.35
  SINCE OCT 1      3.74                      4.14  -0.40     4.62
  SINCE JAN 1      1.17                      1.66  -0.49     1.96

SNOWFALL (IN)
  YESTERDAY        0.0           2.5  1930   0.1   -0.1      0.0
  MONTH TO DATE    T                         0.5   -0.5      0.0
  SINCE MAR 1      T                         0.5   -0.5      0.0
  SINCE JUL 1      2.9                      16.5  -13.6     21.5
  SNOW DEPTH       0

DEGREE DAYS
 HEATING
  YESTERDAY       29                        26      3       18
  MONTH TO DATE  159                       131     28       99
  SINCE MAR 1    159                       131     28       99
  SINCE JUL 1   3941                      4720   -779     4758

 COOLING
  YESTERDAY        0                         0      0        0
  MONTH TO DATE    0                         0      0        0
  SINCE MAR 1      0                         0      0        0
  SINCE JAN 1      0                         0      0        0
..................................................................


WIND (MPH)
  HIGHEST WIND SPEED     9   HIGHEST WIND DIRECTION     S (170)
  HIGHEST GUST SPEED    11   HIGHEST GUST DIRECTION    SW (230)
  AVERAGE WIND SPEED     4.4



WEATHER CONDITIONS
 THE FOLLOWING WEATHER WAS RECORDED YESTERDAY.
  NO SIGNIFICANT WEATHER WAS OBSERVED.


RELATIVE HUMIDITY (PERCENT)
 HIGHEST    88           700 AM
 LOWEST     12           500 PM
 AVERAGE    50

..........................................................


THE WINNEMUCCA AIRPORT NV CLIMATE NORMALS FOR TODAY
                         NORMAL    RECORD    YEAR
 MAXIMUM TEMPERATURE (F)   54        72      1972
 MINIMUM TEMPERATURE (F)   26         7      1976
                                             1955


SUNRISE AND SUNSET
MARCH  6 2015.........SUNRISE   618 AM PST   SUNSET   548 PM PST
MARCH  7 2015.........SUNRISE   616 AM PST   SUNSET   549 PM PST


-  INDICATES NEGATIVE NUMBERS.
R  INDICATES RECORD WAS SET OR TIED.
MM INDICATES DATA IS MISSING.
T  INDICATES TRACE AMOUNT.




$$
