000
CDUS45 KLKN 200039
CLIWMC


CLIMATE REPORT
NATIONAL WEATHER SERVICE ELKO NV
438 PM PST MON FEB 19 2018


...................................

...THE WINNEMUCCA AIRPORT NV CLIMATE SUMMARY FOR FEBRUARY 19 2018...
VALID TODAY AS OF 0400 PM LOCAL TIME.

CLIMATE NORMAL PERIOD 1981 TO 2010
CLIMATE RECORD PERIOD 1877 TO 2018


WEATHER ITEM   OBSERVED TIME   RECORD YEAR NORMAL DEPARTURE LAST
                VALUE   (LST)  VALUE       VALUE  FROM      YEAR
                                                  NORMAL
..................................................................
TEMPERATURE (F)
 TODAY
  MAXIMUM         33    141 PM  74    1981  49    -16       56
  MINIMUM         18    722 AM -15    1882  24     -6       34
  AVERAGE         26                        36    -10       45

PRECIPITATION (IN)
  TODAY            0.01          0.52 1892   0.03  -0.02     0.00
  MONTH TO DATE    0.21                      0.44  -0.23     0.40
  SINCE OCT 1      2.08                      3.79  -1.71     6.75
  SINCE JAN 1      0.74                      1.31  -0.57     2.21

SNOWFALL (IN)
  TODAY            0.1           3.7  1880   0.1    0.0      0.0
  MONTH TO DATE    3.0                       2.5    0.5       T
  SINCE DEC 1      6.5                      11.6   -5.1     14.5
  SINCE JUL 1      6.5                      15.1   -8.6     15.1
  SNOW DEPTH       T

DEGREE DAYS
 HEATING
  TODAY           39                        29     10       20
  MONTH TO DATE  552                       587    -35      435
  SINCE DEC 1   2438                      2772   -334     2810
  SINCE JUL 1   3874                      4340   -466     4145

 COOLING
  TODAY            0                         0      0        0
  MONTH TO DATE    0                         0      0        0
  SINCE DEC 1      0                         0      0        0
  SINCE JAN 1      0                         0      0        0
..................................................................


WIND (MPH)
  HIGHEST WIND SPEED    25   HIGHEST WIND DIRECTION    NW (310)
  HIGHEST GUST SPEED    31   HIGHEST GUST DIRECTION    NW (300)



WEATHER CONDITIONS
 THE FOLLOWING WEATHER WAS RECORDED TODAY.
  LIGHT SNOW


RELATIVE HUMIDITY (PERCENT)
 HIGHEST    81           300 AM
 LOWEST     33           300 PM
 AVERAGE    57

..........................................................


THE WINNEMUCCA AIRPORT NV CLIMATE NORMALS FOR TOMORROW
                         NORMAL    RECORD    YEAR
 MAXIMUM TEMPERATURE (F)   49        69      1982
                                             1977
 MINIMUM TEMPERATURE (F)   24       -15      1882


SUNRISE AND SUNSET
FEBRUARY 19 2018......SUNRISE   640 AM PST   SUNSET   531 PM PST
FEBRUARY 20 2018......SUNRISE   638 AM PST   SUNSET   532 PM PST


-  INDICATES NEGATIVE NUMBERS.
R  INDICATES RECORD WAS SET OR TIED.
MM INDICATES DATA IS MISSING.
T  INDICATES TRACE AMOUNT.




$$
