000
CDUS45 KRIW 270739
CLIWRL


CLIMATE REPORT
NATIONAL WEATHER SERVICE RIVERTON WY
1239 AM MST SAT DEC 27 2014


...................................

...THE WORLAND WY CLIMATE SUMMARY FOR DECEMBER 26 2014...

CLIMATE NORMAL PERIOD 1981 TO 2010
CLIMATE RECORD PERIOD 1947 TO 2014


WEATHER ITEM   OBSERVED TIME   RECORD YEAR NORMAL DEPARTURE LAST
                VALUE   (LST)  VALUE       VALUE  FROM      YEAR
                                                  NORMAL
..................................................................
TEMPERATURE (F)
 YESTERDAY
  MAXIMUM         19    155 PM  53    1980  29    -10       30
  MINIMUM          2    820 PM -19    1996   3     -1        3
  AVERAGE         11                        16     -5       17

PRECIPITATION (IN)
  YESTERDAY        T             0.28 2003   0.00   0.00     0.00
  MONTH TO DATE    0.67                      0.19   0.48     0.11
  SINCE DEC 1      0.67                      0.19   0.48     0.11
  SINCE JAN 1      8.23                      7.53   0.70     7.85

DEGREE DAYS
 HEATING
  YESTERDAY       54                        49      5       48
  MONTH TO DATE 1099                      1225   -126     1338
  SINCE DEC 1   1099                      1225   -126     1338
  SINCE JUL 1   3015                      3117   -102     3194

 COOLING
  YESTERDAY        0                         0      0        0
  MONTH TO DATE    0                         0      0        0
  SINCE DEC 1      0                         0      0        0
  SINCE JAN 1    543                       535      8      852
..................................................................


WIND (MPH)
  HIGHEST WIND SPEED     7   HIGHEST WIND DIRECTION    SW (220)
  HIGHEST GUST SPEED     7   HIGHEST GUST DIRECTION    SW (220)
  AVERAGE WIND SPEED     2.4


SKY COVER
  POSSIBLE SUNSHINE  MM
  AVERAGE SKY COVER 0.9


WEATHER CONDITIONS
 THE FOLLOWING WEATHER WAS RECORDED YESTERDAY.
  LIGHT SNOW
  FOG


RELATIVE HUMIDITY (PERCENT)
 HIGHEST   100           500 PM
 LOWEST     80           400 PM
 AVERAGE    90

..........................................................


THE WORLAND WY CLIMATE NORMALS FOR TODAY
                         NORMAL    RECORD    YEAR
 MAXIMUM TEMPERATURE (F)   29        60      1980
 MINIMUM TEMPERATURE (F)    3       -17      1988


SUNRISE AND SUNSET
DECEMBER 27 2014......SUNRISE   746 AM MST   SUNSET   440 PM MST
DECEMBER 28 2014......SUNRISE   746 AM MST   SUNSET   441 PM MST


-  INDICATES NEGATIVE NUMBERS.
R  INDICATES RECORD WAS SET OR TIED.
MM INDICATES DATA IS MISSING.
T  INDICATES TRACE AMOUNT.




$$
