000
CDUS45 KRIW 030733
CLIWRL


CLIMATE REPORT
NATIONAL WEATHER SERVICE RIVERTON WY
133 AM MDT TUE MAY 3 2016


...................................

...THE WORLAND WY CLIMATE SUMMARY FOR MAY 2 2016...

CLIMATE NORMAL PERIOD 1981 TO 2010
CLIMATE RECORD PERIOD 1947 TO 2016


WEATHER ITEM   OBSERVED TIME   RECORD YEAR NORMAL DEPARTURE LAST
                VALUE   (LST)  VALUE       VALUE  FROM      YEAR
                                                  NORMAL
..................................................................
TEMPERATURE (F)
 YESTERDAY
  MAXIMUM         68    435 PM  91    1985  65      3       79
  MINIMUM         34    201 AM  26    1972  36     -2       38
  AVERAGE         51                        51      0       59

PRECIPITATION (IN)
  YESTERDAY        0.00          0.45 1964   0.05  -0.05     0.00
  MONTH TO DATE    0.00                      0.09  -0.09     0.00
  SINCE MAR 1      2.31                      1.41   0.90     0.35
  SINCE JAN 1      2.34                      1.83   0.51     1.12

DEGREE DAYS
 HEATING
  YESTERDAY       14                        14      0        6
  MONTH TO DATE   33                        29      4       16
  SINCE MAR 1   1326                      1495   -169     1281
  SINCE JUL 1   6711                      7496   -785     7190

 COOLING
  YESTERDAY        0                         0      0        0
  MONTH TO DATE    0                         0      0        0
  SINCE MAR 1      0                         1     -1        0
  SINCE JAN 1      0                         1     -1        0
..................................................................


WIND (MPH)
  HIGHEST WIND SPEED    12   HIGHEST WIND DIRECTION     S (180)
  HIGHEST GUST SPEED    15   HIGHEST GUST DIRECTION     N (350)
  AVERAGE WIND SPEED     5.5


SKY COVER
  POSSIBLE SUNSHINE  MM
  AVERAGE SKY COVER 0.0


WEATHER CONDITIONS
 THE FOLLOWING WEATHER WAS RECORDED YESTERDAY.
  NO SIGNIFICANT WEATHER WAS OBSERVED.


RELATIVE HUMIDITY (PERCENT)
 HIGHEST    82           200 AM
 LOWEST     16           500 PM
 AVERAGE    49

..........................................................


THE WORLAND WY CLIMATE NORMALS FOR TODAY
                         NORMAL    RECORD    YEAR
 MAXIMUM TEMPERATURE (F)   66        89      1986
 MINIMUM TEMPERATURE (F)   37        25      1967


SUNRISE AND SUNSET
MAY  3 2016...........SUNRISE   600 AM MDT   SUNSET   818 PM MDT
MAY  4 2016...........SUNRISE   559 AM MDT   SUNSET   819 PM MDT


-  INDICATES NEGATIVE NUMBERS.
R  INDICATES RECORD WAS SET OR TIED.
MM INDICATES DATA IS MISSING.
T  INDICATES TRACE AMOUNT.




$$
