000
CDUS45 KRIW 290755
CLIWRL


CLIMATE REPORT
NATIONAL WEATHER SERVICE RIVERTON WY
128 AM MDT SUN MAR 29 2015


...................................

...THE WORLAND WY CLIMATE SUMMARY FOR MARCH 28 2015...

CLIMATE NORMAL PERIOD 1981 TO 2010
CLIMATE RECORD PERIOD 1947 TO 2015


WEATHER ITEM   OBSERVED TIME   RECORD YEAR NORMAL DEPARTURE LAST
                VALUE   (LST)  VALUE       VALUE  FROM      YEAR
                                                  NORMAL
..................................................................
TEMPERATURE (F)
 YESTERDAY
  MAXIMUM         80    203 PM  81    1986  55     25       52
  MINIMUM         34    557 AM   8    1975  26      8       27
  AVERAGE         57                        41     16       40

PRECIPITATION (IN)
  YESTERDAY        0.00          0.35 1962   0.02  -0.02     0.00
  MONTH TO DATE    T                         0.41  -0.41     0.27
  SINCE MAR 1      T                         0.41  -0.41     0.27
  SINCE JAN 1      0.77                      0.83  -0.06     0.65

DEGREE DAYS
 HEATING
  YESTERDAY        8                        24    -16       25
  MONTH TO DATE  677                       813   -136      872
  SINCE MAR 1    677                       813   -136      872
  SINCE JUL 1   6586                      6814   -228     7252

 COOLING
  YESTERDAY        0                         0      0        0
  MONTH TO DATE    0                         0      0        0
  SINCE MAR 1      0                         0      0        0
  SINCE JAN 1      0                         0      0        0
..................................................................


WIND (MPH)
  HIGHEST WIND SPEED    43   HIGHEST WIND DIRECTION     W (250)
  HIGHEST GUST SPEED    56   HIGHEST GUST DIRECTION     W (280)
  AVERAGE WIND SPEED    14.6


SKY COVER
  POSSIBLE SUNSHINE  MM
  AVERAGE SKY COVER 0.0


WEATHER CONDITIONS
 THE FOLLOWING WEATHER WAS RECORDED YESTERDAY.
  HAZE


RELATIVE HUMIDITY (PERCENT)
 HIGHEST    82           600 AM
 LOWEST     10           400 PM
 AVERAGE    46

..........................................................


THE WORLAND WY CLIMATE NORMALS FOR TODAY
                         NORMAL    RECORD    YEAR
 MAXIMUM TEMPERATURE (F)   55        79      1986
 MINIMUM TEMPERATURE (F)   27        -3      1987


SUNRISE AND SUNSET
MARCH 29 2015.........SUNRISE   659 AM MDT   SUNSET   735 PM MDT
MARCH 30 2015.........SUNRISE   657 AM MDT   SUNSET   736 PM MDT


-  INDICATES NEGATIVE NUMBERS.
R  INDICATES RECORD WAS SET OR TIED.
MM INDICATES DATA IS MISSING.
T  INDICATES TRACE AMOUNT.




$$
