000
CDUS45 KRIW 110029
CLIWRL


CLIMATE REPORT
NATIONAL WEATHER SERVICE RIVERTON WY
527 PM MST WED FEB 10 2016


...................................

...THE WORLAND WY CLIMATE SUMMARY FOR FEBRUARY 10 2016...
VALID TODAY AS OF 0500 PM LOCAL TIME.

CLIMATE NORMAL PERIOD 1981 TO 2010
CLIMATE RECORD PERIOD 1947 TO 2016


WEATHER ITEM   OBSERVED TIME   RECORD YEAR NORMAL DEPARTURE LAST
                VALUE   (LST)  VALUE       VALUE  FROM      YEAR
                                                  NORMAL
..................................................................
TEMPERATURE (F)
 TODAY
  MAXIMUM         48        MM  60    1970  35     13       48
  MINIMUM         15        MM -23    1982   8      7       27
  AVERAGE         32                        22     10       38

PRECIPITATION (IN)
  TODAY            0.00          0.32 1997   0.00   0.00     0.00
  MONTH TO DATE    T                         0.06  -0.06     0.08
  SINCE DEC 1      0.31                      0.52  -0.21     1.01
  SINCE JAN 1      0.03                      0.29  -0.26     0.31

DEGREE DAYS
 HEATING
  TODAY           33                        43    -10       27
  MONTH TO DATE  398                       447    -49      352
  SINCE DEC 1   3293                      3403   -110     3351
  SINCE JUL 1   4877                      5295   -418     5267

 COOLING
  TODAY            0                         0      0        0
  MONTH TO DATE    0                         0      0        0
  SINCE DEC 1      0                         0      0        0
  SINCE JAN 1      0                         0      0        0
..................................................................


WIND (MPH)
  HIGHEST WIND SPEED     8   HIGHEST WIND DIRECTION     S (180)
  HIGHEST GUST SPEED    MM   HIGHEST GUST DIRECTION    MM
  AVERAGE WIND SPEED     2.8


SKY COVER
  POSSIBLE SUNSHINE  MM
  AVERAGE SKY COVER 0.0


WEATHER CONDITIONS
 THE FOLLOWING WEATHER WAS RECORDED TODAY.
  NO SIGNIFICANT WEATHER WAS OBSERVED.


RELATIVE HUMIDITY (PERCENT)
 HIGHEST    92           600 AM
 LOWEST     49           400 PM
 AVERAGE    71

..........................................................


THE WORLAND WY CLIMATE NORMALS FOR TOMORROW
                         NORMAL    RECORD    YEAR
 MAXIMUM TEMPERATURE (F)   36        54      2005
 MINIMUM TEMPERATURE (F)    9       -17      1986


SUNRISE AND SUNSET
FEBRUARY 10 2016......SUNRISE   718 AM MST   SUNSET   534 PM MST
FEBRUARY 11 2016......SUNRISE   717 AM MST   SUNSET   536 PM MST


-  INDICATES NEGATIVE NUMBERS.
R  INDICATES RECORD WAS SET OR TIED.
MM INDICATES DATA IS MISSING.
T  INDICATES TRACE AMOUNT.




$$
