129
CDUS45 KRIW 200743
CLIWRL


CLIMATE REPORT
NATIONAL WEATHER SERVICE RIVERTON WY
1242 AM MST FRI JAN 20 2017


...................................

...THE WORLAND WY CLIMATE SUMMARY FOR JANUARY 19 2017...

CLIMATE NORMAL PERIOD 1981 TO 2010
CLIMATE RECORD PERIOD 1947 TO 2017


WEATHER ITEM   OBSERVED TIME   RECORD YEAR NORMAL DEPARTURE LAST
                VALUE   (LST)  VALUE       VALUE  FROM      YEAR
                                                  NORMAL
..................................................................
TEMPERATURE (F)
 YESTERDAY
  MAXIMUM         31    308 PM  53    2005  31      0       30
  MINIMUM          5    813 AM -33    1984   4      1       10
  AVERAGE         18                        17      1       20

PRECIPITATION (IN)
  YESTERDAY        T             0.05 1967   0.00   0.00     0.00
                                      1967
                                      2011
  MONTH TO DATE    0.04                      0.14  -0.10     0.03
  SINCE DEC 1      0.23                      0.37  -0.14     0.31
  SINCE JAN 1      0.04                      0.14  -0.10     0.03

DEGREE DAYS
 HEATING
  YESTERDAY       47                        48     -1       45
  MONTH TO DATE  972                       922     50      964
  SINCE DEC 1   2629                      2393    236     2426
  SINCE JUL 1   4168                      4285   -117     4010

 COOLING
  YESTERDAY        0                         0      0        0
  MONTH TO DATE    0                         0      0        0
  SINCE DEC 1      0                         0      0        0
  SINCE JAN 1      0                         0      0        0
..................................................................


WIND (MPH)
  HIGHEST WIND SPEED    13   HIGHEST WIND DIRECTION     S (190)
  HIGHEST GUST SPEED    16   HIGHEST GUST DIRECTION     S (190)
  AVERAGE WIND SPEED     2.2


SKY COVER
  POSSIBLE SUNSHINE  MM
  AVERAGE SKY COVER 0.3


WEATHER CONDITIONS
 THE FOLLOWING WEATHER WAS RECORDED YESTERDAY.
  NO SIGNIFICANT WEATHER WAS OBSERVED.


RELATIVE HUMIDITY (PERCENT)
 HIGHEST    92          1200 AM
 LOWEST     69           200 PM
 AVERAGE    81

..........................................................


THE WORLAND WY CLIMATE NORMALS FOR TODAY
                         NORMAL    RECORD    YEAR
 MAXIMUM TEMPERATURE (F)   31        49      1981
 MINIMUM TEMPERATURE (F)    4       -33      1984


SUNRISE AND SUNSET
JANUARY 20 2017.......SUNRISE   740 AM MST   SUNSET   507 PM MST
JANUARY 21 2017.......SUNRISE   739 AM MST   SUNSET   508 PM MST


-  INDICATES NEGATIVE NUMBERS.
R  INDICATES RECORD WAS SET OR TIED.
MM INDICATES DATA IS MISSING.
T  INDICATES TRACE AMOUNT.




$$
