963
CDUS45 KRIW 290740
CLIWRL


CLIMATE REPORT
NATIONAL WEATHER SERVICE RIVERTON WY
129 AM MDT SUN MAY 29 2016


...................................

...THE WORLAND WY CLIMATE SUMMARY FOR MAY 28 2016...

CLIMATE NORMAL PERIOD 1981 TO 2010
CLIMATE RECORD PERIOD 1947 TO 2016


WEATHER ITEM   OBSERVED TIME   RECORD YEAR NORMAL DEPARTURE LAST
                VALUE   (LST)  VALUE       VALUE  FROM      YEAR
                                                  NORMAL
..................................................................
TEMPERATURE (F)
 YESTERDAY
  MAXIMUM         72    435 PM  94    2014  74     -2       67
  MINIMUM         46    519 AM  32    1973  45      1       49
  AVERAGE         59                        59      0       58

PRECIPITATION (IN)
  YESTERDAY        0.00          0.30 1964   0.05  -0.05     0.01
  MONTH TO DATE    1.42                      1.27   0.15     3.00
  SINCE MAR 1      3.73                      2.59   1.14     3.35
  SINCE JAN 1      3.76                      3.01   0.75     4.12

DEGREE DAYS
 HEATING
  YESTERDAY        6                         7     -1        7
  MONTH TO DATE  299                       290      9      333
  SINCE MAR 1   1592                      1756   -164     1598
  SINCE JUL 1   6977                      7757   -780     7507

 COOLING
  YESTERDAY        0                         1     -1        0
  MONTH TO DATE    2                         2      0        0
  SINCE MAR 1      2                         3     -1        0
  SINCE JAN 1      2                         3     -1        0
..................................................................


WIND (MPH)
  HIGHEST WIND SPEED    12   HIGHEST WIND DIRECTION     N (340)
  HIGHEST GUST SPEED    15   HIGHEST GUST DIRECTION     N (350)
  AVERAGE WIND SPEED     3.8


SKY COVER
  POSSIBLE SUNSHINE  MM
  AVERAGE SKY COVER 0.4


WEATHER CONDITIONS
 THE FOLLOWING WEATHER WAS RECORDED YESTERDAY.
  NO SIGNIFICANT WEATHER WAS OBSERVED.


RELATIVE HUMIDITY (PERCENT)
 HIGHEST    93          1200 AM
 LOWEST     27           500 PM
 AVERAGE    60

..........................................................


THE WORLAND WY CLIMATE NORMALS FOR TODAY
                         NORMAL    RECORD    YEAR
 MAXIMUM TEMPERATURE (F)   74        94      2003
 MINIMUM TEMPERATURE (F)   45        33      1979


SUNRISE AND SUNSET
MAY 29 2016...........SUNRISE   533 AM MDT   SUNSET   846 PM MDT
MAY 30 2016...........SUNRISE   533 AM MDT   SUNSET   847 PM MDT


-  INDICATES NEGATIVE NUMBERS.
R  INDICATES RECORD WAS SET OR TIED.
MM INDICATES DATA IS MISSING.
T  INDICATES TRACE AMOUNT.




$$
