000
CDUS45 KRIW 220748
CLIWRL


CLIMATE REPORT
NATIONAL WEATHER SERVICE RIVERTON WY
144 AM MDT WED OCT 22 2014


...................................

...THE WORLAND WY CLIMATE SUMMARY FOR OCTOBER 21 2014...

CLIMATE NORMAL PERIOD 1981 TO 2010
CLIMATE RECORD PERIOD 1947 TO 2014


WEATHER ITEM   OBSERVED TIME   RECORD YEAR NORMAL DEPARTURE LAST
                VALUE   (LST)  VALUE       VALUE  FROM      YEAR
                                                  NORMAL
..................................................................
TEMPERATURE (F)
 YESTERDAY
  MAXIMUM         77   1252 PM  85    1992  58     19       58
  MINIMUM         34   1148 PM  18    1990  29      5       35
  AVERAGE         56                        44     12       47

PRECIPITATION (IN)
  YESTERDAY        T             0.09 1978   0.02  -0.02     0.00
  MONTH TO DATE    0.27                      0.55  -0.28     1.65
  SINCE SEP 1      1.40                      1.40   0.00     4.28
  SINCE JAN 1      6.99                      6.85   0.14     7.49

DEGREE DAYS
 HEATING
  YESTERDAY        9                        21    -12       18
  MONTH TO DATE  258                       368   -110      479
  SINCE SEP 1    436                       589   -153      625
  SINCE JUL 1    470                       625   -155      625

 COOLING
  YESTERDAY        0                         0      0        0
  MONTH TO DATE    0                         0      0        0
  SINCE SEP 1     34                        29      5       91
  SINCE JAN 1    543                       535      8      852
..................................................................


WIND (MPH)
  HIGHEST WIND SPEED    28   HIGHEST WIND DIRECTION    SW (240)
  HIGHEST GUST SPEED    33   HIGHEST GUST DIRECTION    SW (240)
  AVERAGE WIND SPEED     8.7


SKY COVER
  POSSIBLE SUNSHINE  MM
  AVERAGE SKY COVER 0.1


WEATHER CONDITIONS
 THE FOLLOWING WEATHER WAS RECORDED YESTERDAY.
  LIGHT RAIN
  LIGHT SNOW


RELATIVE HUMIDITY (PERCENT)
 HIGHEST    70           400 AM
 LOWEST     25           200 PM
 AVERAGE    48

..........................................................


THE WORLAND WY CLIMATE NORMALS FOR TODAY
                         NORMAL    RECORD    YEAR
 MAXIMUM TEMPERATURE (F)   58        84      2003
 MINIMUM TEMPERATURE (F)   29        15      1966


SUNRISE AND SUNSET
OCTOBER 22 2014.......SUNRISE   735 AM MDT   SUNSET   617 PM MDT
OCTOBER 23 2014.......SUNRISE   737 AM MDT   SUNSET   615 PM MDT


-  INDICATES NEGATIVE NUMBERS.
R  INDICATES RECORD WAS SET OR TIED.
MM INDICATES DATA IS MISSING.
T  INDICATES TRACE AMOUNT.




$$
