000
CDUS45 KRIW 160737
CLIWRL


CLIMATE REPORT
NATIONAL WEATHER SERVICE RIVERTON WY
1232 AM MST TUE JAN 16 2018


...................................

...THE WORLAND WY CLIMATE SUMMARY FOR JANUARY 15 2018...

CLIMATE NORMAL PERIOD 1981 TO 2010
CLIMATE RECORD PERIOD 1947 TO 2018


WEATHER ITEM   OBSERVED TIME   RECORD YEAR NORMAL DEPARTURE LAST
                VALUE   (LST)  VALUE       VALUE  FROM      YEAR
                                                  NORMAL
..................................................................
TEMPERATURE (F)
 YESTERDAY
  MAXIMUM         31   1201 AM  55    2000  30      1       11
  MINIMUM         -5    921 PM -21    2007   3     -8      -17
  AVERAGE         13                        17     -4       -3

PRECIPITATION (IN)
  YESTERDAY        T             0.04 1989   0.00   0.00     0.00
  MONTH TO DATE    0.05                      0.11  -0.06     0.04
  SINCE DEC 1      0.49                      0.34   0.15     0.23
  SINCE JAN 1      0.05                      0.11  -0.06     0.04

DEGREE DAYS
 HEATING
  YESTERDAY       52                        48      4       68
  MONTH TO DATE  762                       730     32      750
  SINCE DEC 1   2214                      2201     13     2407
  SINCE JUL 1   4133                      4093     40     3946

 COOLING
  YESTERDAY        0                         0      0        0
  MONTH TO DATE    0                         0      0        0
  SINCE DEC 1      0                         0      0        0
  SINCE JAN 1      0                         0      0        0
..................................................................


WIND (MPH)
  HIGHEST WIND SPEED    20   HIGHEST WIND DIRECTION    NW (320)
  HIGHEST GUST SPEED    24   HIGHEST GUST DIRECTION    NW (300)
  AVERAGE WIND SPEED     7.8


SKY COVER
  POSSIBLE SUNSHINE  MM
  AVERAGE SKY COVER 0.3


WEATHER CONDITIONS
 THE FOLLOWING WEATHER WAS RECORDED YESTERDAY.
  FOG


RELATIVE HUMIDITY (PERCENT)
 HIGHEST    91           900 PM
 LOWEST     67          1200 PM
 AVERAGE    79

..........................................................


THE WORLAND WY CLIMATE NORMALS FOR TODAY
                         NORMAL    RECORD    YEAR
 MAXIMUM TEMPERATURE (F)   31        61      1974
 MINIMUM TEMPERATURE (F)    3       -23      1962


SUNRISE AND SUNSET
JANUARY 16 2018.......SUNRISE   743 AM MST   SUNSET   501 PM MST
JANUARY 17 2018.......SUNRISE   742 AM MST   SUNSET   502 PM MST


-  INDICATES NEGATIVE NUMBERS.
R  INDICATES RECORD WAS SET OR TIED.
MM INDICATES DATA IS MISSING.
T  INDICATES TRACE AMOUNT.




$$
