000
CDUS45 KRIW 190727
CLIWRL


CLIMATE REPORT
NATIONAL WEATHER SERVICE RIVERTON WY
127 AM MDT SAT AUG 19 2017


...................................

...THE WORLAND WY CLIMATE SUMMARY FOR AUGUST 18 2017...

CLIMATE NORMAL PERIOD 1981 TO 2010
CLIMATE RECORD PERIOD 1947 TO 2017


WEATHER ITEM   OBSERVED TIME   RECORD YEAR NORMAL DEPARTURE LAST
                VALUE   (LST)  VALUE       VALUE  FROM      YEAR
                                                  NORMAL
..................................................................
TEMPERATURE (F)
 YESTERDAY
  MAXIMUM         91    506 PM 100    1986  87      4       75
  MINIMUM         48    501 AM  43    2009  53     -5       54
  AVERAGE         70                        70      0       65

PRECIPITATION (IN)
  YESTERDAY        0.00          0.08 1998   0.02  -0.02      T
  MONTH TO DATE    0.18                      0.26  -0.08     0.26
  SINCE JUN 1      0.70                      2.12  -1.42     0.70
  SINCE JAN 1      5.50                      5.28   0.22     4.46

DEGREE DAYS
 HEATING
  YESTERDAY        0                         1     -1        0
  MONTH TO DATE    1                         2     -1        0
  SINCE JUN 1     47                       108    -61       10
  SINCE JUL 1      1                        15    -14        4

 COOLING
  YESTERDAY        5                         6     -1        0
  MONTH TO DATE   58                       127    -69      151
  SINCE JUN 1    459                       440     19      615
  SINCE JAN 1    459                       452      7      617
..................................................................


WIND (MPH)
  HIGHEST WIND SPEED    12   HIGHEST WIND DIRECTION    SE (130)
  HIGHEST GUST SPEED    15   HIGHEST GUST DIRECTION    NE (40)
  AVERAGE WIND SPEED     6.1


SKY COVER
  POSSIBLE SUNSHINE  MM
  AVERAGE SKY COVER 0.0


WEATHER CONDITIONS
 THE FOLLOWING WEATHER WAS RECORDED YESTERDAY.
  NO SIGNIFICANT WEATHER WAS OBSERVED.


RELATIVE HUMIDITY (PERCENT)
 HIGHEST    77           700 AM
 LOWEST     11           300 PM
 AVERAGE    44

..........................................................


THE WORLAND WY CLIMATE NORMALS FOR TODAY
                         NORMAL    RECORD    YEAR
 MAXIMUM TEMPERATURE (F)   87        98      1988
 MINIMUM TEMPERATURE (F)   52        41      2015


SUNRISE AND SUNSET
AUGUST 19 2017........SUNRISE   621 AM MDT   SUNSET   809 PM MDT
AUGUST 20 2017........SUNRISE   622 AM MDT   SUNSET   808 PM MDT


-  INDICATES NEGATIVE NUMBERS.
R  INDICATES RECORD WAS SET OR TIED.
MM INDICATES DATA IS MISSING.
T  INDICATES TRACE AMOUNT.




$$
