000
CDUS45 KRIW 290734
CLIWRL


CLIMATE REPORT
NATIONAL WEATHER SERVICE RIVERTON WY
133 AM MDT FRI AUG 29 2014


...................................

...THE WORLAND WY CLIMATE SUMMARY FOR AUGUST 28 2014...

CLIMATE NORMAL PERIOD 1981 TO 2010
CLIMATE RECORD PERIOD 1947 TO 2014


WEATHER ITEM   OBSERVED TIME   RECORD YEAR NORMAL DEPARTURE LAST
                VALUE   (LST)  VALUE       VALUE  FROM      YEAR
                                                  NORMAL
..................................................................
TEMPERATURE (F)
 YESTERDAY
  MAXIMUM         85    431 PM  99    1997  84      1       96
  MINIMUM         51    533 AM  36    1962  50      1       61
  AVERAGE         68                        67      1       79

PRECIPITATION (IN)
  YESTERDAY        0.00          0.11 1974   0.01  -0.01     0.00
  MONTH TO DATE    1.49                      0.38   1.11     0.13
  SINCE JUN 1      3.36                      2.24   1.12     0.52
  SINCE JAN 1      5.57                      5.40   0.17     3.21

DEGREE DAYS
 HEATING
  YESTERDAY        0                         2     -2        0
  MONTH TO DATE   29                        14     15        0
  SINCE JUN 1    120                       120      0       45
  SINCE JUL 1     30                        27      3        0

 COOLING
  YESTERDAY        3                         4     -1       14
  MONTH TO DATE  165                       172     -7      251
  SINCE JUN 1    473                       485    -12      717
  SINCE JAN 1    503                       497      6      734
..................................................................


WIND (MPH)
  HIGHEST WIND SPEED    13   HIGHEST WIND DIRECTION     S (160)
  HIGHEST GUST SPEED    15   HIGHEST GUST DIRECTION     S (170)
  AVERAGE WIND SPEED     4.3


SKY COVER
  POSSIBLE SUNSHINE  MM
  AVERAGE SKY COVER 0.1


WEATHER CONDITIONS
 THE FOLLOWING WEATHER WAS RECORDED YESTERDAY.
  NO SIGNIFICANT WEATHER WAS OBSERVED.


RELATIVE HUMIDITY (PERCENT)
 HIGHEST    96           400 AM
 LOWEST     19           500 PM
 AVERAGE    58

..........................................................


THE WORLAND WY CLIMATE NORMALS FOR TODAY
                         NORMAL    RECORD    YEAR
 MAXIMUM TEMPERATURE (F)   84       103      2012
 MINIMUM TEMPERATURE (F)   50        39      1968


SUNRISE AND SUNSET
AUGUST 29 2014........SUNRISE   632 AM MDT   SUNSET   753 PM MDT
AUGUST 30 2014........SUNRISE   633 AM MDT   SUNSET   751 PM MDT


-  INDICATES NEGATIVE NUMBERS.
R  INDICATES RECORD WAS SET OR TIED.
MM INDICATES DATA IS MISSING.
T  INDICATES TRACE AMOUNT.




$$
