000
CDUS45 KRIW 290733
CLIWRL


CLIMATE REPORT
NATIONAL WEATHER SERVICE RIVERTON WY
133 AM MDT MON JUN 29 2015


...................................

...THE WORLAND WY CLIMATE SUMMARY FOR JUNE 28 2015...

CLIMATE NORMAL PERIOD 1981 TO 2010
CLIMATE RECORD PERIOD 1947 TO 2015


WEATHER ITEM   OBSERVED TIME   RECORD YEAR NORMAL DEPARTURE LAST
                VALUE   (LST)  VALUE       VALUE  FROM      YEAR
                                                  NORMAL
..................................................................
TEMPERATURE (F)
 YESTERDAY
  MAXIMUM         99    307 PM 103    1966  85     14       76
  MINIMUM         59    446 AM  42    1965  52      7       50
  AVERAGE         79                        69     10       63

PRECIPITATION (IN)
  YESTERDAY        T             0.33 1969   0.02  -0.02      T
  MONTH TO DATE    1.06                      1.10  -0.04     1.62
  SINCE JUN 1      1.06                      1.10  -0.04     1.62
  SINCE JAN 1      5.24                      4.26   0.98     3.83

DEGREE DAYS
 HEATING
  YESTERDAY        0                         1     -1        2
  MONTH TO DATE    4                        90    -86       88
  SINCE JUN 1      4                        90    -86       88
  SINCE JUL 1   7519                      7866   -347     8275

 COOLING
  YESTERDAY       14                         5      9        0
  MONTH TO DATE  149                        73     76       29
  SINCE JUN 1    149                        73     76       29
  SINCE JAN 1    151                        85     66       59
..................................................................


WIND (MPH)
  HIGHEST WIND SPEED    23   HIGHEST WIND DIRECTION    SW (240)
  HIGHEST GUST SPEED    27   HIGHEST GUST DIRECTION     W (250)
  AVERAGE WIND SPEED     7.0


SKY COVER
  POSSIBLE SUNSHINE  MM
  AVERAGE SKY COVER 0.0


WEATHER CONDITIONS
 THE FOLLOWING WEATHER WAS RECORDED YESTERDAY.
  LIGHT RAIN


RELATIVE HUMIDITY (PERCENT)
 HIGHEST    67           600 AM
 LOWEST     15           200 PM
 AVERAGE    41

..........................................................


THE WORLAND WY CLIMATE NORMALS FOR TODAY
                         NORMAL    RECORD    YEAR
 MAXIMUM TEMPERATURE (F)   85       101      2007
                                             1984
 MINIMUM TEMPERATURE (F)   52        39      1995


SUNRISE AND SUNSET
JUNE 29 2015..........SUNRISE   532 AM MDT   SUNSET   859 PM MDT
JUNE 30 2015..........SUNRISE   532 AM MDT   SUNSET   858 PM MDT


-  INDICATES NEGATIVE NUMBERS.
R  INDICATES RECORD WAS SET OR TIED.
MM INDICATES DATA IS MISSING.
T  INDICATES TRACE AMOUNT.




$$
