000
CDAK47 PAYA 300931
CLIYAK

CLIMATE REPORT
NATIONAL WEATHER SERVICE YAKUTAT, AK
131 AM AKDT WED JUL 30 2014

...................................
...THE YAKUTAT AP CLIMATE SUMMARY FOR JULY 29 2014...

CLIMATE NORMAL PERIOD  1981 TO  2010
CLIMATE RECORD PERIOD  1948 TO  2014

WEATHER ITEM   OBSERVED TIME    RECORD YEAR NORMAL DEPARTURE LAST
               VALUE    (LST)   VALUE       VALUE  FROM      YEAR
                                                   NORMAL
...................................................................
TEMPERATURE
YESTERDAY
 MAXIMUM            63  1256 PM    79  1957     61       2     66
 MINIMUM            52  0441 AM    38  2002     50       2     45
 AVERAGE            58                          55       3     56

PRECIPITATION
(INCHES)
 YESTERDAY        0.25           3.43  1959   0.34   -0.09   0.00
 MONTH TO DATE    6.41                        7.18   -0.77   6.51
 SINCE JUN 1     16.51                       13.57    2.94   9.89
 SINCE JAN 1     55.62                       66.53  -10.91  68.08

SNOWFALL
(INCHES)
 YESTERDAY         0.0            0.0  2014    0.0     0.0    0.0
 MONTH TO DATE     0.0                         0.0     0.0    0.0
 SINCE JUN 1       0.0                         0.0     0.0    0.0
 SINCE JUL 1       0.0                         0.0     0.0    0.0
 SNOW DEPTH (IN)     0                                          0

DEGREE DAYS
 HEATING
  YESTERDAY          7                          10      -3      9
  MONTH TO DATE    290                         312     -22    281
  SINCE JUN 1      736                         738      -2    623
  SINCE JUL 1      290                         312     -22    281

 COOLING
  YESTERDAY          0                           0       0      0
  MONTH TO DATE      0                           0       0      0
  SINCE JUN 1        0                           0       0      0
  SINCE JAN 1        0                           0       0      0
...................................................................

WIND (MPH)
 HIGHEST WIND SPEED    10     HIGHEST WIND DIRECTION    130
 HIGHEST GUST SPEED    16     HIGHEST GUST DIRECTION    170
 AVERAGE WIND SPEED   5.3

SKY COVER
  POSSIBLE SUNSHINE    MM          AVERAGE SKY COVER     MM

WEATHER CONDITIONS
 THE FOLLOWING WEATHER WAS RECORDED YESTERDAY.
  FOG
RAIN


RELATIVE HUMIDITY
 HIGHEST RH     MM PERCENT       MM
 LOWEST  RH     MM PERCENT       MM
 AVERAGE RH     MM PERCENT       MM
...................................................................

THE YAKUTAT CLIMATE NORMALS FOR TODAY
                           NORMAL    RECORD   YEAR
 MAXIMUM TEMPERATURE (F)     61        71     1978
 MINIMUM TEMPERATURE (F)     50        39     1998

SUNRISE AND SUNSET
 JUL 30 2014..........SUNRISE  4:59 AM      SUNSET  9:51 PM
 JUL 31 2014..........SUNRISE  5:01 AM      SUNSET  9:48 PM

-  INDICATES NEGATIVE NUMBERS.
R  INDICATES RECORD HAS BEEN SET OR TIED.
MM INDICATES DATA IS MISSING.
T  INDICATES TRACE OF PRECIPITATION.

&&
-------------------------------------------------------------------

AMOUNT OF DAYLIGHT TODAY  (HOUR:MIN)........16 HOURS 52 MINUTES
GAIN/LOSS SINCE YESTERDAY (HOUR:MIN:SEC)....-0:04:35

$$
*** JUL 14
