000
CDAK47 PAYA 290003
CLIYAK

CLIMATE REPORT
NATIONAL WEATHER SERVICE YAKUTAT, AK
403 PM AKDT TUE JUL 28 2015

...................................
...THE YAKUTAT AP CLIMATE SUMMARY FOR JULY 28 2015...
VALID TODAY AS OF 2:00 PM LOCAL TIME

CLIMATE NORMAL PERIOD  1981 TO  2010
CLIMATE RECORD PERIOD  1948 TO  2015

WEATHER ITEM   OBSERVED TIME    RECORD YEAR NORMAL DEPARTURE LAST
               VALUE    (LST)   VALUE       VALUE  FROM      YEAR
                                                   NORMAL
...................................................................
TEMPERATURE
TODAY
 MAXIMUM            60  0110 PM    72  1996     61      -1     67
 MINIMUM            52  0801 AM    39  1986     50       2     45
 AVERAGE            56                          55       1     56

PRECIPITATION
(INCHES)
 TODAY            0.61           7.12  1990   0.31    0.30   0.03
 MONTH TO DATE   11.35                        6.84    4.51   6.16
 SINCE JUN 1     20.00                       13.23    6.77  16.26
 SINCE JAN 1     70.58                       66.19    4.39  55.37

SNOWFALL
(INCHES)
 TODAY             0.0            0.0  2015    0.0     0.0    0.0
 MONTH TO DATE     0.0                         0.0     0.0    0.0
 SINCE JUN 1       0.0                         0.0     0.0    0.0
 SINCE JUL 1       0.0                         0.0     0.0    0.0
 SNOW DEPTH (IN)     0                                          0

DEGREE DAYS
 HEATING
  TODAY              9                          10      -1      9
  MONTH TO DATE    237                         302     -65    283
  SINCE JUN 1      571                         728    -157    729
  SINCE JUL 1      237                         302     -65    283

 COOLING
  TODAY              0                           0       0      0
  MONTH TO DATE      0                           0       0      0
  SINCE JUN 1        0                           0       0      0
  SINCE JAN 1        0                           0       0      0
...................................................................

WIND (MPH)
 HIGHEST WIND SPEED    13     HIGHEST WIND DIRECTION    170
 HIGHEST GUST SPEED    17     HIGHEST GUST DIRECTION    160
 AVERAGE WIND SPEED    MM

SKY COVER
  POSSIBLE SUNSHINE  MM            AVERAGE SKY COVER MM

WEATHER CONDITIONS
 THE FOLLOWING WEATHER WAS RECORDED TODAY.
FOG
RAIN


RELATIVE HUMIDITY
 HIGHEST RH     MM PERCENT       MM
 LOWEST  RH     MM PERCENT       MM
 AVERAGE RH     MM PERCENT       MM
...................................................................

THE YAKUTAT CLIMATE NORMALS FOR TOMORROW
                        NORMAL    RECORD   YEAR
 MAXIMUM TEMPERATURE      61        79     1957
 MINIMUM TEMPERATURE      50        38     2002

SUNRISE AND SUNSET
 JUL 28 2015..........SUNRISE  4:54 AM      SUNSET  9:56 PM
 JUL 29 2015..........SUNRISE  4:56 AM      SUNSET  9:53 PM

-  INDICATES NEGATIVE NUMBERS.
R  INDICATES RECORD HAS BEEN SET OR TIED.
MM INDICATES DATA IS MISSING.
T  INDICATES TRACE OF PRECIPITATION.

&&
-------------------------------------------------------------------

AMOUNT OF DAYLIGHT TODAY  (HOUR:MIN)........17 HOURS 2 MINUTES
GAIN/LOSS SINCE YESTERDAY (HOUR:MIN:SEC)....-0:04:29

$$
*** JUL 15
