000
CDAK47 PAJK 141238
CLIYAK
CLIMATE REPORT
NATIONAL WEATHER SERVICE JUNEAU, AK
331 AM AKST THU DEC 14 2017


...................................

...THE YAKUTAT CLIMATE SUMMARY FOR DECEMBER 13 2017...

CLIMATE NORMAL PERIOD 1981 TO 2010
CLIMATE RECORD PERIOD 1917 TO 2017


WEATHER ITEM   OBSERVED RECORD YEAR NORMAL DEPARTURE LAST
                VALUE   VALUE       VALUE  FROM      YEAR
                                           NORMAL
...........................................................
TEMPERATURE (F)
 YESTERDAY
  MAXIMUM         49R    45    1989  35     14       28
  MINIMUM         38    -14    1948  25     13       12
  AVERAGE         44                 30     14       20

PRECIPITATION (IN)
  YESTERDAY        2.22   5.75 1989   0.54   1.68     0.00
  MONTH TO DATE   12.06               6.86   5.20     1.82
  SINCE JAN 1    123.21             145.70 -22.49   114.41

SNOWFALL (IN)
  YESTERDAY        0.0   12.6  1975   0.7   -0.7      0.0
  MONTH TO DATE    0.3                9.7   -9.4     10.5
  SINCE JUL 1     27.1               30.4   -3.3     14.8
  SNOW DEPTH       0

DEGREE DAYS
 HEATING
  YESTERDAY       21                 35    -14       45
  MONTH TO DATE  303                455   -152      521
...........................................................


WIND (MPH)
  HIGHEST WIND SPEED    28   HIGHEST WIND DIRECTION    SE (120)
  HIGHEST GUST SPEED    42   HIGHEST GUST DIRECTION    SE (130)
  AVERAGE WIND SPEED    14.8


SKY COVER
  AVERAGE SKY COVER 1.0


WEATHER CONDITIONS
 THE FOLLOWING WEATHER WAS RECORDED YESTERDAY.
  RAIN
  LIGHT RAIN
  FOG


..........................................................


THE YAKUTAT CLIMATE NORMALS FOR TODAY
                         NORMAL    RECORD    YEAR
 MAXIMUM TEMPERATURE (F)   35        46      2014
                                             1982
                                             1944
 MINIMUM TEMPERATURE (F)   25        -2      1979


SUNRISE AND SUNSET
DECEMBER 14 2017......SUNRISE   911 AM AKST  SUNSET   316 PM AKST
DECEMBER 15 2017......SUNRISE   912 AM AKST  SUNSET   316 PM AKST


-  INDICATES NEGATIVE NUMBERS.
R  INDICATES RECORD WAS SET OR TIED.
MM INDICATES DATA IS MISSING.
T  INDICATES TRACE AMOUNT.




$$
--------------------------------------------------------------

AMOUNT OF DAYLIGHT TODAY (HOUR:MIN)......... 6 HOURS 06 MINUTES
GAIN/LOSS SINCE YESTERDAY (HOUR:MIN:SEC).... -0:01:16

$$
