000
CDAK47 PAYA 290907
CLIYAK

CLIMATE REPORT
NATIONAL WEATHER SERVICE YAKUTAT, AK
1207 AM AKST MON DEC 29 2014

...................................
...THE YAKUTAT AP CLIMATE SUMMARY FOR DECEMBER 28 2014...

CLIMATE NORMAL PERIOD  1981 TO  2010
CLIMATE RECORD PERIOD  1948 TO  2014

WEATHER ITEM   OBSERVED TIME    RECORD YEAR NORMAL DEPARTURE LAST
               VALUE    (LST)   VALUE       VALUE  FROM      YEAR
                                                   NORMAL
...................................................................
TEMPERATURE
YESTERDAY
 MAXIMUM            27  0219 PM    49  1993     34      -7     38
 MINIMUM            17  0641 AM   -17  1964     24      -7     31
 AVERAGE            22                          29      -7     35

PRECIPITATION
(INCHES)
 YESTERDAY        0.00           2.70  1986   0.52   -0.52   1.11
 MONTH TO DATE   10.74                       14.75   -4.01   8.46
 SINCE DEC 1     10.74                       14.75   -4.01   8.46
 SINCE JAN 1    133.65                      153.59  -19.94 136.16

SNOWFALL
(INCHES)
 YESTERDAY         0.0            9.9  1972    0.8    -0.8    0.3
 MONTH TO DATE     1.8                        20.7   -18.9   35.4
 SINCE DEC 1       1.8                        20.7   -18.9   35.4
 SINCE JUL 1       7.1                        41.4   -34.3   44.6
 SNOW DEPTH (IN)     T                                         12

DEGREE DAYS
 HEATING
  YESTERDAY         43                          36       7     30
  MONTH TO DATE    868                         988    -120   1062
  SINCE DEC 1      868                         988    -120   1062
  SINCE JUL 1     3548                        3886    -338   3672

 COOLING
  YESTERDAY          0                           0       0      0
  MONTH TO DATE      0                           0       0      0
  SINCE DEC 1        0                           0       0      0
  SINCE JAN 1        0                           0       0      0
...................................................................

WIND (MPH)
 HIGHEST WIND SPEED     5     HIGHEST WIND DIRECTION     80
 HIGHEST GUST SPEED     6     HIGHEST GUST DIRECTION     90
 AVERAGE WIND SPEED   1.4

SKY COVER
  POSSIBLE SUNSHINE    MM          AVERAGE SKY COVER     MM

WEATHER CONDITIONS
 THE FOLLOWING WEATHER WAS RECORDED YESTERDAY.
  FOG


RELATIVE HUMIDITY
 HIGHEST RH     MM PERCENT       MM
 LOWEST  RH     MM PERCENT       MM
 AVERAGE RH     MM PERCENT       MM
...................................................................

THE YAKUTAT CLIMATE NORMALS FOR TODAY
                           NORMAL    RECORD   YEAR
 MAXIMUM TEMPERATURE (F)     34        44     2006
 MINIMUM TEMPERATURE (F)     23       -21     1964

SUNRISE AND SUNSET
 DEC 29 2014..........SUNRISE  9:18 AM      SUNSET  3:25 PM
 DEC 30 2014..........SUNRISE  9:18 AM      SUNSET  3:26 PM

-  INDICATES NEGATIVE NUMBERS.
R  INDICATES RECORD HAS BEEN SET OR TIED.
MM INDICATES DATA IS MISSING.
T  INDICATES TRACE OF PRECIPITATION.

&&
-------------------------------------------------------------------

AMOUNT OF DAYLIGHT TODAY  (HOUR:MIN)........6 HOURS 7 MINUTES
GAIN/LOSS SINCE YESTERDAY (HOUR:MIN:SEC)....+0:01:17

$$
*** DEC 14
