000
CDAK47 PAYA 270002
CLIYAK

CLIMATE REPORT
NATIONAL WEATHER SERVICE YAKUTAT, AK
402 PM AKDT THU MAR 26 2015

...................................
...THE YAKUTAT AP CLIMATE SUMMARY FOR MARCH 26 2015...
VALID TODAY AS OF 2:00 PM LOCAL TIME

CLIMATE NORMAL PERIOD  1981 TO  2010
CLIMATE RECORD PERIOD  1948 TO  2015

WEATHER ITEM   OBSERVED TIME    RECORD YEAR NORMAL DEPARTURE LAST
               VALUE    (LST)   VALUE       VALUE  FROM      YEAR
                                                   NORMAL
...................................................................
TEMPERATURE
TODAY
 MAXIMUM            45  0153 PM    50  2005     41       4     41
 MINIMUM            38  0158 AM     1  1967     26      12     17
 AVERAGE            42                          33       9     29

PRECIPITATION
(INCHES)
 TODAY            0.80           3.80  1994   0.31    0.49   0.00
 MONTH TO DATE    8.02                        9.46   -1.44   4.05
 SINCE MAR 1      8.02                        9.46   -1.44   4.05
 SINCE JAN 1     32.39                       33.98   -1.59  31.11

SNOWFALL
(INCHES)
 TODAY             0.0           16.2  1967    0.8    -0.8    0.0
 MONTH TO DATE    27.5                        23.3     4.2    7.8
 SINCE MAR 1      27.5                        23.3     4.2    7.8
 SINCE JUL 1      40.3                       125.5   -85.2  103.2
 SNOW DEPTH (IN)     T                                          4

DEGREE DAYS
 HEATING
  TODAY             23                          32      -9     36
  MONTH TO DATE    798                         866     -68    902
  SINCE MAR 1      798                         866     -68    902
  SINCE JUL 1     6230                        6995    -765   6715

 COOLING
  TODAY              0                           0       0      0
  MONTH TO DATE      0                           0       0      0
  SINCE MAR 1        0                           0       0      0
  SINCE JAN 1        0                           0       0      0
...................................................................

WIND (MPH)
 HIGHEST WIND SPEED    18     HIGHEST WIND DIRECTION    140
 HIGHEST GUST SPEED    28     HIGHEST GUST DIRECTION    150
 AVERAGE WIND SPEED    MM

SKY COVER
  POSSIBLE SUNSHINE  MM            AVERAGE SKY COVER MM

WEATHER CONDITIONS
 THE FOLLOWING WEATHER WAS RECORDED TODAY.
FOG
RAIN


RELATIVE HUMIDITY
 HIGHEST RH     MM PERCENT       MM
 LOWEST  RH     MM PERCENT       MM
 AVERAGE RH     MM PERCENT       MM
...................................................................

THE YAKUTAT CLIMATE NORMALS FOR TOMORROW
                        NORMAL    RECORD   YEAR
 MAXIMUM TEMPERATURE      41        50     1995
 MINIMUM TEMPERATURE      26         0     1967

SUNRISE AND SUNSET
 MAR 26 2015..........SUNRISE  7:03 AM      SUNSET  7:48 PM
 MAR 27 2015..........SUNRISE  7:00 AM      SUNSET  7:50 PM

-  INDICATES NEGATIVE NUMBERS.
R  INDICATES RECORD HAS BEEN SET OR TIED.
MM INDICATES DATA IS MISSING.
T  INDICATES TRACE OF PRECIPITATION.

&&
-------------------------------------------------------------------

AMOUNT OF DAYLIGHT TODAY  (HOUR:MIN)........12 HOURS 45 MINUTES
GAIN/LOSS SINCE YESTERDAY (HOUR:MIN:SEC)....+0:05:22

$$
DC MAR 15
