000
CDAK47 PAYA 140905
CLIYAK

CLIMATE REPORT
NATIONAL WEATHER SERVICE YAKUTAT, AK
1206 AM AKST SUN FEB 14 2016

...................................
...THE YAKUTAT AP CLIMATE SUMMARY FOR FEBRUARY 13 2016...

CLIMATE NORMAL PERIOD  1981 TO  2010
CLIMATE RECORD PERIOD  1948 TO  2016

WEATHER ITEM   OBSERVED TIME    RECORD YEAR NORMAL DEPARTURE LAST
               VALUE    (LST)   VALUE       VALUE  FROM      YEAR
                                                   NORMAL
...................................................................
TEMPERATURE
YESTERDAY
 MAXIMUM            42  0221 PM    50  2004     36       6     45
 MINIMUM            37  0828 AM    -8  1979     23      14     39
 AVERAGE            40                          30      10     42

PRECIPITATION
(INCHES)
 YESTERDAY        0.41           2.08  1964   0.40    0.01   0.93
 MONTH TO DATE    4.49                        4.98   -0.49   2.35
 SINCE DEC 1     28.86                       34.92   -6.06  28.42
 SINCE JAN 1     18.91                       18.64    0.27  16.37

SNOWFALL
(INCHES)
 YESTERDAY         0.0           10.3  1964    0.9    -0.9    0.0
 MONTH TO DATE     1.1                        13.5   -12.4    4.0
 SINCE DEC 1      25.3                        67.8   -42.5    7.5
 SINCE JUL 1      48.1                        88.5   -40.4   12.8
 SNOW DEPTH (IN)     0                                          T

DEGREE DAYS
 HEATING
  YESTERDAY         25                          35     -10     23
  MONTH TO DATE    354                         466    -112    491
  SINCE DEC 1     2268                        2707    -439   2367
  SINCE JUL 1     4889                        5605    -716   5047

 COOLING
  YESTERDAY          0                           0       0      0
  MONTH TO DATE      0                           0       0      0
  SINCE DEC 1        0                           0       0      0
  SINCE JAN 1        0                           0       0      0
...................................................................

WIND (MPH)
 HIGHEST WIND SPEED    14     HIGHEST WIND DIRECTION    100
 HIGHEST GUST SPEED    19     HIGHEST GUST DIRECTION    100
 AVERAGE WIND SPEED   6.5

SKY COVER
  POSSIBLE SUNSHINE    MM          AVERAGE SKY COVER     MM

WEATHER CONDITIONS
 THE FOLLOWING WEATHER WAS RECORDED YESTERDAY.
  FOG
RAIN


RELATIVE HUMIDITY
 HIGHEST RH     MM PERCENT       MM
 LOWEST  RH     MM PERCENT       MM
 AVERAGE RH     MM PERCENT       MM
...................................................................

THE YAKUTAT CLIMATE NORMALS FOR TODAY
                           NORMAL    RECORD   YEAR
 MAXIMUM TEMPERATURE (F)     36        51     1986
 MINIMUM TEMPERATURE (F)     23        -3     1954

SUNRISE AND SUNSET
 FEB 14 2016..........SUNRISE  7:59 AM      SUNSET  5:09 PM
 FEB 15 2016..........SUNRISE  7:56 AM      SUNSET  5:11 PM

-  INDICATES NEGATIVE NUMBERS.
R  INDICATES RECORD HAS BEEN SET OR TIED.
MM INDICATES DATA IS MISSING.
T  INDICATES TRACE OF PRECIPITATION.

&&
-------------------------------------------------------------------

AMOUNT OF DAYLIGHT TODAY  (HOUR:MIN)........9 HOURS 10 MINUTES
GAIN/LOSS SINCE YESTERDAY (HOUR:MIN:SEC)....+0:05:11

$$
TR FEB 16
