655
CDAK47 PAYA 310003
CLIYAK

CLIMATE REPORT
NATIONAL WEATHER SERVICE YAKUTAT, AK
403 PM AKDT SAT JUL 30 2016

...................................
...THE YAKUTAT AP CLIMATE SUMMARY FOR JULY 30 2016...
VALID TODAY AS OF 2:00 PM LOCAL TIME

CLIMATE NORMAL PERIOD  1981 TO  2010
CLIMATE RECORD PERIOD  1948 TO  2016

WEATHER ITEM   OBSERVED TIME    RECORD YEAR NORMAL DEPARTURE LAST
               VALUE    (LST)   VALUE       VALUE  FROM      YEAR
                                                   NORMAL
...................................................................
TEMPERATURE
TODAY
 MAXIMUM            60  0208 PM    71  1978     61      -1     63
 MINIMUM            47  1229 AM    39  1998     50      -3     47
 AVERAGE            54                          55      -1     55

PRECIPITATION
(INCHES)
 TODAY               T           3.61  1989   0.34   -0.34   0.11
 MONTH TO DATE    8.52                        7.52    1.00  11.81
 SINCE JUN 1     14.06                       13.91    0.15  20.46
 SINCE JAN 1     65.62                       66.87   -1.25  71.04

SNOWFALL
(INCHES)
 TODAY             0.0            0.0  2016    0.0     0.0    0.0
 MONTH TO DATE     0.0                         0.0     0.0    0.0
 SINCE JUN 1       0.0                         0.0     0.0    0.0
 SINCE JUL 1       0.0                         0.0     0.0    0.0
 SNOW DEPTH (IN)     0                                          0

DEGREE DAYS
 HEATING
  TODAY             11                          10       1     10
  MONTH TO DATE    222                         322    -100    256
  SINCE JUN 1      549                         748    -199    590
  SINCE JUL 1      222                         322    -100    256

 COOLING
  TODAY              0                           0       0      0
  MONTH TO DATE      0                           0       0      0
  SINCE JUN 1        0                           0       0      0
  SINCE JAN 1        0                           0       0      0
...................................................................

WIND (MPH)
 HIGHEST WIND SPEED     8     HIGHEST WIND DIRECTION    240
 HIGHEST GUST SPEED    12     HIGHEST GUST DIRECTION    260
 AVERAGE WIND SPEED    MM

SKY COVER
  POSSIBLE SUNSHINE  MM            AVERAGE SKY COVER MM

WEATHER CONDITIONS
 THE FOLLOWING WEATHER WAS RECORDED TODAY.
FOG
DRIZZLE
RAIN


RELATIVE HUMIDITY
 HIGHEST RH     MM PERCENT       MM
 LOWEST  RH     MM PERCENT       MM
 AVERAGE RH     MM PERCENT       MM
...................................................................

THE YAKUTAT CLIMATE NORMALS FOR TOMORROW
                        NORMAL    RECORD   YEAR
 MAXIMUM TEMPERATURE      61        77     1976
 MINIMUM TEMPERATURE      50        40     1988

SUNRISE AND SUNSET
 JUL 30 2016..........SUNRISE  5:00 AM      SUNSET  9:49 PM
 JUL 31 2016..........SUNRISE  5:02 AM      SUNSET  9:47 PM

-  INDICATES NEGATIVE NUMBERS.
R  INDICATES RECORD HAS BEEN SET OR TIED.
MM INDICATES DATA IS MISSING.
T  INDICATES TRACE OF PRECIPITATION.

&&
-------------------------------------------------------------------

AMOUNT OF DAYLIGHT TODAY  (HOUR:MIN)........16 HOURS 49 MINUTES
GAIN/LOSS SINCE YESTERDAY (HOUR:MIN:SEC)....-0:04:37

$$
BK JUL 16
