000
CDAK47 PAJK 201140
CLIYAK
CLIMATE REPORT
NATIONAL WEATHER SERVICE JUNEAU, AK
338 AM AKDT FRI OCT 20 2017


...................................

...THE YAKUTAT CLIMATE SUMMARY FOR OCTOBER 19 2017...

CLIMATE NORMAL PERIOD 1981 TO 2010
CLIMATE RECORD PERIOD 1917 TO 2017


WEATHER ITEM   OBSERVED RECORD YEAR NORMAL DEPARTURE LAST
                VALUE   VALUE       VALUE  FROM      YEAR
                                           NORMAL
...........................................................
TEMPERATURE (F)
 YESTERDAY
  MAXIMUM         49     58    1925  47      2       52
  MINIMUM         37     13    1996  34      3       33
  AVERAGE         43                 40      3       43

PRECIPITATION (IN)
  YESTERDAY        0.00   5.40 1987   0.69  -0.69     0.66
  MONTH TO DATE    9.24              14.66  -5.42     2.80
  SINCE JAN 1     97.42             117.07 -19.65    98.05

SNOWFALL (IN)
  YESTERDAY        0.0    2.4  1966   0.1   -0.1      0.0
  MONTH TO DATE    0.0                0.6   -0.6       T
  SINCE JUL 1      0.0                0.6   -0.6       T
  SNOW DEPTH       0

DEGREE DAYS
 HEATING
  YESTERDAY       22                 25     -3       22
  MONTH TO DATE  225                418   -193      448
...........................................................


WIND (MPH)
  HIGHEST WIND SPEED     9   HIGHEST WIND DIRECTION     E (70)
  HIGHEST GUST SPEED    16   HIGHEST GUST DIRECTION    NE (30)
  AVERAGE WIND SPEED     3.6


SKY COVER
  AVERAGE SKY COVER 1.0


WEATHER CONDITIONS
 THE FOLLOWING WEATHER WAS RECORDED YESTERDAY.
  LIGHT RAIN
  FOG


..........................................................


THE YAKUTAT CLIMATE NORMALS FOR TODAY
                         NORMAL    RECORD    YEAR
 MAXIMUM TEMPERATURE (F)   46        54      2016
 MINIMUM TEMPERATURE (F)   34         7      1996


SUNRISE AND SUNSET
OCTOBER 20 2017.......SUNRISE   810 AM AKDT  SUNSET   555 PM AKDT
OCTOBER 21 2017.......SUNRISE   813 AM AKDT  SUNSET   553 PM AKDT


-  INDICATES NEGATIVE NUMBERS.
R  INDICATES RECORD WAS SET OR TIED.
MM INDICATES DATA IS MISSING.
T  INDICATES TRACE AMOUNT.




$$
--------------------------------------------------------------

AMOUNT OF DAYLIGHT TODAY (HOUR:MIN)......... 9 HOURS 45 MINUTES
GAIN/LOSS SINCE YESTERDAY (HOUR:MIN:SEC).... -0:05:13

$$
