000
CDAK47 PAYA 080001
CLIYAK

CLIMATE REPORT
NATIONAL WEATHER SERVICE YAKUTAT, AK
401 PM AKDT TUE JUL 7 2015

...................................
...THE YAKUTAT AP CLIMATE SUMMARY FOR JULY 7 2015...
VALID TODAY AS OF 2:00 PM LOCAL TIME

CLIMATE NORMAL PERIOD  1981 TO  2010
CLIMATE RECORD PERIOD  1948 TO  2015

WEATHER ITEM   OBSERVED TIME    RECORD YEAR NORMAL DEPARTURE LAST
               VALUE    (LST)   VALUE       VALUE  FROM      YEAR
                                                   NORMAL
...................................................................
TEMPERATURE
TODAY
 MAXIMUM            60  1240 PM    85  2009     60       0     59
 MINIMUM            55  0552 AM    39  1994     48       7     47
 AVERAGE            58                          54       4     53

PRECIPITATION
(INCHES)
 TODAY            0.06           2.46  2013   0.19   -0.13   0.41
 MONTH TO DATE    0.75                        1.38   -0.63   0.62
 SINCE JUN 1      9.40                        7.77    1.63  10.72
 SINCE JAN 1     59.98                       60.73   -0.75  49.83

SNOWFALL
(INCHES)
 TODAY             0.0            0.0  2015    0.0     0.0    0.0
 MONTH TO DATE     0.0                         0.0     0.0    0.0
 SINCE JUN 1       0.0                         0.0     0.0    0.0
 SINCE JUL 1       0.0                         0.0     0.0    0.0
 SNOW DEPTH (IN)     0                                          0

DEGREE DAYS
 HEATING
  TODAY              7                          11      -4     12
  MONTH TO DATE     56                          83     -27     59
  SINCE JUN 1      390                         509    -119    505
  SINCE JUL 1       56                          83     -27     59

 COOLING
  TODAY              0                           0       0      0
  MONTH TO DATE      0                           0       0      0
  SINCE JUN 1        0                           0       0      0
  SINCE JAN 1        0                           0       0      0
...................................................................

WIND (MPH)
 HIGHEST WIND SPEED     9     HIGHEST WIND DIRECTION    250
 HIGHEST GUST SPEED    12     HIGHEST GUST DIRECTION    270
 AVERAGE WIND SPEED    MM

SKY COVER
  POSSIBLE SUNSHINE  MM            AVERAGE SKY COVER MM

WEATHER CONDITIONS
 THE FOLLOWING WEATHER WAS RECORDED TODAY.
FOG
RAIN


RELATIVE HUMIDITY
 HIGHEST RH     MM PERCENT       MM
 LOWEST  RH     MM PERCENT       MM
 AVERAGE RH     MM PERCENT       MM
...................................................................

THE YAKUTAT CLIMATE NORMALS FOR TOMORROW
                        NORMAL    RECORD   YEAR
 MAXIMUM TEMPERATURE      60        78     1976
 MINIMUM TEMPERATURE      48        39     2002

SUNRISE AND SUNSET
 JUL 7 2015..........SUNRISE  4:14 AM      SUNSET 10:33 PM
 JUL 8 2015..........SUNRISE  4:15 AM      SUNSET 10:32 PM

-  INDICATES NEGATIVE NUMBERS.
R  INDICATES RECORD HAS BEEN SET OR TIED.
MM INDICATES DATA IS MISSING.
T  INDICATES TRACE OF PRECIPITATION.

&&
-------------------------------------------------------------------

AMOUNT OF DAYLIGHT TODAY  (HOUR:MIN)........18 HOURS 19 MINUTES
GAIN/LOSS SINCE YESTERDAY (HOUR:MIN:SEC)....-0:02:31

$$
*** JUL 15
