138
CDUS46 KPDT 270112
CLIYKM

CLIMATE REPORT
NATIONAL WEATHER SERVICE PENDLETON OR
548 PM PDT FRI MAY 26 2017


...................................

...THE YAKIMA WA CLIMATE SUMMARY FOR MAY 26 2017...
VALID TODAY AS OF 0500 PM LOCAL TIME.

CLIMATE NORMAL PERIOD 1981 TO 2010
CLIMATE RECORD PERIOD 1946 TO 2017


WEATHER ITEM   OBSERVED TIME   RECORD YEAR NORMAL DEPARTURE LAST
                VALUE   (LST)  VALUE       VALUE  FROM      YEAR
                                                  NORMAL
..................................................................
TEMPERATURE (F)
 TODAY
  MAXIMUM         84    335 PM  98    1958  75      9       76
  MINIMUM         43    419 AM  31    1973  45     -2       43
  AVERAGE         64                        60      4       60

PRECIPITATION (IN)
  TODAY            0.00          0.51 1948   0.02  -0.02     0.00
  MONTH TO DATE    0.46                      0.47  -0.01     0.64
  SINCE OCT 1     11.21                      6.68   4.53    10.10
  SINCE JAN 1      7.29                      3.56   3.73     5.45

SNOWFALL (IN)
  TODAY            0.0           0.0  2002   0.0    0.0      0.0
                                      2001
                                      2000
  MONTH TO DATE    0.0                       0.0    0.0      0.0
  SINCE JAN 1     29.1                       8.6   20.5     12.5
  SINCE JUL 1     36.5                      21.6   14.9     31.4
  SNOW DEPTH       0

DEGREE DAYS
 HEATING
  TODAY            1                         6     -5        5
  MONTH TO DATE  165                       233    -68       68
  SINCE MAR 1   1191                      1388   -197      823
  SINCE JUL 1   5620                      5915   -295     4573

 COOLING
  TODAY            0                         1     -1        0
  MONTH TO DATE   22                        15      7       33
  SINCE MAR 1     22                        16      6       39
  SINCE JAN 1     22                        16      6       39
..................................................................


WIND (MPH)
  HIGHEST WIND SPEED    14   HIGHEST WIND DIRECTION    SW (210)
  HIGHEST GUST SPEED    19   HIGHEST GUST DIRECTION     S (170)
  AVERAGE WIND SPEED     5.5


SKY COVER
  POSSIBLE SUNSHINE  MM
  AVERAGE SKY COVER 0.1


WEATHER CONDITIONS
THE FOLLOWING WEATHER WAS RECORDED TODAY.
  NO SIGNIFICANT WEATHER WAS OBSERVED.


RELATIVE HUMIDITY (PERCENT)
 HIGHEST    89           400 AM
 LOWEST     20           200 PM
 AVERAGE    55

..........................................................


THE YAKIMA WA CLIMATE NORMALS FOR TOMORROW
                         NORMAL    RECORD    YEAR
 MAXIMUM TEMPERATURE (F)   75        91      1983
                                             1947
 MINIMUM TEMPERATURE (F)   45        32      1973


SUNRISE AND SUNSET
MAY 26 2017...........SUNRISE   517 AM PDT   SUNSET   842 PM PDT
MAY 27 2017...........SUNRISE   516 AM PDT   SUNSET   843 PM PDT


-  INDICATES NEGATIVE NUMBERS.
R  INDICATES RECORD WAS SET OR TIED.
MM INDICATES DATA IS MISSING.
T  INDICATES TRACE AMOUNT.




$$
