000
CDUS46 KPDT 220830 RRB
CLIYKM

CLIMATE REPORT
NATIONAL WEATHER SERVICE PENDLETON OR
1228 AM PST WED NOV 22 2017


...................................

...THE YAKIMA WA CLIMATE SUMMARY FOR NOVEMBER 21 2017...

CLIMATE NORMAL PERIOD 1981 TO 2010
CLIMATE RECORD PERIOD 1946 TO 2017


WEATHER ITEM   OBSERVED TIME   RECORD YEAR NORMAL DEPARTURE LAST
                VALUE   (LST)  VALUE       VALUE  FROM      YEAR
                                                  NORMAL
..................................................................
TEMPERATURE (F)
 YESTERDAY
  MAXIMUM         44    320 PM  62    1980  45     -1       51
  MINIMUM         33    314 AM   0    1985  26      7       28
  AVERAGE         39                        35      4       40

PRECIPITATION (IN)
  YESTERDAY        0.23          0.67 1992   0.04   0.19     0.00
  MONTH TO DATE    1.05                      0.69   0.36     0.55
  SINCE OCT 1      1.84                      1.23   0.61     2.98
  SINCE JAN 1      9.79                      6.36   3.43     9.04

SNOWFALL (IN)
  YESTERDAY       MM             5.4  1985   0.1   MM        0.0
  MONTH TO DATE    0.4                       1.6   -1.2      0.0
  SINCE JAN 1     29.5                      10.3   19.2     12.5
  SINCE JUL 1      0.4                       1.7   -1.3      0.0
  SNOW DEPTH       0

DEGREE DAYS
 HEATING
  YESTERDAY       26                        30     -4       25
  MONTH TO DATE  495                       545    -50      356
  SINCE SEP 1   1056                      1201   -145      811
  SINCE JUL 1   1056                      1249   -193      814

 COOLING
  YESTERDAY        0                         0      0        0
  MONTH TO DATE    0                         0      0        0
  SINCE SEP 1    116                        32     84       21
  SINCE JAN 1   1054                       472    582      774
..................................................................


WIND (MPH)
  HIGHEST WIND SPEED    10   HIGHEST WIND DIRECTION    SW (240)
  HIGHEST GUST SPEED    13   HIGHEST GUST DIRECTION     W (250)
  AVERAGE WIND SPEED     2.8


SKY COVER
  POSSIBLE SUNSHINE  MM
  AVERAGE SKY COVER 0.9


WEATHER CONDITIONS
 THE FOLLOWING WEATHER WAS RECORDED YESTERDAY.
  LIGHT RAIN
  FOG


RELATIVE HUMIDITY (PERCENT)
 HIGHEST    96           500 PM
 LOWEST     73           600 AM
 AVERAGE    85

..........................................................


THE YAKIMA WA CLIMATE NORMALS FOR TODAY
                         NORMAL    RECORD    YEAR
 MAXIMUM TEMPERATURE (F)   44        66      1959
 MINIMUM TEMPERATURE (F)   25       -11      1985


SUNRISE AND SUNSET
NOVEMBER 22 2017......SUNRISE   714 AM PST   SUNSET   422 PM PST
NOVEMBER 23 2017......SUNRISE   716 AM PST   SUNSET   421 PM PST


-  INDICATES NEGATIVE NUMBERS.
R  INDICATES RECORD WAS SET OR TIED.
MM INDICATES DATA IS MISSING.
T  INDICATES TRACE AMOUNT.




$$
