000
CDUS46 KPDT 290839
CLIYKM

CLIMATE REPORT
NATIONAL WEATHER SERVICE PENDLETON OR
139 AM PDT WED JUL 29 2015


...................................

...THE YAKIMA WA CLIMATE SUMMARY FOR JULY 28 2015...

CLIMATE NORMAL PERIOD 1981 TO 2010
CLIMATE RECORD PERIOD 1946 TO 2015


WEATHER ITEM   OBSERVED TIME   RECORD YEAR NORMAL DEPARTURE LAST
                VALUE   (LST)  VALUE       VALUE  FROM      YEAR
                                                  NORMAL
..................................................................
TEMPERATURE (F)
 YESTERDAY
  MAXIMUM         87    515 PM 105    1998  90     -3      104
                                      1971
  MINIMUM         53    507 AM  42    1955  55     -2       61
                                      1954
  AVERAGE         70                        72     -2       83

PRECIPITATION (IN)
  YESTERDAY        0.00          0.36 1993   0.00   0.00     0.00
  MONTH TO DATE    0.06                      0.20  -0.14     0.06
  SINCE OCT 1      6.39                      7.61  -1.22     3.89
  SINCE JAN 1      4.29                      4.49  -0.20     3.06

SNOWFALL (IN)
  YESTERDAY        0.0           0.0  2002   0.0    0.0      0.0
                                      2001
                                      2000
  MONTH TO DATE    0.0                       0.0    0.0      0.0
  SINCE JAN 1      1.6                       8.6   -7.0     19.9
  SINCE JUL 1      0.0                       0.0    0.0      0.0
  SNOW DEPTH       0

DEGREE DAYS
 HEATING
  YESTERDAY        0                         0      0        0
  MONTH TO DATE    0                        19    -19        5
  SINCE JUN 1      3                       117   -114       35
  SINCE JUL 1      0                        19    -19        5

 COOLING
  YESTERDAY        5                         7     -2       18
  MONTH TO DATE  343                       169    174      348
  SINCE JUN 1    650                       234    416      450
  SINCE JAN 1    742                       254    488      473
..................................................................


WIND (MPH)
  HIGHEST WIND SPEED    14   HIGHEST WIND DIRECTION    NW (320)
  HIGHEST GUST SPEED    26   HIGHEST GUST DIRECTION    NW (320)
  AVERAGE WIND SPEED     4.5


SKY COVER
  POSSIBLE SUNSHINE  MM
  AVERAGE SKY COVER 0.0


WEATHER CONDITIONS
 THE FOLLOWING WEATHER WAS RECORDED YESTERDAY.
  NO SIGNIFICANT WEATHER WAS OBSERVED.


RELATIVE HUMIDITY (PERCENT)
 HIGHEST    59           500 AM
 LOWEST     17           400 PM
 AVERAGE    38

..........................................................


THE YAKIMA WA CLIMATE NORMALS FOR TODAY
                         NORMAL    RECORD    YEAR
 MAXIMUM TEMPERATURE (F)   90       105      2014
 MINIMUM TEMPERATURE (F)   55        44      1970


SUNRISE AND SUNSET
JULY 29 2015..........SUNRISE   539 AM PDT   SUNSET   837 PM PDT
JULY 30 2015..........SUNRISE   540 AM PDT   SUNSET   836 PM PDT


-  INDICATES NEGATIVE NUMBERS.
R  INDICATES RECORD WAS SET OR TIED.
MM INDICATES DATA IS MISSING.
T  INDICATES TRACE AMOUNT.


$$
