000
CDUS46 KPDT 310028
CLIYKM

CLIMATE REPORT
NATIONAL WEATHER SERVICE PENDLETON OR
528 PM PDT MON MAR 30 2015


...................................

...THE YAKIMA WA CLIMATE SUMMARY FOR MARCH 30 2015...
VALID TODAY AS OF 0500 PM LOCAL TIME.

CLIMATE NORMAL PERIOD 1981 TO 2010
CLIMATE RECORD PERIOD 1946 TO 2015


WEATHER ITEM   OBSERVED TIME   RECORD YEAR NORMAL DEPARTURE LAST
                VALUE   (LST)  VALUE       VALUE  FROM      YEAR
                                                  NORMAL
..................................................................
TEMPERATURE (F)
 TODAY
  MAXIMUM         71    303 PM  78    2003  60     11       59
  MINIMUM         38    619 AM  18    1954  32      6       28
  AVERAGE         55                        46      9       44

PRECIPITATION (IN)
  TODAY            0.00          0.31 2012   0.02  -0.02     0.00
  MONTH TO DATE    0.73                      0.61   0.12     0.60
  SINCE OCT 1      4.52                      5.65  -1.13     3.16
  SINCE JAN 1      2.42                      2.53  -0.11     2.33

SNOWFALL (IN)
  TODAY            0.0           0.1  1982   0.0    0.0      0.0
  MONTH TO DATE    0.0                       0.7   -0.7      1.7
  SINCE JAN 1      1.6                       8.6   -7.0     19.9
  SINCE JUL 1      1.6                      21.6  -20.0     19.9
  SNOW DEPTH       0

DEGREE DAYS
 HEATING
  TODAY           10                        19     -9       21
  MONTH TO DATE  440                       657   -217      612
  SINCE MAR 1    440                       657   -217      612
  SINCE JUL 1   4022                      5184  -1162     5014

 COOLING
  TODAY            0                         0      0        0
  MONTH TO DATE    0                         0      0        0
  SINCE MAR 1      0                         0      0        0
  SINCE JAN 1      0                         0      0        0
..................................................................


WIND (MPH)
  HIGHEST WIND SPEED    13   HIGHEST WIND DIRECTION     W (270)
  HIGHEST GUST SPEED    13   HIGHEST GUST DIRECTION     W (270)
  AVERAGE WIND SPEED     5.3


SKY COVER
  POSSIBLE SUNSHINE  MM
  AVERAGE SKY COVER 0.0


WEATHER CONDITIONS
 THE FOLLOWING WEATHER WAS RECORDED TODAY.
  NO SIGNIFICANT WEATHER WAS OBSERVED.


RELATIVE HUMIDITY (PERCENT)
 HIGHEST    85           500 AM
 LOWEST     33           300 PM
 AVERAGE    59

..........................................................


THE YAKIMA WA CLIMATE NORMALS FOR TOMORROW
                         NORMAL    RECORD    YEAR
 MAXIMUM TEMPERATURE (F)   60        76      1992
 MINIMUM TEMPERATURE (F)   32        20      2008


SUNRISE AND SUNSET
MARCH 30 2015.........SUNRISE   646 AM PDT   SUNSET   728 PM PDT
MARCH 31 2015.........SUNRISE   644 AM PDT   SUNSET   730 PM PDT


-  INDICATES NEGATIVE NUMBERS.
R  INDICATES RECORD WAS SET OR TIED.
MM INDICATES DATA IS MISSING.
T  INDICATES TRACE AMOUNT.

$$
