000
CDUS46 KPDT 190922
CLIYKM

CLIMATE REPORT
NATIONAL WEATHER SERVICE PENDLETON OR
206 AM PDT TUE SEP 19 2017


...................................

...THE YAKIMA WA CLIMATE SUMMARY FOR SEPTEMBER 18 2017...

CLIMATE NORMAL PERIOD 1981 TO 2010
CLIMATE RECORD PERIOD 1946 TO 2017


WEATHER ITEM   OBSERVED TIME   RECORD YEAR NORMAL DEPARTURE LAST
                VALUE   (LST)  VALUE       VALUE  FROM      YEAR
                                                  NORMAL
..................................................................
TEMPERATURE (F)
 YESTERDAY
  MAXIMUM         70    136 PM  92    1952  77     -7       79
  MINIMUM         50    535 AM  30    1988  43      7       48
  AVERAGE         60                        60      0       64

PRECIPITATION (IN)
  YESTERDAY        MM            0.30 1959   0.02  MM        0.00
  MONTH TO DATE    T                         0.21  -0.21     0.16
  SINCE OCT 1     11.71                      8.10   3.61    10.70
  SINCE JAN 1      7.79                      4.98   2.81     6.05

SNOWFALL (IN)
  YESTERDAY        0.0           0.0  2002   0.0    0.0      0.0
                                      2001
                                      1999
  MONTH TO DATE    0.0                       0.0    0.0      0.0
  SINCE JAN 1     29.1                       8.6   20.5     12.5
  SINCE JUL 1      0.0                       0.0    0.0      0.0
  SNOW DEPTH       0

DEGREE DAYS
 HEATING
  YESTERDAY        5                         6     -1        1
  MONTH TO DATE   24                        66    -42       41
  SINCE SEP 1     24                        66    -42       41
  SINCE JUL 1     24                       114    -90       44

 COOLING
  YESTERDAY        0                         1     -1        0
  MONTH TO DATE  116                        27     89       12
  SINCE SEP 1    116                        27     89       12
  SINCE JAN 1   1054                       467    587      765
..................................................................


WIND (MPH)
  HIGHEST WIND SPEED    17   HIGHEST WIND DIRECTION     S (200)
  HIGHEST GUST SPEED    21   HIGHEST GUST DIRECTION     S (200)
  AVERAGE WIND SPEED     5.8


SKY COVER
  POSSIBLE SUNSHINE  MM
  AVERAGE SKY COVER 0.5


WEATHER CONDITIONS
 THE FOLLOWING WEATHER WAS RECORDED YESTERDAY.
  LIGHT RAIN


RELATIVE HUMIDITY (PERCENT)
 HIGHEST    86           300 AM
 LOWEST     32           300 PM
 AVERAGE    59

..........................................................


THE YAKIMA WA CLIMATE NORMALS FOR TODAY
                         NORMAL    RECORD    YEAR
 MAXIMUM TEMPERATURE (F)   77        90      2012
                                             1967
                                             1952
 MINIMUM TEMPERATURE (F)   43        31      1971


SUNRISE AND SUNSET
SEPTEMBER 19 2017.....SUNRISE   646 AM PDT   SUNSET   705 PM PDT
SEPTEMBER 20 2017.....SUNRISE   647 AM PDT   SUNSET   703 PM PDT


-  INDICATES NEGATIVE NUMBERS.
R  INDICATES RECORD WAS SET OR TIED.
MM INDICATES DATA IS MISSING.
T  INDICATES TRACE AMOUNT.




$$
