000
CDUS46 KPDT 280831 RRA
CLIYKM

CLIMATE REPORT
NATIONAL WEATHER SERVICE PENDLETON OR
129 AM PDT SAT MAY 28 2016


...................................

...THE YAKIMA WA CLIMATE SUMMARY FOR MAY 27 2016...

CLIMATE NORMAL PERIOD 1981 TO 2010
CLIMATE RECORD PERIOD 1946 TO 2016


WEATHER ITEM   OBSERVED TIME   RECORD YEAR NORMAL DEPARTURE LAST
                VALUE   (LST)  VALUE       VALUE  FROM      YEAR
                                                  NORMAL
..................................................................
TEMPERATURE (F)
 YESTERDAY
  MAXIMUM         71    241 PM  91    1983  75     -4       84
                                      1947
  MINIMUM         51    526 AM  32    1973  45      6       55
  AVERAGE         61                        60      1       70

PRECIPITATION (IN)
  YESTERDAY        0.00          0.47 2010   0.02  -0.02     0.00
  MONTH TO DATE    0.64                      0.49   0.15     1.80
  SINCE OCT 1     10.10                      6.70   3.40     6.32
  SINCE JAN 1      5.45                      3.58   1.87     4.22

SNOWFALL (IN)
  YESTERDAY        0.0           0.0  2002   0.0    0.0      0.0
                                      2001
                                      2000
  MONTH TO DATE    0.0                       0.0    0.0      0.0
  SINCE JAN 1     12.5                       8.6    3.9      1.6
  SINCE JUL 1     31.4                      21.6    9.8      1.6
  SNOW DEPTH       0

DEGREE DAYS
 HEATING
  YESTERDAY        4                         6     -2        0
  MONTH TO DATE   72                       239   -167       86
  SINCE MAR 1    827                      1394   -567      925
  SINCE JUL 1   4577                      5921  -1344     4507

 COOLING
  YESTERDAY        0                         1     -1        5
  MONTH TO DATE   33                        16     17       57
  SINCE MAR 1     39                        17     22       57
  SINCE JAN 1     39                        17     22       57
..................................................................


WIND (MPH)
  HIGHEST WIND SPEED    22   HIGHEST WIND DIRECTION     W (280)
  HIGHEST GUST SPEED    27   HIGHEST GUST DIRECTION     W (280)
  AVERAGE WIND SPEED    10.1


SKY COVER
  POSSIBLE SUNSHINE  MM
  AVERAGE SKY COVER 0.2


WEATHER CONDITIONS
 THE FOLLOWING WEATHER WAS RECORDED YESTERDAY.
  NO SIGNIFICANT WEATHER WAS OBSERVED.


RELATIVE HUMIDITY (PERCENT)
 HIGHEST    50          1100 PM
 LOWEST     23           300 PM
 AVERAGE    37

..........................................................


THE YAKIMA WA CLIMATE NORMALS FOR TODAY
                         NORMAL    RECORD    YEAR
 MAXIMUM TEMPERATURE (F)   76        97      1983
 MINIMUM TEMPERATURE (F)   45        29      1976


SUNRISE AND SUNSET
MAY 28 2016...........SUNRISE   515 AM PDT   SUNSET   845 PM PDT
MAY 29 2016...........SUNRISE   514 AM PDT   SUNSET   846 PM PDT


-  INDICATES NEGATIVE NUMBERS.
R  INDICATES RECORD WAS SET OR TIED.
MM INDICATES DATA IS MISSING.
T  INDICATES TRACE AMOUNT.

$$
