000
CDUS46 KPDT 010850 RRB
CLIYKM

CLIMATE REPORT
NATIONAL WEATHER SERVICE PENDLETON OR
150 AM PDT SUN MAY 1 2016


...................................

...THE YAKIMA WA CLIMATE SUMMARY FOR APRIL 30 2016...

CLIMATE NORMAL PERIOD 1981 TO 2010
CLIMATE RECORD PERIOD 1946 TO 2016


WEATHER ITEM   OBSERVED TIME   RECORD YEAR NORMAL DEPARTURE LAST
                VALUE   (LST)  VALUE       VALUE  FROM      YEAR
                                                  NORMAL
..................................................................
TEMPERATURE (F)
 YESTERDAY
  MAXIMUM         77    451 PM  87    1998  68      9       73
                                      1981
                                      1957
  MINIMUM         50   1159 PM  25    1986  37     13       34
  AVERAGE         64                        52     12       54

PRECIPITATION (IN)
  YESTERDAY        0.00          0.44 1987   0.02  -0.02     0.00
  MONTH TO DATE    0.27                      0.55  -0.28      T
  SINCE OCT 1      9.46                      6.21   3.25     4.52
  SINCE JAN 1      4.81                      3.09   1.72     2.42

SNOWFALL (IN)
  YESTERDAY        0.0           0.0  2002   0.0    0.0      0.0
                                      2001
                                      2000
  MONTH TO DATE    0.0                       T      0.0      0.0
  SINCE JAN 1     12.5                       8.6    3.9      1.6
  SINCE JUL 1     31.4                      21.6    9.8      1.6
  SNOW DEPTH       0

DEGREE DAYS
 HEATING
  YESTERDAY        1                        13    -12       11
  MONTH TO DATE  196                       477   -281      385
  SINCE MAR 1    755                      1155   -400      839
  SINCE JUL 1   4505                      5682  -1177     4421

 COOLING
  YESTERDAY        0                         0      0        0
  MONTH TO DATE    6                         1      5        0
  SINCE MAR 1      6                         1      5        0
  SINCE JAN 1      6                         1      5        0
..................................................................


WIND (MPH)
  HIGHEST WIND SPEED    15   HIGHEST WIND DIRECTION    NE (40)
  HIGHEST GUST SPEED    19   HIGHEST GUST DIRECTION     N (20)
  AVERAGE WIND SPEED     6.9


SKY COVER
  POSSIBLE SUNSHINE  MM
  AVERAGE SKY COVER 0.5


WEATHER CONDITIONS
 THE FOLLOWING WEATHER WAS RECORDED YESTERDAY.
  NO SIGNIFICANT WEATHER WAS OBSERVED.


RELATIVE HUMIDITY (PERCENT)
 HIGHEST    61          1100 PM
 LOWEST     16           300 PM
 AVERAGE    39

..........................................................


THE YAKIMA WA CLIMATE NORMALS FOR TODAY
                         NORMAL    RECORD    YEAR
 MAXIMUM TEMPERATURE (F)   68        88      1998
 MINIMUM TEMPERATURE (F)   38        25      1954


SUNRISE AND SUNSET
MAY  1 2016...........SUNRISE   547 AM PDT   SUNSET   812 PM PDT
MAY  2 2016...........SUNRISE   545 AM PDT   SUNSET   814 PM PDT


-  INDICATES NEGATIVE NUMBERS.
R  INDICATES RECORD WAS SET OR TIED.
MM INDICATES DATA IS MISSING.
T  INDICATES TRACE AMOUNT.




$$
