000
CDUS46 KPDT 040918 RRA
CLIYKM

CLIMATE REPORT
NATIONAL WEATHER SERVICE PENDLETON OR
104 AM PST SUN DEC 4 2016


...................................

...THE YAKIMA WA CLIMATE SUMMARY FOR DECEMBER 3 2016...

CLIMATE NORMAL PERIOD 1981 TO 2010
CLIMATE RECORD PERIOD 1946 TO 2016


WEATHER ITEM   OBSERVED TIME   RECORD YEAR NORMAL DEPARTURE LAST
                VALUE   (LST)  VALUE       VALUE  FROM      YEAR
                                                  NORMAL
..................................................................
TEMPERATURE (F)
 YESTERDAY
  MAXIMUM         55    119 PM  61    1982  39     16       37
  MINIMUM         24    253 AM  -1    1985  23      1       31
  AVERAGE         40                        31      9       34

PRECIPITATION (IN)
  YESTERDAY        0.00          0.58 1980   0.05  -0.05     0.24
  MONTH TO DATE    T                         0.15  -0.15     0.38
  SINCE OCT 1      3.05                      1.74   1.31     1.56
  SINCE JAN 1      9.11                      6.87   2.24     5.87

SNOWFALL (IN)
  YESTERDAY        0.0           2.9  1970   0.2   -0.2      0.0
  MONTH TO DATE    0.0                       0.8   -0.8      1.3
  SINCE JAN 1     12.5                      13.0   -0.5      5.9
  SINCE JUL 1      T                         4.4   -4.4      4.3
  SNOW DEPTH       0

DEGREE DAYS
 HEATING
  YESTERDAY       25                        34     -9       31
  MONTH TO DATE   83                       101    -18      104
  SINCE DEC 1     83                       101    -18      104
  SINCE JUL 1   1102                      1634   -532     1218

 COOLING
  YESTERDAY        0                         0      0        0
  MONTH TO DATE    0                         0      0        0
  SINCE DEC 1      0                         0      0        0
  SINCE JAN 1    774                       472    302     1094
..................................................................


WIND (MPH)
  HIGHEST WIND SPEED    20   HIGHEST WIND DIRECTION    NW (300)
  HIGHEST GUST SPEED    25   HIGHEST GUST DIRECTION     W (290)
  AVERAGE WIND SPEED     4.4


SKY COVER
  POSSIBLE SUNSHINE  MM
  AVERAGE SKY COVER 0.3


WEATHER CONDITIONS
 THE FOLLOWING WEATHER WAS RECORDED YESTERDAY.
  FOG
  HAZE


RELATIVE HUMIDITY (PERCENT)
 HIGHEST    92          1200 AM
 LOWEST     41           200 PM
 AVERAGE    67

..........................................................


THE YAKIMA WA CLIMATE NORMALS FOR TODAY
                         NORMAL    RECORD    YEAR
 MAXIMUM TEMPERATURE (F)   39        62      2007
 MINIMUM TEMPERATURE (F)   23         2      1984


SUNRISE AND SUNSET
DECEMBER  4 2016......SUNRISE   730 AM PST   SUNSET   415 PM PST
DECEMBER  5 2016......SUNRISE   731 AM PST   SUNSET   415 PM PST


-  INDICATES NEGATIVE NUMBERS.
R  INDICATES RECORD WAS SET OR TIED.
MM INDICATES DATA IS MISSING.
T  INDICATES TRACE AMOUNT.




$$
