769
CDUS41 KCLE 220528
CLIYNG


CLIMATE REPORT
NATIONAL WEATHER SERVICE CLEVELAND OH
1228 AM EST THU FEB 22 2018


...................................

...THE YOUNGSTOWN OH CLIMATE SUMMARY FOR FEBRUARY 21 2018...

CLIMATE NORMAL PERIOD 1981 TO 2010
CLIMATE RECORD PERIOD 1897 TO 2018


WEATHER ITEM   OBSERVED TIME   RECORD YEAR NORMAL DEPARTURE LAST
                VALUE   (LST)  VALUE       VALUE  FROM      YEAR
                                                  NORMAL
..................................................................
TEMPERATURE (F)
 YESTERDAY
  MAXIMUM         70    331 AM  71    1997  38     32       63
  MINIMUM         34   1159 PM  -9    1968  22     12       46
  AVERAGE         52                        30     22       55

PRECIPITATION (IN)
  YESTERDAY        0.05                      0.08  -0.03     0.00
  MONTH TO DATE    3.08                      1.57   1.51     1.65
  SINCE DEC 1      8.33                      7.11   1.22    10.57
  SINCE JAN 1      6.22                      4.12   2.10     7.00

SNOWFALL (IN)
  YESTERDAY        0.0                       0.5   -0.5      0.0
  MONTH TO DATE   14.9                       9.5    5.4      6.0
  SINCE DEC 1     57.0                      41.1   15.9     42.9
  SINCE JUL 1     58.0                      45.5   12.5     47.3
  SNOW DEPTH       0

DEGREE DAYS
 HEATING
  YESTERDAY       13                        35    -22       10
  MONTH TO DATE  682                       784   -102      622
  SINCE DEC 1   3082                      3078      4     2703
  SINCE JUL 1   4180                      4407   -227     3675

 COOLING
  YESTERDAY        0                         0      0        0
  MONTH TO DATE    2                         0      2        0
  SINCE DEC 1      2                         0      2        0
  SINCE JAN 1      2                         0      2        0
..................................................................


WIND (MPH)
  HIGHEST WIND SPEED    22   HIGHEST WIND DIRECTION    NW (330)
  HIGHEST GUST SPEED    28   HIGHEST GUST DIRECTION     W (280)
  AVERAGE WIND SPEED    11.0


SKY COVER
  POSSIBLE SUNSHINE  MM
  AVERAGE SKY COVER 1.0


WEATHER CONDITIONS
 THE FOLLOWING WEATHER WAS RECORDED YESTERDAY.
  LIGHT RAIN
  FOG


RELATIVE HUMIDITY (PERCENT)
 HIGHEST   100          1100 AM
 LOWEST     55           300 AM
 AVERAGE    78

..........................................................


THE YOUNGSTOWN OH CLIMATE NORMALS FOR TODAY
                         NORMAL    RECORD    YEAR
 MAXIMUM TEMPERATURE (F)   38        64      1983
 MINIMUM TEMPERATURE (F)   22       -10      1963


SUNRISE AND SUNSET
FEBRUARY 22 2018......SUNRISE   708 AM EST   SUNSET   605 PM EST
FEBRUARY 23 2018......SUNRISE   706 AM EST   SUNSET   606 PM EST


-  INDICATES NEGATIVE NUMBERS.
R  INDICATES RECORD WAS SET OR TIED.
MM INDICATES DATA IS MISSING.
T  INDICATES TRACE AMOUNT.




$$
