000
CDUS41 KCLE 230526
CLIYNG


CLIMATE REPORT
NATIONAL WEATHER SERVICE CLEVELAND OH
1226 AM EST MON JAN 23 2017


...................................

...THE YOUNGSTOWN OH CLIMATE SUMMARY FOR JANUARY 22 2017...

CLIMATE NORMAL PERIOD 1981 TO 2010
CLIMATE RECORD PERIOD 1897 TO 2017


WEATHER ITEM   OBSERVED TIME   RECORD YEAR NORMAL DEPARTURE LAST
                VALUE   (LST)  VALUE       VALUE  FROM      YEAR
                                                  NORMAL
..................................................................
TEMPERATURE (F)
 YESTERDAY
  MAXIMUM         58    330 PM  69    1933  32     26       23
  MINIMUM         44    815 AM  -6    2014  19     25       12
                                      1970
  AVERAGE         51                        26     25       18

PRECIPITATION (IN)
  YESTERDAY        0.08                      0.08   0.00      T
  MONTH TO DATE    4.41                      1.87   2.54     1.27
  SINCE DEC 1      7.98                      4.86   3.12     5.46
  SINCE JAN 1      4.41                      1.87   2.54     1.27

SNOWFALL (IN)
  YESTERDAY        0.0                       0.5   -0.5       T
  MONTH TO DATE    5.7                      11.9   -6.2     10.1
  SINCE DEC 1     29.0                      26.9    2.1     10.9
  SINCE JUL 1     33.4                      31.3    2.1     11.3
  SNOW DEPTH       0

DEGREE DAYS
 HEATING
  YESTERDAY       14                        39    -25       47
  MONTH TO DATE  717                       864   -147      899
  SINCE DEC 1   1796                      1941   -145     1589
  SINCE JUL 1   2768                      3270   -502     2591

 COOLING
  YESTERDAY        0                         0      0        0
  MONTH TO DATE    0                         0      0        0
  SINCE DEC 1      0                         0      0        0
  SINCE JAN 1      0                         0      0        0
..................................................................


WIND (MPH)
  HIGHEST WIND SPEED    10   HIGHEST WIND DIRECTION     E (90)
  HIGHEST GUST SPEED    14   HIGHEST GUST DIRECTION     E (100)
  AVERAGE WIND SPEED     5.8


SKY COVER
  POSSIBLE SUNSHINE  MM
  AVERAGE SKY COVER 0.9


WEATHER CONDITIONS
 THE FOLLOWING WEATHER WAS RECORDED YESTERDAY.
  LIGHT RAIN
  FOG


RELATIVE HUMIDITY (PERCENT)
 HIGHEST   100           800 AM
 LOWEST     77           400 PM
 AVERAGE    89

..........................................................


THE YOUNGSTOWN OH CLIMATE NORMALS FOR TODAY
                         NORMAL    RECORD    YEAR
 MAXIMUM TEMPERATURE (F)   33        67      1933
 MINIMUM TEMPERATURE (F)   19       -13      1963


SUNRISE AND SUNSET
JANUARY 23 2017.......SUNRISE   741 AM EST   SUNSET   528 PM EST
JANUARY 24 2017.......SUNRISE   741 AM EST   SUNSET   530 PM EST


-  INDICATES NEGATIVE NUMBERS.
R  INDICATES RECORD WAS SET OR TIED.
MM INDICATES DATA IS MISSING.
T  INDICATES TRACE AMOUNT.




$$
