000
CDUS41 KPBZ 182210
CLIZZV


CLIMATE REPORT
NATIONAL WEATHER SERVICE PITTSBURGH PA
510 PM EST SUN FEB 18 2018


...................................

...THE ZANESVILLE OH CLIMATE SUMMARY FOR FEBRUARY 18 2018...
VALID TODAY AS OF 0500 PM LOCAL TIME.

CLIMATE NORMAL PERIOD 1981 TO 2010
CLIMATE RECORD PERIOD 1895 TO 2018


WEATHER ITEM   OBSERVED TIME   RECORD YEAR NORMAL DEPARTURE LAST
                VALUE   (LST)  VALUE       VALUE  FROM      YEAR
                                                  NORMAL
..................................................................
TEMPERATURE (F)
 TODAY
  MAXIMUM         42    359 PM  69    2017  42      0       69
  MINIMUM         33   1200 AM  -4    1903  23     10       36
  AVERAGE         38                        33      5       53

PRECIPITATION (IN)
  TODAY            T             1.28 2000   0.08  -0.08     0.00
  MONTH TO DATE    3.33                      1.38   1.95     1.23
  SINCE JUN 1     28.30                     26.44   1.86    22.76
  SINCE JAN 1      5.44                      4.04   1.40     4.14

DEGREE DAYS
 HEATING
  TODAY           27                        32     -5       12
  MONTH TO DATE  579                       613    -34      493
  SINCE DEC 1   2822                      2739     83     2343
  SINCE JUL 1   3806                      3880    -74     3200

 COOLING
  TODAY            0                         0      0        0
  MONTH TO DATE    0                         0      0        0
  SINCE DEC 1      0                         0      0        0
  SINCE JAN 1      0                         0      0        0
..................................................................


WIND (MPH)
  HIGHEST WIND SPEED    15   HIGHEST WIND DIRECTION     S (180)
  HIGHEST GUST SPEED    20   HIGHEST GUST DIRECTION     W (280)
  AVERAGE WIND SPEED     7.6


SKY COVER
  POSSIBLE SUNSHINE  MM
  AVERAGE SKY COVER 0.6


WEATHER CONDITIONS
 THE FOLLOWING WEATHER WAS RECORDED TODAY.
  LIGHT RAIN
  LIGHT SNOW
  FOG


RELATIVE HUMIDITY (PERCENT)
 HIGHEST    89           200 AM
 LOWEST     57           400 PM
 AVERAGE    73

..........................................................


THE ZANESVILLE OH CLIMATE NORMALS FOR TOMORROW
                         NORMAL    RECORD    YEAR
 MAXIMUM TEMPERATURE (F)   42        73      1939
 MINIMUM TEMPERATURE (F)   24       -11      1936


SUNRISE AND SUNSET
FEBRUARY 18 2018......SUNRISE   716 AM EST   SUNSET   607 PM EST
FEBRUARY 19 2018......SUNRISE   715 AM EST   SUNSET   608 PM EST


-  INDICATES NEGATIVE NUMBERS.
R  INDICATES RECORD WAS SET OR TIED.
MM INDICATES DATA IS MISSING.
T  INDICATES TRACE AMOUNT.




$$
