000
CDUS41 KPBZ 220702
CLIZZV


CLIMATE REPORT
NATIONAL WEATHER SERVICE PITTSBURGH PA
301 AM EDT TUE JUL 22 2014


...................................

...THE ZANESVILLE OH CLIMATE SUMMARY FOR JULY 21 2014...

CLIMATE NORMAL PERIOD 1981 TO 2010
CLIMATE RECORD PERIOD 1946 TO 2014


WEATHER ITEM   OBSERVED TIME   RECORD YEAR NORMAL DEPARTURE LAST
                VALUE   (LST)  VALUE       VALUE  FROM      YEAR
                                                  NORMAL
..................................................................
TEMPERATURE (F)
 YESTERDAY
  MAXIMUM         85    441 PM  95    2011  84      1       83
                                      1991
  MINIMUM         65    549 AM  45    1970  62      3       68
  AVERAGE         75                        73      2       76

PRECIPITATION (IN)
  YESTERDAY        0.00         MM      MM   0.11  -0.11     0.00
  MONTH TO DATE    2.75                      2.70   0.05     3.83
  SINCE JUN 1      9.49                      6.74   2.75    10.08
  SINCE JAN 1     23.82                     22.20   1.62    20.67

DEGREE DAYS
 HEATING
  YESTERDAY        0                         0      0        0
  MONTH TO DATE    8                         0      8        0
  SINCE JUN 1     18                        32    -14       18
  SINCE JUL 1      8                         0      8        0

 COOLING
  YESTERDAY       10                         8      2       11
  MONTH TO DATE  119                       168    -49      240
  SINCE JUN 1    315                       326    -11      396
  SINCE JAN 1    397                       380     17      504
..................................................................


WIND (MPH)
  HIGHEST WIND SPEED     7   HIGHEST WIND DIRECTION     S (160)
  HIGHEST GUST SPEED     9   HIGHEST GUST DIRECTION     S (180)
  AVERAGE WIND SPEED     1.2


SKY COVER
  POSSIBLE SUNSHINE  MM
  AVERAGE SKY COVER 0.3


WEATHER CONDITIONS
 THE FOLLOWING WEATHER WAS RECORDED YESTERDAY.
  FOG
  HAZE


RELATIVE HUMIDITY (PERCENT)
 HIGHEST    93          1200 AM
 LOWEST     55           300 PM
 AVERAGE    74

..........................................................


THE ZANESVILLE OH CLIMATE NORMALS FOR TODAY
                         NORMAL    RECORD    YEAR
 MAXIMUM TEMPERATURE (F)   84        96      2011
                                             1991
 MINIMUM TEMPERATURE (F)   62        49      1966


SUNRISE AND SUNSET
JULY 22 2014..........SUNRISE   617 AM EDT   SUNSET   850 PM EDT
JULY 23 2014..........SUNRISE   618 AM EDT   SUNSET   850 PM EDT


-  INDICATES NEGATIVE NUMBERS.
R  INDICATES RECORD WAS SET OR TIED.
MM INDICATES DATA IS MISSING.
T  INDICATES TRACE AMOUNT.




$$
