000
CDUS41 KPBZ 030808
CLIZZV


CLIMATE REPORT
NATIONAL WEATHER SERVICE PITTSBURGH PA
308 AM EST TUE MAR 3 2015


...................................

...THE ZANESVILLE OH CLIMATE SUMMARY FOR MARCH 2 2015...

CLIMATE NORMAL PERIOD 1981 TO 2010
CLIMATE RECORD PERIOD 1946 TO 2015


WEATHER ITEM   OBSERVED TIME   RECORD YEAR NORMAL DEPARTURE LAST
                VALUE   (LST)  VALUE       VALUE  FROM      YEAR
                                                  NORMAL
..................................................................
TEMPERATURE (F)
 YESTERDAY
  MAXIMUM         32   1229 AM  73    1976  46    -14       40
  MINIMUM         17   1157 PM   0    1978  26     -9       14
  AVERAGE         25                        36    -11       27

PRECIPITATION (IN)
  YESTERDAY        0.00         MM      MM   0.09  -0.09     0.21
  MONTH TO DATE    0.30                      0.17   0.13     0.21
  SINCE JUN 1     26.21                     27.40  -1.19    31.10
  SINCE JAN 1      3.80                      5.00  -1.20     2.79

DEGREE DAYS
 HEATING
  YESTERDAY       40                        29     11       38
  MONTH TO DATE   77                        58     19       70
  SINCE MAR 1     77                        58     19       70
  SINCE JUL 1   4734                      4249    485     4627

 COOLING
  YESTERDAY        0                         0      0        0
  MONTH TO DATE    0                         0      0        0
  SINCE MAR 1      0                         0      0        0
  SINCE JAN 1      0                         0      0        0
..................................................................


WIND (MPH)
  HIGHEST WIND SPEED    17   HIGHEST WIND DIRECTION    NW (320)
  HIGHEST GUST SPEED    22   HIGHEST GUST DIRECTION    NW (320)
  AVERAGE WIND SPEED     7.1


SKY COVER
  POSSIBLE SUNSHINE  MM
  AVERAGE SKY COVER 0.4


WEATHER CONDITIONS
 THE FOLLOWING WEATHER WAS RECORDED YESTERDAY.
  HAZE


RELATIVE HUMIDITY (PERCENT)
 HIGHEST    85          1200 AM
 LOWEST     43           300 PM
 AVERAGE    64

..........................................................


THE ZANESVILLE OH CLIMATE NORMALS FOR TODAY
                         NORMAL    RECORD    YEAR
 MAXIMUM TEMPERATURE (F)   46        75      1976
 MINIMUM TEMPERATURE (F)   26         3      1950


SUNRISE AND SUNSET
MARCH  3 2015.........SUNRISE   658 AM EST   SUNSET   621 PM EST
MARCH  4 2015.........SUNRISE   657 AM EST   SUNSET   622 PM EST


-  INDICATES NEGATIVE NUMBERS.
R  INDICATES RECORD WAS SET OR TIED.
MM INDICATES DATA IS MISSING.
T  INDICATES TRACE AMOUNT.




$$
