000
CDUS41 KPBZ 282220
CLIZZV


CLIMATE REPORT
NATIONAL WEATHER SERVICE PITTSBURGH PA
520 PM EST WED JAN 28 2015


...................................

...THE ZANESVILLE OH CLIMATE SUMMARY FOR JANUARY 28 2015...
VALID TODAY AS OF 0500 PM LOCAL TIME.

CLIMATE NORMAL PERIOD 1981 TO 2010
CLIMATE RECORD PERIOD 1946 TO 2015


WEATHER ITEM   OBSERVED TIME   RECORD YEAR NORMAL DEPARTURE LAST
                VALUE   (LST)  VALUE       VALUE  FROM      YEAR
                                                  NORMAL
..................................................................
TEMPERATURE (F)
 TODAY
  MAXIMUM         28    347 PM  65    2002  38    -10        6
  MINIMUM          4    807 AM -18    1963  21    -17      -17
  AVERAGE         16                        29    -13       -5

PRECIPITATION (IN)
  TODAY            0.00         MM      MM   0.07  -0.07     0.00
  MONTH TO DATE    2.21                      2.42  -0.21     1.30
  SINCE JUN 1     24.62                     24.82  -0.20    29.61
  SINCE JAN 1      2.21                      2.42  -0.21     1.30

DEGREE DAYS
 HEATING
  TODAY           49                        36     13       70
  MONTH TO DATE 1072                      1008     64     1181
  SINCE DEC 1   1981                      2012    -31     2134
  SINCE JUL 1   3288                      3153    135     3310

 COOLING
  TODAY            0                         0      0        0
  MONTH TO DATE    0                         0      0        0
  SINCE DEC 1      0                         0      0        0
  SINCE JAN 1      0                         0      0        0
..................................................................


WIND (MPH)
  HIGHEST WIND SPEED     6   HIGHEST WIND DIRECTION     W (250)
  HIGHEST GUST SPEED     9   HIGHEST GUST DIRECTION    NE (50)
  AVERAGE WIND SPEED     2.2


SKY COVER
  POSSIBLE SUNSHINE  MM
  AVERAGE SKY COVER 0.3


WEATHER CONDITIONS
 THE FOLLOWING WEATHER WAS RECORDED TODAY.
  LIGHT SNOW
  FOG
  HAZE


RELATIVE HUMIDITY (PERCENT)
 HIGHEST    91           600 AM
 LOWEST     46           200 PM
 AVERAGE    69

..........................................................


THE ZANESVILLE OH CLIMATE NORMALS FOR TOMORROW
                         NORMAL    RECORD    YEAR
 MAXIMUM TEMPERATURE (F)   38        67      2013
                                             2002
 MINIMUM TEMPERATURE (F)   21       -20      2014


SUNRISE AND SUNSET
JANUARY 28 2015.......SUNRISE   740 AM EST   SUNSET   542 PM EST
JANUARY 29 2015.......SUNRISE   739 AM EST   SUNSET   543 PM EST


-  INDICATES NEGATIVE NUMBERS.
R  INDICATES RECORD WAS SET OR TIED.
MM INDICATES DATA IS MISSING.
T  INDICATES TRACE AMOUNT.




$$
