000
CDUS41 KPBZ 180706
CLIZZV


CLIMATE REPORT
NATIONAL WEATHER SERVICE PITTSBURGH PA
306 AM EDT WED OCT 18 2017


...................................

...THE ZANESVILLE OH CLIMATE SUMMARY FOR OCTOBER 17 2017...

CLIMATE NORMAL PERIOD 1981 TO 2010
CLIMATE RECORD PERIOD 1895 TO 2017


WEATHER ITEM   OBSERVED TIME   RECORD YEAR NORMAL DEPARTURE LAST
                VALUE   (LST)  VALUE       VALUE  FROM      YEAR
                                                  NORMAL
..................................................................
TEMPERATURE (F)
 YESTERDAY
  MAXIMUM         65    408 PM  84    1938  64      1       83
                                      1908
  MINIMUM         35    706 AM  25    1952  41     -6       60
  AVERAGE         50                        53     -3       72

PRECIPITATION (IN)
  YESTERDAY        0.00          2.81 1936   0.08  -0.08     0.00
  MONTH TO DATE    2.74                      1.47   1.27     0.08
  SINCE JUN 1     16.20                     15.54   0.66    10.67
  SINCE JAN 1     34.32                     31.00   3.32    25.65

DEGREE DAYS
 HEATING
  YESTERDAY       15                        12      3        0
  MONTH TO DATE   55                       173   -118      107
  SINCE SEP 1    120                       271   -151      123
  SINCE JUL 1    124                       282   -158      123

 COOLING
  YESTERDAY        0                         0      0        7
  MONTH TO DATE   35                         7     28       13
  SINCE SEP 1    147                        89     58      190
  SINCE JAN 1    875                       766    109     1341
..................................................................


WIND (MPH)
  HIGHEST WIND SPEED    13   HIGHEST WIND DIRECTION     S (200)
  HIGHEST GUST SPEED    17   HIGHEST GUST DIRECTION     W (270)
  AVERAGE WIND SPEED     3.2


SKY COVER
  POSSIBLE SUNSHINE  MM
  AVERAGE SKY COVER 0.0


WEATHER CONDITIONS
 THE FOLLOWING WEATHER WAS RECORDED YESTERDAY.
  NO SIGNIFICANT WEATHER WAS OBSERVED.


RELATIVE HUMIDITY (PERCENT)
 HIGHEST    92          1200 AM
 LOWEST     37           200 PM
 AVERAGE    65

..........................................................


THE ZANESVILLE OH CLIMATE NORMALS FOR TODAY
                         NORMAL    RECORD    YEAR
 MAXIMUM TEMPERATURE (F)   64        84      1910
                                             1908
 MINIMUM TEMPERATURE (F)   41        23      1976


SUNRISE AND SUNSET
OCTOBER 18 2017.......SUNRISE   741 AM EDT   SUNSET   643 PM EDT
OCTOBER 19 2017.......SUNRISE   742 AM EDT   SUNSET   642 PM EDT


-  INDICATES NEGATIVE NUMBERS.
R  INDICATES RECORD WAS SET OR TIED.
MM INDICATES DATA IS MISSING.
T  INDICATES TRACE AMOUNT.




$$
