000
CDUS41 KPBZ 242212
CLIZZV


CLIMATE REPORT
NATIONAL WEATHER SERVICE PITTSBURGH PA
511 PM EST WED DEC 24 2014


...................................

...THE ZANESVILLE OH CLIMATE SUMMARY FOR DECEMBER 24 2014...
VALID TODAY AS OF 0500 PM LOCAL TIME.

CLIMATE NORMAL PERIOD 1981 TO 2010
CLIMATE RECORD PERIOD 1946 TO 2014


WEATHER ITEM   OBSERVED TIME   RECORD YEAR NORMAL DEPARTURE LAST
                VALUE   (LST)  VALUE       VALUE  FROM      YEAR
                                                  NORMAL
..................................................................
TEMPERATURE (F)
 TODAY
  MAXIMUM         58    342 PM  66    1964  38     20       29
  MINIMUM         49    738 AM -15    1989  23     26       14
  AVERAGE         54                        30     24       22

PRECIPITATION (IN)
  TODAY            0.07         MM      MM   0.08  -0.01      T
  MONTH TO DATE    2.69                      1.99   0.70     3.84
  SINCE JUN 1     21.83                     21.81   0.02    28.01
  SINCE JAN 1     36.16                     37.27  -1.11    38.60

DEGREE DAYS
 HEATING
  TODAY           11                        35    -24       43
  MONTH TO DATE  686                       759    -73      726
  SINCE DEC 1    686                       759    -73      726
  SINCE JUL 1   1993                      1900     93     1902

 COOLING
  TODAY            0                         0      0        0
  MONTH TO DATE    0                         0      0        0
  SINCE DEC 1      0                         0      0        0
  SINCE JAN 1    727                       768    -41      856
..................................................................


WIND (MPH)
  HIGHEST WIND SPEED    15   HIGHEST WIND DIRECTION    SE (150)
  HIGHEST GUST SPEED    19   HIGHEST GUST DIRECTION    SE (150)
  AVERAGE WIND SPEED     7.9


SKY COVER
  POSSIBLE SUNSHINE  MM
  AVERAGE SKY COVER 0.8


WEATHER CONDITIONS
 THE FOLLOWING WEATHER WAS RECORDED TODAY.
  LIGHT RAIN
  FOG


RELATIVE HUMIDITY (PERCENT)
 HIGHEST    96           600 AM
 LOWEST     80           300 PM
 AVERAGE    88

..........................................................


THE ZANESVILLE OH CLIMATE NORMALS FOR TOMORROW
                         NORMAL    RECORD    YEAR
 MAXIMUM TEMPERATURE (F)   38        65      1982
 MINIMUM TEMPERATURE (F)   22       -10      1983


SUNRISE AND SUNSET
DECEMBER 24 2014......SUNRISE   747 AM EST   SUNSET   507 PM EST
DECEMBER 25 2014......SUNRISE   747 AM EST   SUNSET   508 PM EST


-  INDICATES NEGATIVE NUMBERS.
R  INDICATES RECORD WAS SET OR TIED.
MM INDICATES DATA IS MISSING.
T  INDICATES TRACE AMOUNT.




$$
