997
CDUS41 KPBZ 102219
CLIZZV


CLIMATE REPORT
NATIONAL WEATHER SERVICE PITTSBURGH PA
518 PM EST SUN DEC 10 2017


...................................

...THE ZANESVILLE OH CLIMATE SUMMARY FOR DECEMBER 10 2017...
VALID TODAY AS OF 0500 PM LOCAL TIME.

CLIMATE NORMAL PERIOD 1981 TO 2010
CLIMATE RECORD PERIOD 1895 TO 2017


WEATHER ITEM   OBSERVED TIME   RECORD YEAR NORMAL DEPARTURE LAST
                VALUE   (LST)  VALUE       VALUE  FROM      YEAR
                                                  NORMAL
..................................................................
TEMPERATURE (F)
 TODAY
  MAXIMUM         32    341 PM  72    1971  42    -10       27
  MINIMUM         26    657 AM -10    1958  26      0       23
  AVERAGE         29                        34     -5       25

PRECIPITATION (IN)
  TODAY            T             0.82 1966   0.09  -0.09      T
  MONTH TO DATE    0.27                      0.89  -0.62     0.74
  SINCE JUN 1     21.79                     20.71   1.08    15.10
  SINCE JAN 1     39.91                     36.17   3.74    30.08

DEGREE DAYS
 HEATING
  TODAY           36                        31      5       40
  MONTH TO DATE  302                       295      7      308
  SINCE DEC 1    302                       295      7      308
  SINCE JUL 1   1286                      1436   -150     1165

 COOLING
  TODAY            0                         0      0        0
  MONTH TO DATE    0                         0      0        0
  SINCE DEC 1      0                         0      0        0
  SINCE JAN 1    877                       768    109     1355
..................................................................


WIND (MPH)
  HIGHEST WIND SPEED    17   HIGHEST WIND DIRECTION     W (250)
  HIGHEST GUST SPEED    25   HIGHEST GUST DIRECTION    SW (230)
  AVERAGE WIND SPEED     9.1


SKY COVER
  POSSIBLE SUNSHINE  MM
  AVERAGE SKY COVER 0.9


WEATHER CONDITIONS
 THE FOLLOWING WEATHER WAS RECORDED TODAY.
  LIGHT SNOW
  HAZE


RELATIVE HUMIDITY (PERCENT)
 HIGHEST    85          1200 AM
 LOWEST     49           300 PM
 AVERAGE    67

..........................................................


THE ZANESVILLE OH CLIMATE NORMALS FOR TOMORROW
                         NORMAL    RECORD    YEAR
 MAXIMUM TEMPERATURE (F)   42        65      2015
                                             2007
 MINIMUM TEMPERATURE (F)   26       -11      1917


SUNRISE AND SUNSET
DECEMBER 10 2017......SUNRISE   738 AM EST   SUNSET   502 PM EST
DECEMBER 11 2017......SUNRISE   739 AM EST   SUNSET   503 PM EST


-  INDICATES NEGATIVE NUMBERS.
R  INDICATES RECORD WAS SET OR TIED.
MM INDICATES DATA IS MISSING.
T  INDICATES TRACE AMOUNT.




$$
