000
CDUS41 KPBZ 271228
CLIZZV


CLIMATE REPORT
NATIONAL WEATHER SERVICE PITTSBURGH PA
828 AM EDT TUE SEP 27 2016


...................................

...THE ZANESVILLE OH CLIMATE SUMMARY FOR SEPTEMBER 27 2016...
VALID AS OF 0800 AM LOCAL TIME.

CLIMATE NORMAL PERIOD 1981 TO 2010
CLIMATE RECORD PERIOD 1946 TO 2016


WEATHER ITEM   OBSERVED TIME   RECORD YEAR NORMAL DEPARTURE LAST
                VALUE   (LST)  VALUE       VALUE  FROM      YEAR
                                                  NORMAL
..................................................................
TEMPERATURE (F)
 TODAY
  MAXIMUM         54   1209 AM  87    1998
  MINIMUM         45    650 AM  30    1947  48     -3       61

PRECIPITATION (IN)
  TODAY            0.00         MM      MM   0.10  -0.10     0.09
  MONTH TO DATE    1.28                      2.71  -1.43     2.84
  SINCE JUN 1      9.37                     13.77  -4.40    13.51
  SINCE JAN 1     24.35                     29.23  -4.88    29.41

DEGREE DAYS
 HEATING
  TODAY           15

 COOLING
  TODAY            0
..................................................................







THE ZANESVILLE OH CLIMATE NORMALS FOR TOMORROW
                         NORMAL    RECORD    YEAR
 MAXIMUM TEMPERATURE (F)   71        90      1959
 MINIMUM TEMPERATURE (F)   48        34      1957


SUNRISE AND SUNSET
SEPTEMBER 27 2016.....SUNRISE   720 AM EDT   SUNSET   716 PM EDT
SEPTEMBER 28 2016.....SUNRISE   721 AM EDT   SUNSET   714 PM EDT


-  INDICATES NEGATIVE NUMBERS.
R  INDICATES RECORD WAS SET OR TIED.
MM INDICATES DATA IS MISSING.
T  INDICATES TRACE AMOUNT.




$$
