242
CXUS52 KTAE 011253
CLMAAF

CLIMATE REPORT
NATIONAL WEATHER SERVICE TALLAHASSEE FL
849 AM EDT SAT APR 1 2017

...................................

...THE APALACHICOLA CLIMATE SUMMARY FOR THE MONTH OF MARCH 2017...

CLIMATE NORMAL PERIOD 1981 TO 2010
CLIMATE RECORD PERIOD 1931 TO 2017

WEATHER         OBSERVED                   LAST YEAR`S
                 VALUE   DATE(S)           VALUE  DATE(S)

.........................................................
TEMPERATURE (F)
HIGHEST            90R  03/22                  84  03/16
LOWEST             34   03/16                  37  03/22
AVG. MAXIMUM     73.2                        73.0
AVG. MINIMUM     54.0                        56.6
MEAN             63.6                        64.8
DAYS MAX >= 90      1                           0
DAYS MAX <= 32      0                           0
DAYS MIN <= 32      0                           0
DAYS MIN <= 0       0                           0

PRECIPITATION (INCHES)
TOTALS           1.16                        6.27
DAILY AVG.       0.04                        0.20
DAYS >= .01         3                           9
DAYS >= .10         3                           9
DAYS >= .50         1                           5
DAYS >= 1.00        0                           2
GREATEST
 24 HR. TOTAL    0.85   03/13 TO 03/13       2.72

DEGREE_DAYS
HEATING TOTAL     111                          87
 SINCE 7/1        653                         907
COOLING TOTAL      74                          92
 SINCE 1/1        143                          97
..........................................................

WIND (MPH)
AVERAGE WIND SPEED              8.4
HIGHEST WIND SPEED/DIRECTION    25/170    DATE  03/30
HIGHEST GUST SPEED/DIRECTION    35/210    DATE  03/30

SKY COVER
AVERAGE SKY COVER           0.20

AVERAGE RH (PERCENT)     74

WEATHER CONDITIONS. NUMBER OF DAYS WITH
THUNDERSTORM              0     MIXED PRECIP               0
HEAVY RAIN                2     RAIN                       2
LIGHT RAIN                5     FREEZING RAIN              0
LT FREEZING RAIN          0     HAIL                       0
HEAVY SNOW                0     SNOW                       0
LIGHT SNOW                0     SLEET                      0
FOG                      13     FOG W/VIS <= 1/4 MILE      6
HAZE                      2

-  INDICATES NEGATIVE NUMBERS.
R  INDICATES RECORD WAS SET OR TIED.
MM INDICATES DATA IS MISSING.
T  INDICATES TRACE AMOUNT.

$$
