000
CXUS54 KSJT 011914
CLMABI


CLIMATE REPORT
NATIONAL WEATHER SERVICE SAN ANGELO TX
102 PM CST MON FEB 1 2016

...................................

...THE ABILENE CLIMATE SUMMARY FOR THE MONTH OF JANUARY 2016...

CLIMATE NORMAL PERIOD 1981 TO 2010
CLIMATE RECORD PERIOD 1886 TO 2016

WEATHER         OBSERVED          NORMAL  DEPART  LAST YEAR`S
                 VALUE   DATE(S)  VALUE   FROM    VALUE  DATE(S)
                                          NORMAL
................................................................
TEMPERATURE (F)
RECORD
 HIGH              90   01/31/1911
 LOW               -9   01/04/1947
HIGHEST            80   01/30        MM      MM       81  01/28
LOWEST             22   01/10        MM      MM       16  01/08
AVG. MAXIMUM     57.7              56.8     0.9     53.2
AVG. MINIMUM     33.8              33.0     0.8     32.7
MEAN             45.8              44.9     0.9     42.9
DAYS MAX >= 90      0               0.0     0.0        0
DAYS MAX <= 32      0               1.1    -1.1        1
DAYS MIN <= 32     15              14.9     0.1       15
DAYS MIN <= 0       0               0.0     0.0        0

PRECIPITATION (INCHES)
RECORD
 MAXIMUM         4.35   1968
 MINIMUM            T   2014
                        1967
TOTALS           0.04              1.02   -0.98     1.77
DAILY AVG.       0.00              0.03   -0.03     0.06
DAYS >= .01         1               4.7    -3.7        7
DAYS >= .10         0               2.2    -2.2        4
DAYS >= .50         0               0.6    -0.6        1
DAYS >= 1.00        0               0.1    -0.1        0
GREATEST
 24 HR. TOTAL    0.04   01/08 TO 01/09

SNOWFALL (INCHES)
RECORDS
 TOTAL           13.5   1973

TOTALS              TR              1.5    -1.5        T
SINCE 7/1         5.1               3.3     1.8      0.1
SNOWDEPTH AVG.      0                MM      MM        0
DAYS >= 1.0         0               0.4    -0.4        0
GREATEST
 SNOW DEPTH         0                                  0
 24 HR TOTAL        T   01/09 TO 01/09

DEGREE_DAYS
HEATING TOTAL     588               624     -36      676
 SINCE 7/1       1407              1669    -262     1546
COOLING TOTAL       0                 1      -1        0
 SINCE 1/1          0                 0       0        0
.................................................................

WIND (MPH)
AVERAGE WIND SPEED              9.4
HIGHEST WIND SPEED/DIRECTION    32/340    DATE  01/21
HIGHEST GUST SPEED/DIRECTION    44/200    DATE  01/19

SKY COVER
AVERAGE SKY COVER           0.20

AVERAGE RH (PERCENT)     62

WEATHER CONDITIONS. NUMBER OF DAYS WITH
THUNDERSTORM              0     MIXED PRECIP               0
HEAVY RAIN                0     RAIN                       0
LIGHT RAIN                5     FREEZING RAIN              0
LT FREEZING RAIN          0     HAIL                       0
HEAVY SNOW                0     SNOW                       0
LIGHT SNOW                1     SLEET                      0
FOG                       6     FOG W/VIS <= 1/4 MILE      0
HAZE                      5

-  INDICATES NEGATIVE NUMBERS.
R  INDICATES RECORD WAS SET OR TIED.
MM INDICATES DATA IS MISSING.
T  INDICATES TRACE AMOUNT.

$$
