000
CXUS54 KSJT 011505
CLMABI

CLIMATE REPORT
NATIONAL WEATHER SERVICE SAN ANGELO TX
1002 AM CDT MON JUN 1 2015

...................................

...THE ABILENE CLIMATE SUMMARY FOR THE MONTH OF MAY 2015...

CLIMATE NORMAL PERIOD 1981 TO 2010
CLIMATE RECORD PERIOD 1886 TO 2015

WEATHER         OBSERVED          NORMAL  DEPART  LAST YEAR`S
                 VALUE   DATE(S)  VALUE   FROM    VALUE  DATE(S)
                                          NORMAL
................................................................
TEMPERATURE (F)
RECORD
 HIGH             109   05/28/2011
                        05/24/2000
                        54/01/2206
 LOW               33   05/03/2013
                        05/04/1907
                        01/01/2000
HIGHEST            93   05/09        MM      MM      104  05/05
LOWEST             52   05/01        MM      MM       38  05/01
AVG. MAXIMUM     81.6              84.6    -3.0     88.0
AVG. MINIMUM     61.1              61.4    -0.3     60.2
MEAN             71.4              73.0    -1.6     74.1
DAYS MAX >= 90      3               8.3    -5.3       16
DAYS MAX <= 32      0               0.0     0.0        0
DAYS MIN <= 32      0               0.0     0.0        0
DAYS MIN <= 0       0               0.0     0.0        0

PRECIPITATION (INCHES)
RECORD
 MAXIMUM        13.19   1957
 MINIMUM         0.06   1911
TOTALS           5.34              3.18    2.16     2.22
DAILY AVG.       0.17              0.10    0.07     0.07
DAYS >= .01        17               7.7     9.3        6
DAYS >= .10        10               4.6     5.4        5
DAYS >= .50         4               2.2     1.8        2
DAYS >= 1.00        0               0.9    -0.9        0
GREATEST
 24 HR. TOTAL    0.94   05/28 TO 05/29

SNOWFALL (INCHES)
RECORDS
 TOTAL              T   2013
                        2012
                        5
TOTALS              TR              0.0     0.0      0.0
SINCE 7/1         3.7               4.7    -1.0      3.1
SNOWDEPTH AVG.      0                MM      MM        0
DAYS >= 1.0         0               0.0     0.0        0
GREATEST
 SNOW DEPTH         0   MM                             0  MM
 24 HR TOTAL        TR  05/16 TO 05/16

DEGREE_DAYS
HEATING TOTAL      12                16      -4       24
 SINCE 7/1       2478              2558     -80     2821
COOLING TOTAL     218               264     -46      314
 SINCE 1/1        389               397      -8      514
.................................................................

WIND (MPH)
AVERAGE WIND SPEED              11.9
HIGHEST WIND SPEED/DIRECTION    41/130    DATE  05/19
HIGHEST GUST SPEED/DIRECTION    48/130    DATE  05/19

SKY COVER
AVERAGE SKY COVER           0.40

AVERAGE RH (PERCENT)     71

WEATHER CONDITIONS. NUMBER OF DAYS WITH
THUNDERSTORM             12     MIXED PRECIP               0
HEAVY RAIN                6     RAIN                       5
LIGHT RAIN               20     FREEZING RAIN              0
LT FREEZING RAIN          0     HAIL                       1
HEAVY SNOW                0     SNOW                       0
LIGHT SNOW                0     SLEET                      0
FOG                      19     FOG W/VIS <= 1/4 MILE      1
HAZE                      1

-  INDICATES NEGATIVE NUMBERS.
R  INDICATES RECORD WAS SET OR TIED.
MM INDICATES DATA IS MISSING.
T  INDICATES TRACE AMOUNT.

$$
