000
CXUS54 KFWD 010838
CLMACT


CLIMATE REPORT
NATIONAL WEATHER SERVICE FORT WORTH TX
336 AM CDT TUE SEP 1 2015

...................................

...THE WACO CLIMATE SUMMARY FOR THE MONTH OF AUGUST 2015...

CLIMATE NORMAL PERIOD 1981 TO 2010
CLIMATE RECORD PERIOD 1901 TO 2015

WEATHER         OBSERVED          NORMAL  DEPART  LAST YEAR`S
                 VALUE   DATE(S)  VALUE   FROM    VALUE  DATE(S)
                                          NORMAL
................................................................
TEMPERATURE (F)
RECORD
 HIGH             112   08/11/1969
 LOW               53   08/28/1992
HIGHEST           106   08/11       104       2      102  08/16
                        08/10                             08/10
                                                          08/08
LOWEST             67   08/27        66       1       62  08/13
AVG. MAXIMUM     98.2              96.8     1.4     97.6
AVG. MINIMUM     74.3              73.8     0.5     73.5
MEAN             86.3              85.3     1.0     85.6
DAYS MAX >= 90     29              27.9     1.1       29
DAYS MAX <= 32      0               0.0     0.0        0
DAYS MAX >= 100    11                                 12
DAYS MIN <= 32      0               0.0     0.0        0
DAYS MIN <= 0       0               0.0     0.0        0
DAYS MIN >= 80      0                                  0

PRECIPITATION (INCHES)
RECORD
 MAXIMUM        10.33   2008
 MINIMUM         0.00   1902
TOTALS           0.86              2.05   -1.19     0.98
DAILY AVG.       0.03              0.07   -0.04     0.03
DAYS >= .01         2               5.0    -3.0        3
DAYS >= .10         1               3.0    -2.0        3
DAYS >= .50         1               1.4    -0.4        1
DAYS >= 1.00        0               0.6    -0.6        0
GREATEST
 24 HR. TOTAL    0.77   08/20 TO 08/20              0.52
                        08/19 TO 08/20
                        08/20 TO 08/20

DEGREE_DAYS
HEATING TOTAL       0                 0       0        0
 SINCE 7/1          0                 0       0        0
COOLING TOTAL     667               629      38      644
 SINCE 1/1       2255              2195      60     2075
.................................................................

WIND (MPH)
AVERAGE WIND SPEED              8.7
HIGHEST WIND SPEED/DIRECTION    26/180    DATE  08/19
HIGHEST GUST SPEED/DIRECTION    34/180    DATE  08/19

SKY COVER
POSSIBLE SUNSHINE (PERCENT)   MM
AVERAGE SKY COVER           0.10
NUMBER OF DAYS FAIR           30
NUMBER OF DAYS PC              0
NUMBER OF DAYS CLOUDY          1

AVERAGE RH (PERCENT)     56

WEATHER CONDITIONS. NUMBER OF DAYS WITH
THUNDERSTORM              3     MIXED PRECIP               0
HEAVY RAIN                1     RAIN                       2
LIGHT RAIN                5     FREEZING RAIN              0
LT FREEZING RAIN          0     HAIL                       0
HEAVY SNOW                0     SNOW                       0
LIGHT SNOW                0     SLEET                      0
FOG                       3     FOG W/VIS <= 1/4 MILE      0
HAZE                      2

-  INDICATES NEGATIVE NUMBERS.
R  INDICATES RECORD WAS SET OR TIED.
MM INDICATES DATA IS MISSING.
T  INDICATES TRACE AMOUNT.

$$
