000
CXUS51 KPHI 011202
CLMACY


CLIMATE REPORT
NATIONAL WEATHER SERVICE MOUNT HOLLY NJ
802 AM EDT WED JUL 1 2015

...................................

...THE ATLANTIC CITY CLIMATE SUMMARY FOR THE MONTH OF JUNE 2015...

CLIMATE NORMAL PERIOD 1981 TO 2010
CLIMATE RECORD PERIOD 1874 TO 2015

WEATHER         OBSERVED          NORMAL  DEPART  LAST YEAR`S
                 VALUE   DATE(S)  VALUE   FROM    VALUE  DATE(S)
                                          NORMAL
................................................................
TEMPERATURE (F)
RECORD
 HIGH             106   06/28/1969
 LOW               37   06/12/1980
                        06/01/1967
HIGHEST            94   06/23        93       1       95  06/18
LOWEST             50   06/07        45       5       43  06/02
AVG. MAXIMUM     80.5              80.6    -0.1     81.5
AVG. MINIMUM     63.3              61.2     2.1     60.3
MEAN             71.9              70.9     1.0     70.9
DAYS MAX >= 90      5               3.5     1.5        2
DAYS MAX <= 32      0               0.0     0.0        0
DAYS MIN <= 32      0               0.0     0.0        0
DAYS MIN <= 0       0               0.0     0.0        0

PRECIPITATION (INCHES)
RECORD
 MAXIMUM         8.45   1920
 MINIMUM         0.28   1954
TOTALS           8.36              3.11    5.25     1.54
DAILY AVG.       0.28              0.10    0.18     0.05
DAYS >= .01        19               9.4     9.6        6
DAYS >= .10        14               5.7     8.3        4
DAYS >= .50         3               1.8     1.2        1
DAYS >= 1.00        2               0.8     1.2        0
GREATEST
 24 HR. TOTAL    2.69   06/27 TO 06/28              0.71

SNOWFALL (INCHES)
RECORDS
 TOTAL             MM   5
 24 HR TOTAL       MM
TOTALS            0.0               0.0     0.0      0.0
SINCE 7/1        22.4              16.5     5.9     43.8
SNOWDEPTH AVG.      0                MM      MM        0
DAYS >= 1.0         0               0.0     0.0        0
GREATEST
 SNOW DEPTH         0   MM                             0  MM
 24 HR TOTAL      0.0   06/30 TO 06/30               0.0

DEGREE_DAYS
HEATING TOTAL      26                27      -1       10
 SINCE 7/1       5180              4905     275     5307
COOLING TOTAL     245               203      42      196
 SINCE 1/1        379               267     112      232
.................................................................

WIND (MPH)
AVERAGE WIND SPEED              8.7
HIGHEST WIND SPEED/DIRECTION    46/320    DATE  06/23
HIGHEST GUST SPEED/DIRECTION    56/300    DATE  06/23

SKY COVER
POSSIBLE SUNSHINE (PERCENT)   MM
AVERAGE SKY COVER           0.40
NUMBER OF DAYS FAIR           14
NUMBER OF DAYS PC             10
NUMBER OF DAYS CLOUDY          6

AVERAGE RH (PERCENT)     74

WEATHER CONDITIONS. NUMBER OF DAYS WITH
THUNDERSTORM              0     MIXED PRECIP               0
HEAVY RAIN               10     RAIN                      13
LIGHT RAIN               19     FREEZING RAIN              0
LT FREEZING RAIN          0     HEAVY SNOW                 0
SNOW                      0     LIGHT SNOW                 0
SLEET                     0     FOG                       21
FOG W/VIS <= 1/4 MILE     2     HAZE                       4

-  INDICATES NEGATIVE NUMBERS.
R  INDICATES RECORD WAS SET OR TIED.
MM INDICATES DATA IS MISSING.
T  INDICATES TRACE AMOUNT.

$$
