522
CXAK58 PADQ 020253
CLMADQ


CLIMATE REPORT
NATIONAL WEATHER SERVICE ANCHORAGE, AK
550 PM AKST THU DEC 1 2016

...................................

...THE KODIAK CLIMATE SUMMARY FOR THE MONTH OF NOVEMBER 2016...

CLIMATE NORMAL PERIOD 1981 TO 2010
CLIMATE RECORD PERIOD 1913 TO 2016

WEATHER         OBSERVED          NORMAL  DEPART  LAST YEAR`S
                 VALUE   DATE(S)  VALUE   FROM    VALUE  DATE(S)
                                          NORMAL
................................................................
TEMPERATURE (F)
RECORD
 HIGH              60   11/04/1924
 LOW                0   11/29/1971
HIGHEST            48                MM      MM       MM
LOWEST             19                MM      MM       MM
AVG. MAXIMUM     42.9              39.1     3.8       MM
AVG. MINIMUM     31.4              28.7     2.7       MM
MEAN             37.2              33.9     3.3       MM
DAYS MAX >= 90      0               0.0     0.0       MM
DAYS MAX <= 32      0               3.9    -3.9       MM
DAYS MIN <= 32     17              19.4    -2.4       MM
DAYS MIN <= 0       0               0.0     0.0       MM

PRECIPITATION (INCHES)
RECORD
 MAXIMUM           MM   MM
 MINIMUM           MM   MM
TOTALS           9.31              6.87    2.44       MM
DAILY AVG.       0.31              0.23    0.08       MM
DAYS >= .01        20              16.1     3.9       MM
DAYS >= .10        16              10.7     5.3       MM
DAYS >= .50         7               5.0     2.0       MM
DAYS >= 1.00        2               1.7     0.3       MM
GREATEST
 24 HR. TOTAL    1.52   11/21 TO 11/22                MM
 STORM TOTAL       MM                                 MM
 (MM/DD(HH))            MM                                MM

SNOWFALL (INCHES)
RECORDS
 TOTAL             MM   MM
 24 HR TOTAL       MM
 SNOW DEPTH        MM   MM
TOTALS            1.8               6.4    -4.6       MM
SINCE 7/1         2.0               7.5    -5.5       MM
SNOWDEPTH AVG.      0                MM      MM       MM
DAYS >= TRACE       7               5.3     1.7       MM
DAYS >= 1.0         1               1.8    -0.8
GREATEST
 SNOW DEPTH         0   MM                            MM  MM
 24 HR TOTAL      1.8   MM                            MM
 STORM TOTAL       MM                                 MM
 (MM/DD(HH))            MM

DEGREE_DAYS
HEATING TOTAL     827               933    -106       MM
 SINCE 7/1       2202              2795    -593       MM
COOLING TOTAL       0                 0       0       MM
 SINCE 1/1         29                 1      28       MM

FREEZE DATES
RECORD
 EARLIEST     MM
 LATEST       MM
EARLIEST                        MM
LATEST                          MM
.................................................................

WIND (MPH)
AVERAGE WIND SPEED              10.3
RESULTANT WIND SPEED/DIRECTION   6/311
HIGHEST WIND SPEED/DIRECTION    40/270    DATE  11/27
HIGHEST GUST SPEED/DIRECTION    53/260    DATE  11/27

SKY COVER
POSSIBLE SUNSHINE (PERCENT)   MM
AVERAGE SKY COVER           0.60
NUMBER OF DAYS FAIR            7
NUMBER OF DAYS PC              9
NUMBER OF DAYS CLOUDY         14

AVERAGE RH (PERCENT)     80

WEATHER CONDITIONS. NUMBER OF DAYS WITH
THUNDERSTORM              0     MIXED PRECIP               0
HEAVY RAIN                5     RAIN                      16
LIGHT RAIN               21     FREEZING RAIN              0
LT FREEZING RAIN          0     HAIL                       0
HEAVY SNOW                0     SNOW                       2
LIGHT SNOW                6     SLEET                      0
FOG                      22     FOG W/VIS <= 1/4 MILE      0
HAZE                      3

-  INDICATES NEGATIVE NUMBERS.
R  INDICATES RECORD WAS SET OR TIED.
MM INDICATES DATA IS MISSING.
T  INDICATES TRACE AMOUNT.

$$
