000
CXUS52 KCAE 012340
CLMAGS


CLIMATE REPORT
NATIONAL WEATHER SERVICE COLUMBIA SC
733 PM EDT WED OCT 1 2014

...................................

...THE AUGUSTA BUSH FIELD GA CLIMATE SUMMARY FOR THE MONTH OF SEPTEMBER 2014...

CLIMATE NORMAL PERIOD 1981 TO 2010
CLIMATE RECORD PERIOD 1873 TO 2014

WEATHER         OBSERVED          NORMAL  DEPART
                 VALUE   DATE(S)  VALUE   FROM
                                          NORMAL
................................................
TEMPERATURE (F)
RECORD
 HIGH             106   09/04/1925
 LOW               36   09/30/1967
HIGHEST            98   09/01        MM      MM
LOWEST             56   09/24        MM      MM
AVG. MAXIMUM     84.9              86.7    -1.8
AVG. MINIMUM     66.6              62.6     4.0
MEAN             75.7              74.6     1.1
DAYS MAX >= 90     10               9.9     0.1
DAYS MAX <= 32      0               0.0     0.0
DAYS MIN <= 32      0               0.0     0.0
DAYS MIN <= 0       0               0.0     0.0

PRECIPITATION (INCHES)
RECORD
 MAXIMUM        11.36   1929
 MINIMUM         0.06   1919
TOTALS           2.26              3.22   -0.96
DAILY AVG.       0.08              0.11   -0.03
DAYS >= .01        15               7.1     7.9
DAYS >= .10         5               4.3     0.7
DAYS >= .50         1               1.9    -0.9
DAYS >= 1.00        1               0.9     0.1
GREATEST
 24 HR. TOTAL    1.24   09/01 TO 09/02
 STORM TOTAL       MM
 (MM/DD(HH))            MM

SNOWFALL (INCHES)
RECORDS
 TOTAL             MM   MM
TOTALS            0.0               0.0     0.0
SINCE 7/1         0.0               0.0     0.0
DAYS >= TRACE       0               0.0     0.0
DAYS >= 1.0         0               0.0     0.0
GREATEST
 SNOW DEPTH         0   MM

DEGREE_DAYS
HEATING TOTAL       2                 7      -5
 SINCE 7/1          2                 7      -5
COOLING TOTAL     333               296      37
 SINCE 1/1       1984              1984       0

FREEZE DATES
RECORD
 EARLIEST     MM
 LATEST       MM
EARLIEST                        MM
LATEST                          MM
.................................................

WIND (MPH)
AVERAGE WIND SPEED              4.5
RESULTANT WIND SPEED/DIRECTION   2/049
HIGHEST WIND SPEED/DIRECTION    23/170    DATE  09/02
HIGHEST GUST SPEED/DIRECTION    29/180    DATE  09/02

SKY COVER
POSSIBLE SUNSHINE (PERCENT)   MM
AVERAGE SKY COVER           0.60
NUMBER OF DAYS FAIR           10
NUMBER OF DAYS PC              9
NUMBER OF DAYS CLOUDY         11

AVERAGE RH (PERCENT)     78

WEATHER CONDITIONS. NUMBER OF DAYS WITH
THUNDERSTORM             10     MIXED PRECIP               0
HEAVY RAIN                4     RAIN                       6
LIGHT RAIN               21     FREEZING RAIN              0
LT FREEZING RAIN          0     HAIL                       0
HEAVY SNOW                0     SNOW                       0
LIGHT SNOW                0     SLEET                      0
FOG                      24     FOG W/VIS <= 1/4 MILE      5
HAZE                      5

-  INDICATES NEGATIVE NUMBERS.
R  INDICATES RECORD WAS SET OR TIED.
MM INDICATES DATA IS MISSING.
T  INDICATES TRACE AMOUNT.

$$
