000
CXUS42 KFFC 011858
CLMAHN


CLIMATE REPORT
NATIONAL WEATHER SERVICE PEACHTREE CITY GA
154 PM EST MON JAN 1 2018

...................................

...THE ATHENS CLIMATE SUMMARY FOR THE MONTH OF DECEMBER 2017...

CLIMATE NORMAL PERIOD 1981 TO 2010
CLIMATE RECORD PERIOD 1898 TO 2017

WEATHER         OBSERVED          NORMAL  DEPART  LAST YEAR`S
                 VALUE   DATE(S)  VALUE   FROM    VALUE  DATE(S)
                                          NORMAL
................................................................
TEMPERATURE (F)
RECORD
 HIGH              79   12/10/2007
                        12/29/1984
                        12/18/1984
 LOW                2   12/13/1962
HIGHEST            72   12/19        64       8       75  12/25
                                                          12/18
LOWEST             21   12/11        28      -7       23  12/10
AVG. MAXIMUM     56.1              55.7     0.4     56.6
AVG. MINIMUM     36.8              35.0     1.8     37.7
MEAN             46.5              45.4     1.1     47.1
DAYS MAX >= 90      0               0.0     0.0        0
DAYS MAX <= 32      0               0.1    -0.1        0
DAYS MIN <= 32     15              12.6     2.4        9
DAYS MIN <= 0       0               0.0     0.0        0

PRECIPITATION (INCHES)
RECORD
 MAXIMUM        12.37   2015
 MINIMUM         0.31   2001
TOTALS           2.75              3.73   -0.98     2.42
DAILY AVG.       0.09              0.12   -0.03     0.08
GREATEST
 24 HR. TOTAL    1.23   12/20 TO 12/20           12/05 TO 12/06
                                                          12/31 TO 12/31
                                                          12/31 TO 12/31

SNOWFALL (INCHES)
RECORDS
 TOTAL            3.3   2010
 24 HR TOTAL      2.0   12/25/2010 TO 12/25/2010
TOTALS              T               0.1    -0.1      0.0
SINCE 7/1           T               0.1    -0.1      0.0
SNOWDEPTH AVG.      0                MM      MM        0
DAYS >= TRACE       1               0.3     0.7        0
DAYS >= 1.0         0               0.0     0.0        0
GREATEST
 24 HR TOTAL        T   12/09 TO 12/09           12/31 TO 12/31
                                                          12/31 TO 12/31
                                                          12/31 TO 12/31

DEGREE_DAYS
HEATING TOTAL     569               610     -41      546
 SINCE 7/1       1027              1090     -63      832
..................................................

WIND (MPH)
AVERAGE WIND SPEED              4.5
HIGHEST WIND SPEED/DIRECTION    23/300    DATE  12/12
HIGHEST GUST SPEED/DIRECTION    32/290    DATE  12/12

SKY COVER
POSSIBLE SUNSHINE (PERCENT)   MM
AVERAGE SKY COVER           0.50
NUMBER OF DAYS FAIR           12
NUMBER OF DAYS PC             12
NUMBER OF DAYS CLOUDY          7

AVERAGE RH (PERCENT)     72

WEATHER CONDITIONS. NUMBER OF DAYS WITH
THUNDERSTORM              0     MIXED PRECIP               0
HEAVY RAIN                3     RAIN                       4
LIGHT RAIN               20     FREEZING RAIN              0
LT FREEZING RAIN          0     HAIL                       0
HEAVY SNOW                0     SNOW                       0
LIGHT SNOW                2     SLEET                      0
FOG                      17     FOG W/VIS <= 1/4 MILE      6
HAZE                      4

-  INDICATES NEGATIVE NUMBERS.
R  INDICATES RECORD WAS SET OR TIED.
MM INDICATES DATA IS MISSING.
T  INDICATES TRACE AMOUNT.

$$
