000
CXUS54 KAMA 011647
CLMAMA


CLIMATE REPORT
NATIONAL WEATHER SERVICE AMARILLO TX
1046 AM CST MON DEC 1 2014

...................................

...THE AMARILLO CLIMATE SUMMARY FOR THE MONTH OF NOVEMBER 2014...

CLIMATE NORMAL PERIOD 1981 TO 2010
CLIMATE RECORD PERIOD 1892 TO 2014

WEATHER         OBSERVED          NORMAL  DEPART  LAST YEAR`S
                 VALUE   DATE(S)  VALUE   FROM    VALUE  DATE(S)
                                          NORMAL
................................................................
TEMPERATURE (F)
RECORD
 HIGH              87   11/08/1980
 LOW                0   11/28/1976
HIGHEST            83   11/29                         73  11/17
                        11/28
LOWEST              9   11/17                         20  11/22
AVG. MAXIMUM     58.2              60.0    -1.8     58.0
AVG. MINIMUM     29.3              32.5    -3.2     32.0
MEAN             43.8              46.3    -2.5     45.0
DAYS MAX >= 90      0               0.0     0.0        0
DAYS MAX <= 32      3               0.4     2.6        4
DAYS MIN <= 32     18              14.5     3.5       16
DAYS MIN <= 0       0               0.0     0.0        0

PRECIPITATION (INCHES)
RECORD
 MAXIMUM         5.09   1905
 MINIMUM         0.00   1999
                        1989
                        1903
TOTALS           0.34              0.80   -0.46     0.51
DAILY AVG.       0.01              0.03   -0.02     0.02
DAYS >= .01         3               4.0    -1.0        3
DAYS >= .10         1               2.1    -1.1        2
DAYS >= .50         0               0.4    -0.4        0
DAYS >= 1.00        0               0.1    -0.1        0
GREATEST
 24 HR. TOTAL    0.19   11/16 TO 11/16

SNOWFALL (INCHES)
RECORDS
 TOTAL           14.8   1906
TOTALS            2.5               2.5     0.0      4.3
SINCE 7/1         2.5               2.7    -0.2      4.3
DAYS >= TRACE       4               1.1     2.9        3
DAYS >= 1.0         1               0.6     0.4        2
GREATEST
 SNOW DEPTH         2   11/17
 24 HR TOTAL      2.5   11/16 TO 11/16

DEGREE_DAYS
HEATING TOTAL     630               564      66      594
 SINCE 7/1        794               844     -50      838
COOLING TOTAL       0                 1      -1        0
 SINCE 1/1       1534              1399     135     1806
.................................................................

WIND (MPH)
AVERAGE WIND SPEED              13.2
HIGHEST WIND SPEED/DIRECTION    43/010    DATE  11/10
HIGHEST GUST SPEED/DIRECTION    52/010    DATE  11/10

SKY COVER
POSSIBLE SUNSHINE (PERCENT)   MM
NUMBER OF DAYS FAIR           26
NUMBER OF DAYS PC              1
NUMBER OF DAYS CLOUDY          3

AVERAGE RH (PERCENT)     53

WEATHER CONDITIONS. NUMBER OF DAYS WITH
THUNDERSTORM              1     MIXED PRECIP               0
HEAVY RAIN                0     RAIN                       1
LIGHT RAIN                2     FREEZING RAIN              0
LT FREEZING RAIN          0     HAIL                       0
HEAVY SNOW                1     SNOW                       1
LIGHT SNOW                4     SLEET                      0
FOG                       4     FOG W/VIS <= 1/4 MILE      1
HAZE                      2

-  INDICATES NEGATIVE NUMBERS.
R  INDICATES RECORD WAS SET OR TIED.
MM INDICATES DATA IS MISSING.
T  INDICATES TRACE AMOUNT.

$$
