000
CXUS54 KAMA 011609
CLMAMA


CLIMATE REPORT
NATIONAL WEATHER SERVICE AMARILLO TX
1009 AM CST FRI DEC 1 2017

...................................

...THE AMARILLO CLIMATE SUMMARY FOR THE MONTH OF NOVEMBER 2017...

CLIMATE NORMAL PERIOD 1981 TO 2010
CLIMATE RECORD PERIOD 1892 TO 2017

WEATHER         OBSERVED          NORMAL  DEPART  LAST YEAR`S
                 VALUE   DATE(S)  VALUE   FROM    VALUE  DATE(S)
                                          NORMAL
................................................................
TEMPERATURE (F)
RECORD
 HIGH              87   11/08/1980
 LOW                0   11/28/1976
HIGHEST            84   11/27                         83  11/16
                        11/17                             11/01
LOWEST             25   11/19                         19  11/19
AVG. MAXIMUM     67.7              60.0     7.7     66.3
AVG. MINIMUM     38.0              32.5     5.5     38.1
MEAN             52.9              46.3     6.6     52.2
DAYS MAX >= 90      0               0.0     0.0        0
DAYS MAX <= 32      0               0.4    -0.4        0
DAYS MIN <= 32      8              14.5    -6.5        7
DAYS MIN <= 0       0               0.0     0.0        0

PRECIPITATION (INCHES)
RECORD
 MAXIMUM         5.09   1905
 MINIMUM         0.00   1999
                        1989
                        1903
TOTALS              T              0.80   -0.80     1.10
DAILY AVG.          T              0.03   -0.03     0.04
DAYS >= .01         0               4.0    -4.0        4
DAYS >= .10         0               2.1    -2.1        2
DAYS >= .50         0               0.4    -0.4        1
DAYS >= 1.00        0               0.1    -0.1        0
GREATEST
 24 HR. TOTAL       T   11/08 TO 11/08

SNOWFALL (INCHES)
RECORDS
 TOTAL           14.8   1906
TOTALS              T               2.5    -2.5      0.0
SINCE 7/1           T               2.7    -2.7        T
DAYS >= TRACE       1               1.1    -0.1        0
DAYS >= 1.0         0               0.6    -0.6        0
GREATEST
 SNOW DEPTH         0   MM
 24 HR TOTAL        T   11/08 TO 11/08

DEGREE_DAYS
HEATING TOTAL     364               564    -200      379
 SINCE 7/1        632               844    -212      465
COOLING TOTAL       8                 1       7        3
 SINCE 1/1       1487              1399      88     1694
.................................................................

WIND (MPH)
AVERAGE WIND SPEED              12.9
HIGHEST WIND SPEED/DIRECTION    40/350    DATE  11/18
HIGHEST GUST SPEED/DIRECTION    54/360    DATE  11/18

SKY COVER
POSSIBLE SUNSHINE (PERCENT)   MM
NUMBER OF DAYS FAIR           23
NUMBER OF DAYS PC              6
NUMBER OF DAYS CLOUDY          1

AVERAGE RH (PERCENT)     54

WEATHER CONDITIONS. NUMBER OF DAYS WITH
THUNDERSTORM              0     MIXED PRECIP               0
HEAVY RAIN                0     RAIN                       0
LIGHT RAIN                0     FREEZING RAIN              0
LT FREEZING RAIN          0     HAIL                       0
HEAVY SNOW                0     SNOW                       0
LIGHT SNOW                1     SLEET                      0
FOG                       6     FOG W/VIS <= 1/4 MILE      2
HAZE                      2

-  INDICATES NEGATIVE NUMBERS.
R  INDICATES RECORD WAS SET OR TIED.
MM INDICATES DATA IS MISSING.
T  INDICATES TRACE AMOUNT.

$$
