000
CXUS52 KJAX 010916
CLMAMG

CLIMATE REPORT
NATIONAL WEATHER SERVICE JACKSONVILLE FL
413 AM EST SUN JAN 1 2017

...................................

...THE ALMA CLIMATE SUMMARY FOR THE YEAR OF 2016...

CLIMATE NORMAL PERIOD 1981 TO 2010
CLIMATE RECORD PERIOD 1948 TO 2016

WEATHER         OBSERVED          NORMAL  DEPART  LAST YEAR`S
                 VALUE   DATE(S)  VALUE   FROM    VALUE  DATE(S)
                                          NORMAL
................................................................
TEMPERATURE (F)
RECORD
 HIGH             105   08/18/1995
 LOW                    01/21/1985
HIGHEST            99   07/30        79      20       99  06/17
                        07/28                             06/16
                        07/29
LOWEST             25   01/20        57     -32       22  02/20
                        01/19                             01/08
AVG. MAXIMUM     79.9              78.3     1.6     79.1
AVG. MINIMUM     56.3              56.2     0.1     58.1
MEAN             68.1              67.2     0.9     68.6
DAYS MAX >= 90    103              76.7    26.3       89
DAYS MAX <= 32      0               0.1    -0.1        0
DAYS MIN <= 32     21              21.6    -0.6       19
DAYS MIN <= 0       0               0.0     0.0        0

PRECIPITATION (INCHES)
RECORD
 MAXIMUM        62.67   1964
 MINIMUM        26.08   1954
TOTALS          44.49             46.65   -2.16    41.61
DAILY AVG.       0.12              0.13   -0.01     0.12
DAYS >= .01        89             106.2   -17.2      103
DAYS >= .10        53              70.5   -17.5       70
DAYS >= .50        30              30.8    -0.8       29
DAYS >= 1.00       14              13.5     0.5       11
GREATEST
 24 HR. TOTAL    4.10   MM                       12/31 TO 12/31
                                                          12/31 TO 12/31
                                                          12/31 TO 12/31
 STORM TOTAL       MM                                 MM
 (MM/DD(HH))            MM                    12/31(07) TO 12/31(07)
                                                 12/31(07) TO 12/31(07)1
                                                 12/31(07) TO 12/31(07)1

SNOWFALL (INCHES)
RECORDS
 TOTAL            4.4   1973
 24 HR TOTAL      4.4   02/10/1973 TO 02/10/1973
 SNOW DEPTH         4   02/10/1973
TOTALS            0.0               0.1    -0.1      0.0
 LIQUID EQUIV    0.00              0.00    0.00     0.00
SINCE 7/1         0.0               0.1    -0.1      0.0
 LIQUID 7/1      0.00              0.00    0.00     0.00
SNOWDEPTH AVG.      0                MM      MM        0
DAYS >= TRACE       0               0.0     0.0        0
DAYS >= 1.0         0               0.0     0.0        0
GREATEST
 SNOW DEPTH         0   MM                             0  MM
 24 HR TOTAL      0.0   MM                       12/31 TO 12/31
                                                          12/31 TO 12/31
                                                          12/31 TO 12/31
 STORM TOTAL       MM                                 MM
 (MM/DD(HH))            MM                    12/31(07) TO 12/31(07)
                                                 12/31(07) TO 12/31(07)1
                                                 12/31(07) TO 12/31(07)1

DEGREE_DAYS
HEATING TOTAL    1471              1658    -187     1361
 SINCE 7/1        456               640    -184      259
COOLING TOTAL    2713              2475     238     2802
 SINCE 1/1       2713              2476     237     2802

FREEZE DATES
RECORD
 EARLIEST     10/17/1954
 LATEST       04/08/2007
EARLIEST                        11/26
LATEST                          03/04
..................................................

WIND (MPH)
AVERAGE WIND SPEED              4.7
RESULTANT WIND SPEED/DIRECTION   0/213
HIGHEST WIND SPEED/DIRECTION    32/170    DATE  09/02
HIGHEST GUST SPEED/DIRECTION    45/170    DATE  09/02

AVERAGE RH (PERCENT)     71


-  INDICATES NEGATIVE NUMBERS.
R  INDICATES RECORD WAS SET OR TIED.
MM INDICATES DATA IS MISSING.
T  INDICATES TRACE AMOUNT.

$$
