000
CXUS51 KBUF 011704
CLMART


CLIMATE REPORT
NATIONAL WEATHER SERVICE BUFFALO NY
1139 AM EST SUN FEB 1 2015

...................................

...THE WATERTOWN NY CLIMATE SUMMARY FOR THE MONTH OF JANUARY 2015...

CLIMATE NORMAL PERIOD 1981 TO 2010
CLIMATE RECORD PERIOD 1949 TO 2015

WEATHER         OBSERVED          NORMAL  DEPART  LAST YEAR`S
                 VALUE   DATE(S)  VALUE   FROM    VALUE  DATE(S)
                                          NORMAL
................................................................
TEMPERATURE (F)
RECORD
 HIGH              66   01/15/1995
                        01/14/1995
 LOW              -43   01/16/1994
HIGHEST            54   01/04                         54  01/11
LOWEST            -32   01/08                        -37  01/22
AVG. MAXIMUM     28.6              29.3    -0.7     27.2
AVG. MINIMUM      1.7               9.4    -7.7      5.8
MEAN             15.2              19.4    -4.2     16.5
DAYS MAX >= 90      0               0.0     0.0        0
DAYS MAX <= 32     19              17.4     1.6       20
DAYS MIN <= 32     31              28.6     2.4       28
DAYS MIN <= 0      15               9.1     5.9       11

PRECIPITATION (INCHES)
RECORD
 MAXIMUM         7.45   1999
 MINIMUM         0.51   1981
TOTALS           1.87              2.66   -0.79     3.69
DAYS >= .01        16              16.3    -0.3       18
DAYS >= .10         6               7.3    -1.3       11
DAYS >= .50         0               1.0    -1.0        2
DAYS >= 1.00        0               0.2    -0.2        0
GREATEST
 24 HR. TOTAL    0.71   01/03 TO 01/04



DEGREE_DAYS
HEATING TOTAL    1536              1415     121     1497
 SINCE 7/1       3877              4211    -334     4334
COOLING TOTAL       0                 0       0        0
 SINCE 1/1          0                 0       0        0
.......................................................

WIND (MPH)
AVERAGE WIND SPEED              9.6
HIGHEST WIND SPEED/DIRECTION    35/270    DATE  01/05
HIGHEST GUST SPEED/DIRECTION    46/270    DATE  01/05
                                46/230    DATE  01/01

SKY COVER
POSSIBLE SUNSHINE (PERCENT)   MM
AVERAGE SKY COVER           0.60
NUMBER OF DAYS FAIR           10
NUMBER OF DAYS PC              9
NUMBER OF DAYS CLOUDY         12

AVERAGE RH (PERCENT)     65

WEATHER CONDITIONS. NUMBER OF DAYS WITH
THUNDERSTORM              0     MIXED PRECIP               0
HEAVY RAIN                0     RAIN                       2
LIGHT RAIN                6     FREEZING RAIN              1
LT FREEZING RAIN          2     HAIL                       0
HEAVY SNOW                6     SNOW                      11
LIGHT SNOW               20     SLEET                      0
FOG                      10     FOG W/VIS <= 1/4 MILE      1
HAZE                     16

-  INDICATES NEGATIVE NUMBERS.
R  INDICATES RECORD WAS SET OR TIED.
MM INDICATES DATA IS MISSING.
T  INDICATES TRACE AMOUNT.

$$
