000
CXUS51 KBUF 011041
CLMART


CLIMATE REPORT
NATIONAL WEATHER SERVICE BUFFALO NY
541 AM EST FRI DEC 1 2017

...................................

...THE WATERTOWN NY CLIMATE SUMMARY FOR THE MONTH OF NOVEMBER 2017...

CLIMATE NORMAL PERIOD 1981 TO 2010
CLIMATE RECORD PERIOD 1949 TO 2017

WEATHER         OBSERVED          NORMAL  DEPART  LAST YEAR`S
                 VALUE   DATE(S)  VALUE   FROM    VALUE  DATE(S)
                                          NORMAL
................................................................
TEMPERATURE (F)
RECORD
 HIGH              77   11/02/1971
 LOW               -3   11/28/1968
HIGHEST            64   11/03                         72  11/19
                        11/02
LOWEST             12   11/11                         15  11/23
AVG. MAXIMUM     46.8              46.8     0.0     50.7
AVG. MINIMUM     27.7              29.7    -2.0     30.7
MEAN             37.2              38.3    -1.1     40.7
DAYS MAX >= 90      0               0.0     0.0        0
DAYS MAX <= 32      1               1.8    -0.8        2
DAYS MIN <= 32     20              17.7     2.3       21
DAYS MIN <= 0       0               0.1    -0.1        0

PRECIPITATION (INCHES)
RECORD
 MAXIMUM         7.17   1963
 MINIMUM         0.76   1960
TOTALS           3.11              3.76   -0.65     1.40
DAYS >= .01        14              15.2    -1.2       12
DAYS >= .10         9               9.0     0.0        4
DAYS >= .50         1               2.2    -1.2        0
DAYS >= 1.00        0               0.5    -0.5        0
GREATEST
 24 HR. TOTAL    0.69   11/19 TO 11/19           11/02 TO 11/03
                                                          11/18 TO 11/18
                                                          11/18 TO 11/18

DEGREE_DAYS
HEATING TOTAL     825               803      22      722
 SINCE 7/1       1359              1599    -240     1342
COOLING TOTAL       0                 0       0        0
 SINCE 1/1        389               362      27      566
.........................................................

WIND (MPH)
AVERAGE WIND SPEED              8.6
HIGHEST WIND SPEED/DIRECTION    30/260
HIGHEST GUST SPEED/DIRECTION    43/170    DATE  11/05

SKY COVER
POSSIBLE SUNSHINE (PERCENT)   MM
AVERAGE SKY COVER           0.60
NUMBER OF DAYS FAIR            8
NUMBER OF DAYS PC              9
NUMBER OF DAYS CLOUDY         13

AVERAGE RH (PERCENT)     74

WEATHER CONDITIONS. NUMBER OF DAYS WITH
THUNDERSTORM              0     MIXED PRECIP               0
HEAVY RAIN                2     RAIN                       9
LIGHT RAIN               15     FREEZING RAIN              0
LT FREEZING RAIN          0     HAIL                       0
HEAVY SNOW                0     SNOW                       1
LIGHT SNOW                8     SLEET                      0
FOG                      19     FOG W/VIS <= 1/4 MILE      1
HAZE                      2

-  INDICATES NEGATIVE NUMBERS.
R  INDICATES RECORD WAS SET OR TIED.
MM INDICATES DATA IS MISSING.
T  INDICATES TRACE AMOUNT.

$$
