000
CXUS51 KBUF 012051
CLMART


CLIMATE REPORT
NATIONAL WEATHER SERVICE BUFFALO NY
436 PM EDT SAT NOV 1 2014

...................................

...THE WATERTOWN NY CLIMATE SUMMARY FOR THE MONTH OF OCTOBER 2014...

CLIMATE NORMAL PERIOD 1981 TO 2010
CLIMATE RECORD PERIOD 1949 TO 2014

WEATHER         OBSERVED          NORMAL  DEPART  LAST YEAR`S
                 VALUE   DATE(S)  VALUE   FROM    VALUE  DATE(S)
                                          NORMAL
................................................................
TEMPERATURE (F)
RECORD
 HIGH              84   10/13/1983
                        10/22/1979
                        10/05/1951
 LOW               12   10/20/1972
HIGHEST            83   10/14                         77  10/12
LOWEST             31   10/31                         18  10/29
                        10/30
                        10/20
AVG. MAXIMUM     62.3              58.2     4.1     61.9
AVG. MINIMUM     45.0              38.3     6.7     40.8
MEAN             53.6              48.3     5.3     51.4
DAYS MAX >= 90      0               0.0     0.0        0
DAYS MAX <= 32      0               0.0     0.0        0
DAYS MIN <= 32      5               8.8    -3.8        5
DAYS MIN <= 0       0               0.0     0.0        0

PRECIPITATION (INCHES)
RECORD
 MAXIMUM           MM   MM
 MINIMUM           MM   MM
TOTALS           3.62              3.65   -0.03     4.57
DAYS >= .01        18              13.6     4.4       16
DAYS >= .10         9               8.4     0.6       12
DAYS >= .50         2               2.4    -0.4        4
DAYS >= 1.00        0               0.6    -0.6        1
GREATEST
 24 HR. TOTAL    0.83   10/04 TO 10/05           10/07 TO 10/07
                                                          10/07 TO 10/07
                                                          10/07 TO 10/07

DEGREE_DAYS
HEATING TOTAL     363               522    -159      414
 SINCE 7/1        589               796    -207      688
COOLING TOTAL      17                 3      14        0
 SINCE 1/1        433               362      71      481
........................................................

WIND (MPH)
AVERAGE WIND SPEED              8.7
HIGHEST WIND SPEED/DIRECTION    36/260    DATE  10/08
HIGHEST GUST SPEED/DIRECTION    50/270    DATE  10/08

SKY COVER
POSSIBLE SUNSHINE (PERCENT)   MM
AVERAGE SKY COVER           0.60
NUMBER OF DAYS FAIR            6
NUMBER OF DAYS PC             11
NUMBER OF DAYS CLOUDY         14

AVERAGE RH (PERCENT)     66

WEATHER CONDITIONS. NUMBER OF DAYS WITH
THUNDERSTORM              0     MIXED PRECIP               0
HEAVY RAIN                6     RAIN                       9
LIGHT RAIN               19     FREEZING RAIN              0
LT FREEZING RAIN          0     HAIL                       0
HEAVY SNOW                0     SNOW                       0
LIGHT SNOW                0     SLEET                      0
FOG                       5     FOG W/VIS <= 1/4 MILE      2
HAZE                      8

-  INDICATES NEGATIVE NUMBERS.
R  INDICATES RECORD WAS SET OR TIED.
MM INDICATES DATA IS MISSING.
T  INDICATES TRACE AMOUNT.

$$
