000
CXUS51 KBUF 011225
CLMART


CLIMATE REPORT
NATIONAL WEATHER SERVICE BUFFALO NY
723 AM EST WED MAR 1 2017

...................................

...THE WATERTOWN NY CLIMATE SUMMARY FOR THE MONTH OF FEBRUARY 2017...

CLIMATE NORMAL PERIOD 1981 TO 2010
CLIMATE RECORD PERIOD 1949 TO 2017

WEATHER         OBSERVED          NORMAL  DEPART  LAST YEAR`S
                 VALUE   DATE(S)  VALUE   FROM    VALUE  DATE(S)
                                          NORMAL
................................................................
TEMPERATURE (F)
RECORD
 HIGH              64   02/25/2017
 LOW              -37   02/14/2016
HIGHEST            64R  02/25                         55  02/03
                                                          02/01
LOWEST             -2   02/17                        -37  02/14
AVG. MAXIMUM     39.0              31.7     7.3     33.7
AVG. MINIMUM     20.6              10.4    10.2     12.1
MEAN             29.8              21.1     8.7     22.9
DAYS MAX >= 90      0               0.0     0.0        0
DAYS MAX <= 32     10              14.1    -4.1       14
DAYS MIN <= 32     25              25.5    -0.5       26
DAYS MIN <= 0       1               7.2    -6.2        7

PRECIPITATION (INCHES)
RECORD
 MAXIMUM         5.48   1971
 MINIMUM         0.25   1978
TOTALS           1.85              2.22   -0.37     4.29
DAYS >= .01        13              13.5    -0.5       11
DAYS >= .10         4               6.4    -2.4        7
DAYS >= .50         1               1.0     0.0        3
DAYS >= 1.00        0               0.1    -0.1        2
GREATEST
 24 HR. TOTAL    0.66   02/25 TO 02/25

DEGREE_DAYS
HEATING TOTAL     980              1230    -250     1214
 SINCE 7/1       4611              5441    -830     4648
COOLING TOTAL       0                 0       0        0
 SINCE 1/1          0                 0       0        0
......................................................

WIND (MPH)
AVERAGE WIND SPEED              9.2
HIGHEST WIND SPEED/DIRECTION    38/220
HIGHEST GUST SPEED/DIRECTION    56/220    DATE  02/25

SKY COVER
POSSIBLE SUNSHINE (PERCENT)   MM
AVERAGE SKY COVER           0.70
NUMBER OF DAYS FAIR            5
NUMBER OF DAYS PC              8
NUMBER OF DAYS CLOUDY         15

AVERAGE RH (PERCENT)     76

WEATHER CONDITIONS. NUMBER OF DAYS WITH
THUNDERSTORM              1     MIXED PRECIP               0
HEAVY RAIN                1     RAIN                       3
LIGHT RAIN                8     FREEZING RAIN              1
LT FREEZING RAIN          1     HAIL                       0
HEAVY SNOW                2     SNOW                       7
LIGHT SNOW               10     SLEET                      0
FOG                      17     FOG W/VIS <= 1/4 MILE      3
HAZE                      9

-  INDICATES NEGATIVE NUMBERS.
R  INDICATES RECORD WAS SET OR TIED.
MM INDICATES DATA IS MISSING.
T  INDICATES TRACE AMOUNT.

$$
