000
CXUS53 KABR 011410
CLMATY


CLIMATE REPORT
NATIONAL WEATHER SERVICE ABERDEEN SD
905 AM CDT SAT NOV 1 2014

...................................

...THE WATERTOWN SD CLIMATE SUMMARY FOR THE MONTH OF OCTOBER 2014...

CLIMATE NORMAL PERIOD 1981 TO 2010
CLIMATE RECORD PERIOD 1898 TO 2014

WEATHER         OBSERVED          NORMAL  DEPART  LAST YEAR`S
                 VALUE   DATE(S)  VALUE   FROM    VALUE  DATE(S)
                                          NORMAL
................................................................
TEMPERATURE (F)
RECORD
 HIGH              90   10/05/1963
                        10/03/1938
                        10/04/1922
 LOW               -2   10/29/1925
HIGHEST            74   10/24        MM      MM       75  10/02
                        10/21
LOWEST             14   10/31        MM      MM       24  10/25
                                                          10/24
AVG. MAXIMUM     59.4              56.4     3.0     52.9
AVG. MINIMUM     35.5              34.5     1.0     35.9
MEAN             47.4              45.5     1.9     44.4
DAYS MAX >= 90      0               0.0     0.0        0
DAYS MAX <= 32      0               0.7    -0.7        0
DAYS MIN <= 32     10              12.5    -2.5       15
DAYS MIN <= 0       0               0.0     0.0        0

PRECIPITATION (INCHES)
RECORD
 MAXIMUM         8.10   1971
 MINIMUM            T   1952
TOTALS           0.61              1.92   -1.31     4.21
DAYS >= .01         6               7.1    -1.1       11
DAYS >= .10         2               3.8    -1.8        5
DAYS >= .50         0               1.2    -1.2        2
DAYS >= 1.00        0               0.4    -0.4        1

SNOWFALL (INCHES)
RECORDS
 TOTAL           12.6   1995
 SNOW DEPTH        MM   MM
TOTALS            0.0               1.7    -1.7      0.3
SINCE 7/1         0.0               1.7    -1.7      0.3
SNOWDEPTH AVG.      0                MM      MM        0
DAYS >= TRACE       0               1.0    -1.0        5
DAYS >= 1.0         0               0.4    -0.4        0
GREATEST
 SNOW DEPTH         0   MM                             0  MM

DEGREE_DAYS
HEATING TOTAL     537               608     -71      630
 SINCE 7/1        782               884    -102      766
COOLING TOTAL       0                 2      -2        0
 SINCE 1/1        369               515    -146      618

FREEZE DATES
RECORD
 EARLIEST     MM
 LATEST       MM
EARLIEST      10/04             MM
LATEST                          MM
.................................................................

WIND (MPH)
AVERAGE WIND SPEED              11.2
RESULTANT WIND SPEED/DIRECTION   4/287
HIGHEST WIND SPEED/DIRECTION    38/320    DATE  10/03
HIGHEST GUST SPEED/DIRECTION    50/320    DATE  10/03

SKY COVER
POSSIBLE SUNSHINE (PERCENT)   MM
AVERAGE SKY COVER           0.30
NUMBER OF DAYS FAIR           18
NUMBER OF DAYS PC              9
NUMBER OF DAYS CLOUDY          4

AVERAGE RH (PERCENT)     65

WEATHER CONDITIONS. NUMBER OF DAYS WITH
THUNDERSTORM              0     MIXED PRECIP               0
HEAVY RAIN                0     RAIN                       2
LIGHT RAIN               12     FREEZING RAIN              0
LT FREEZING RAIN          0     HAIL                       0
HEAVY SNOW                0     SNOW                       0
LIGHT SNOW                0     SLEET                      0
FOG                       7     FOG W/VIS <= 1/4 MILE      3
HAZE                      0

-  INDICATES NEGATIVE NUMBERS.
R  INDICATES RECORD WAS SET OR TIED.
MM INDICATES DATA IS MISSING.
T  INDICATES TRACE AMOUNT.

$$
