000
CXUS51 KGYX 050053
CLMAUG

PWMCLMAUG 000
TTAA00 KGYX 050047


CLIMATE REPORT
NATIONAL WEATHER SERVICE GRAY ME
747 PM EST WED FEB 4 2015

...................................

...THE AUGUSTA CLIMATE SUMMARY FOR THE MONTH OF JANUARY 2015...

CLIMATE NORMAL PERIOD 1981 TO 2010
CLIMATE RECORD PERIOD 1948 TO 2015

WEATHER         OBSERVED          NORMAL  DEPART  LAST YEAR`S
                 VALUE   DATE(S)  VALUE   FROM    VALUE  DATE(S)
                                          NORMAL
................................................................
TEMPERATURE (F)
RECORD
 HIGH              61   01/08/2008
 LOW              -22   01/15/1957
HIGHEST            48   01/19        48       0       53  01/06
LOWEST            -12   01/08        -8      -4      -13  01/04
AVG. MAXIMUM     25.4              27.6    -2.2     27.6
AVG. MINIMUM      7.2              11.0    -3.8     10.7
MEAN             16.3              19.3    -3.0     19.2
DAYS MAX >= 90      0               0.0     0.0        0
DAYS MAX <= 32     28              19.9     8.1       18
DAYS MIN <= 32     31              30.1     0.9       29
DAYS MIN <= 0       8               6.0     2.0        9

PRECIPITATION (INCHES)
RECORD
 MAXIMUM         9.01   1979
 MINIMUM         0.33   2004
TOTALS           1.62              2.61   -0.99     3.10
DAILY AVG.       0.05              0.08   -0.03     0.11
DAYS >= .01        10              10.3    -0.3        9
DAYS >= .10         7               5.7     1.3        3
DAYS >= .50         0               1.6    -1.6        3
DAYS >= 1.00        0               0.4    -0.4        1
GREATEST
 24 HR. TOTAL    0.66   01/18 TO 01/19

DEGREE_DAYS
HEATING TOTAL    1503              1416      87     1415
 SINCE 7/1       4098              4171     -73     4288
COOLING TOTAL       0                 0       0        0
 SINCE 1/1          0                 0       0        0
.................................................................

WIND (MPH)
AVERAGE WIND SPEED              8.2
HIGHEST WIND SPEED/DIRECTION    37/010    DATE  01/27
HIGHEST GUST SPEED/DIRECTION    55/030    DATE  01/27

SKY COVER
AVERAGE SKY COVER           0.40

AVERAGE RH (PERCENT)     63

WEATHER CONDITIONS. NUMBER OF DAYS WITH
THUNDERSTORM              0     HEAVY RAIN                 0
RAIN                      0     LIGHT RAIN                 2
FREEZING RAIN             0     LT FREEZING RAIN           2
HEAVY SNOW                1     SNOW                       6
LIGHT SNOW               15     FOG                       16
FOG W/VIS <= 1/4 MILE     3     HAZE                       9

-  INDICATES NEGATIVE NUMBERS.
R  INDICATES RECORD WAS SET OR TIED.
MM INDICATES DATA IS MISSING.
T  INDICATES TRACE AMOUNT.

$$

KIMBLE
