000
CXUS51 KGYX 021840
CLMAUG

PWMCLMAUG 000
TTAA00 KGYX 020001


CLIMATE REPORT
NATIONAL WEATHER SERVICE GRAY ME
240 PM EDT WED AUG 2 2017

...................................

...THE AUGUSTA CLIMATE SUMMARY FOR THE MONTH OF JULY 2017...

CLIMATE NORMAL PERIOD 1981 TO 2010
CLIMATE RECORD PERIOD 1948 TO 2017

WEATHER         OBSERVED          NORMAL  DEPART  LAST YEAR`S
                 VALUE   DATE(S)  VALUE   FROM    VALUE  DATE(S)
                                          NORMAL
................................................................
TEMPERATURE (F)
RECORD
 HIGH              99   07/14/1952
                        07/13/1952
 LOW               43   07/07/1965
HIGHEST            86   07/31        91      -5       91  07/22
                        07/21
                        07/20
LOWEST             53   07/30        52       1       52  07/03
                        07/29
                        07/14
AVG. MAXIMUM     79.2              79.2     0.0     80.4
AVG. MINIMUM     59.4              59.9    -0.5     60.9
MEAN             69.3              69.5    -0.2     70.7
DAYS MAX >= 90      0               1.3    -1.3        2
DAYS MAX <= 32      0               0.0     0.0        0
DAYS MIN <= 32      0               0.0     0.0        0
DAYS MIN <= 0       0               0.0     0.0        0

PRECIPITATION (INCHES)
RECORD
 MAXIMUM         8.67   1996
 MINIMUM         0.45   1989
TOTALS           1.53              3.42   -1.89     1.96
DAILY AVG.       0.05              0.11   -0.06     0.06
DAYS >= .01         9              11.8    -2.8       12
DAYS >= .10         6               6.6    -0.6        8
DAYS >= .50         1               2.0    -1.0        0
DAYS >= 1.00        0               0.8    -0.8        0
GREATEST
 24 HR. TOTAL    0.58   07/01

DEGREE_DAYS
HEATING TOTAL      11                16      -5       21
 SINCE 7/1         11                16      -5       21
COOLING TOTAL     153               157      -4      206
 SINCE 1/1        245               230      15      256
.................................................................

WIND (MPH)
AVERAGE WIND SPEED              5.5
HIGHEST WIND SPEED/DIRECTION    23/020    DATE  07/20
HIGHEST GUST SPEED/DIRECTION    30/010    DATE  07/20

SKY COVER
AVERAGE SKY COVER           0.40

AVERAGE RH (PERCENT)     69

WEATHER CONDITIONS. NUMBER OF DAYS WITH
THUNDERSTORM              4     HEAVY RAIN                 2
RAIN                      3     LIGHT RAIN                 9
FREEZING RAIN             0     LT FREEZING RAIN           0
HEAVY SNOW                0     SNOW                       0
LIGHT SNOW                0     FOG                       14
FOG W/VIS <= 1/4 MILE     4     HAZE                       1

-  INDICATES NEGATIVE NUMBERS.
R  INDICATES RECORD WAS SET OR TIED.
MM INDICATES DATA IS MISSING.
T  INDICATES TRACE AMOUNT.

&&

JULY BEGAN WITH SOME WARM, HUMID SUMMER-LIKE WEATHER, BUT GRADUALLY
A COOLER, DRIER AIR MASS BEGAN MOVING IN JUST IN TIME FOR
INDEPENDENCE DAY. JUST AS THE WEATHER BEGAN TO HEAT UP AGAIN A COLD
FRONT BROUGHT COOLER AIR ON JULY 13 WHICH LASTED FOR A FEW DAYS. THE
MOST ENDURING WARMTH OCCURRED IN MID JULY WHEN 6 OUT OF 7 DAYS
TOPPED 80 DEGREES FROM JULY 16 THRU 22. BUT A COLD FRONT BROUGHT A
RETURN TO COOLER WEATHER ON THE 23RD WITH THE COOL CONDITIONS
LASTING THROUGH MUCH OF THE REST OF THE MONTH.

THE AVERAGE TEMPERATURE FOR THE MONTH WAS 69.3 DEGREES WHICH WAS 0.2
DEGREES BELOW NORMAL. THE COOLEST JULY WAS IN 1962 WHEN THE AVERAGE
TEMPERATURE WAS 64.7 DEGREES. THE WARMEST WAS 75.0 DEGREES IN 1952.

A TOTAL OF 1.53 INCHES OF RAIN FELL WHICH WAS 1.89 INCHES BELOW
NORMAL. THE HEAVIEST RAIN FELL ON THE FIRST WHEN MORE THAN HALF AN
INCH WAS RECORDED. THE DRIEST JULY ON RECORD WAS IN 1989 WHEN ONLY
0.45 INCHES WAS OBSERVED. THE WETTEST WAS IN 1996 WHEN 8.67 INCHES
WAS MEASURED.

NO DAILY RECORDS WERE SET OR TIED IN JULY 2017.

$$

KIMBLE
