000
CXUS54 KEWX 011955
CLMAUS

SATCLMAUS 000
TTAA00 KEWX 011945


CLIMATE REPORT
NATIONAL WEATHER SERVICE AUSTIN/SAN ANTONIO, TX
155 PM CST WED MAR 1 2017

...................................

...THE AUSTIN BERGSTROM CLIMATE SUMMARY FOR THE MONTH OF FEBRUARY 2017...

CLIMATE NORMAL PERIOD 1981 TO 2010
CLIMATE RECORD PERIOD 1943 TO 2017

WEATHER         OBSERVED          NORMAL  DEPART  LAST YEAR`S
                 VALUE   DATE(S)  VALUE   FROM    VALUE  DATE(S)
                                          NORMAL
................................................................
TEMPERATURE (F)
HIGHEST            90   02/23                         82  02/16
LOWEST             33   02/16                         23  02/05
AVG. MAXIMUM     76.5              64.8    11.7     71.6
AVG. MINIMUM     50.9              39.4    11.5     41.6
MEAN             63.7              52.1    11.6     56.6
DAYS MAX >= 90      1                                  0
DAYS MAX <= 32      0                                  0
DAYS MIN <= 32      0                                  7
DAYS MIN <= 0       0                                  0

PRECIPITATION (INCHES)
TOTALS           2.66              2.31    0.35     1.14
DAILY AVG.       0.10              0.08    0.02     0.04
DAYS >= .01         6                                  1
DAYS >= .10         3                                  1
DAYS >= .50         2                                  1
DAYS >= 1.00        2                                  1
GREATEST
 24 HR. TOTAL    1.36   02/19 TO 02/20

SNOWFALL (INCHES)
TOTALS            0.0                MM      MM      0.0
SINCE 7/1         0.0                MM      MM        T

DEGREE_DAYS
HEATING TOTAL     116               373    -257      262
 SINCE 7/1        874              1615    -741     1234
COOLING TOTAL      87                11      76       23
 SINCE 1/1        109                16      93       23
.................................................................

WIND (MPH)
AVERAGE WIND SPEED              9.2
HIGHEST WIND SPEED/DIRECTION    39/230    DATE  02/19
HIGHEST GUST SPEED/DIRECTION    57/250    DATE  02/19

SKY COVER
POSSIBLE SUNSHINE (PERCENT)   MM
AVERAGE SKY COVER           0.60
NUMBER OF DAYS FAIR            8
NUMBER OF DAYS PC             10
NUMBER OF DAYS CLOUDY         10

AVERAGE RH (PERCENT)     66

WEATHER CONDITIONS. NUMBER OF DAYS WITH
THUNDERSTORM              0     MIXED PRECIP               0
HEAVY RAIN                3     RAIN                       3
LIGHT RAIN                9     FREEZING RAIN              0
LT FREEZING RAIN          0     HAIL                       0
HEAVY SNOW                0     SNOW                       0
LIGHT SNOW                0     SLEET                      0
FOG                      13     FOG W/VIS <= 1/4 MILE      3
HAZE                      5

-  INDICATES NEGATIVE NUMBERS.
R  INDICATES RECORD WAS SET OR TIED.
MM INDICATES DATA IS MISSING.
T  INDICATES TRACE AMOUNT.

&&

FEBRUARY 2017 WAS THE WARMEST FEBRUARY ON RECORD...AND THE 29TH WETTEST.

SEA LEVEL PRESSURE DATA:
HIGHEST SLP 30.42 INCHES ON THE 3RD
LOWEST  SLP 29.51 INCHES ON THE 23RD


PRELIMINARY LOCAL CLIMATOLOGICAL DATA (WS FORM: F-6)

                                          STATION:   AUSTIN BERGSTROM
                                          MONTH:     FEBRUARY
                                          YEAR:      2017
                                          LATITUDE:   30 13 N
                                          LONGITUDE:  97 40 W

  TEMPERATURE IN F:       :PCPN:    SNOW:  WIND      :SUNSHINE: SKY     :PK WND
================================================================================
1   2   3   4   5  6A  6B    7    8   9   10  11  12  13   14  15   16   17  18
                                     12Z  AVG MX 2MIN
DY MAX MIN AVG DEP HDD CDD  WTR  SNW DPTH SPD SPD DIR MIN PSBL S-S WX    SPD DR
================================================================================

 1  83  39  61  11   4   0 0.00  0.0    0  8.0 21 180   M    M   3 12     28 180
 2  66  47  57   7   8   0 0.00  0.0    0 12.3 22  30   M    M  10        26  30
 3  54  47  51   1  14   0    T  0.0    0 13.5 21  20   M    M  10        27  40
 4  53  48  51   1  14   0 0.02  0.0    0  1.8  9  60   M    M  10 12     12  60
 5  75  52  64  14   1   0 0.02  0.0    0  6.2 18 190   M    M   9 128    25 190
 6  81  68  75  24   0  10    T  0.0    0 13.1 22 190   M    M  10        28 200
 7  88  50  69  18   0   4    T  0.0    0  6.3 18 200   M    M   7 1      25 200
 8  86  47  67  16   0   2 0.00  0.0    0 10.4 26 350   M    M   4        32 350
 9  67  42  55   4  10   0 0.00  0.0    0  8.5 21  30   M    M   3        26  40
10  80  40  60   9   5   0 0.00  0.0    0  9.3 23 180   M    M   6        32 180
11  88  67  78  27   0  13 0.00  0.0    0 12.2 21 200   M    M   6 18     25 170
12  84  64  74  22   0   9 0.00  0.0    0  9.7 21  20   M    M   6 1      25  30
13  80  63  72  20   0   7    T  0.0    0 12.7 23 150   M    M   9        30 140
14  68  49  59   7   6   0 1.24  0.0    0 12.9 25 310   M    M  10 13     34 310
15  66  39  53   1  12   0 0.00  0.0    0 10.6 22  10   M    M   4        33 350
16  69  33  51  -1  14   0 0.00  0.0    0  5.1 15 180   M    M   2        20 180
17  77  46  62  10   3   0 0.00  0.0    0  9.4 23 190   M    M   5        29 180
18  87  62  75  22   0  10 0.00  0.0    0 11.0 20 200   M    M   6        26 210
19  81  65  73  20   0   8 0.12  0.0    0 11.8 39 230   M    M  10 138    57 250
20  71  59  65  12   0   0 1.25  0.0    0  6.7 37 260   M    M   4 13     52 250
21  80  49  65  12   0   0 0.00  0.0    0  7.5 20 340   M    M   0 1      26 340
22  86  44  65  12   0   0 0.00  0.0    0  4.8 15 200   M    M   0        24 170
23  90  45  68  14   0   3 0.00  0.0    0  9.4 23 190   M    M   0        29 180
24  82  52  67  13   0   2 0.00  0.0    0  9.5 21  20   M    M   1 1      29  10
25  63  39  51  -3  14   0 0.00  0.0    0 11.6 24  20   M    M   1        30  30
26  73  35  54   0  11   0 0.01  0.0    0  3.7 18 140   M    M   7        21 140
27  83  67  75  20   0  10 0.00  0.0    0  9.2 20 180   M    M   8 18     25 190
28  82  66  74  19   0   9    T  0.0    0 11.0 25 180   M    M   9 18     33 190
================================================================================
SM 2143 1424       116  87  2.66     0.0 258.2          M      160
================================================================================
AV 76.5 50.9                               9.2 FASTST   M    M   6    MAX(MPH)
                                 MISC ---->  # 39 230               # 57  250
================================================================================

NOTES:
# LAST OF SEVERAL OCCURRENCES

COLUMN 17 PEAK WIND IN M.P.H.

SYMBOLS USED IN COLUMN 16
1 = FOG OR MIST
2 = FOG REDUCING VISIBILITY
3 = THUNDER
4 = ICE PELLETS
5 = HAIL
6 = FREEZING RAIN OR DRIZZLE
7 = DUSTSTORM OR SANDSTORM:
8 = SMOKE OR HAZE
9 = BLOWING SNOW
X = TORNADO


$$
