000
CXUS53 KGRB 010832
CLMAUW


CLIMATE REPORT
NATIONAL WEATHER SERVICE GREEN BAY
231 AM CST WED FEB 1 2017

...................................

...THE WAUSAU WI CLIMATE SUMMARY FOR THE MONTH OF JANUARY 2017...

CLIMATE NORMAL PERIOD 1981 TO 2010
CLIMATE RECORD PERIOD 1896 TO 2017

WEATHER         OBSERVED          NORMAL  DEPART  LAST YEAR`S
                 VALUE   DATE(S)  VALUE   FROM    VALUE  DATE(S)
                                          NORMAL
................................................................
TEMPERATURE (F)
RECORD
 HIGH              54   01/24/1942
 LOW              -40   01/30/1951
                        01/18/1948
HIGHEST            39   01/18        40      -1       42  01/30
LOWEST            -15   01/06       -19       4      -14  01/18
                                                          01/17
AVG. MAXIMUM     24.2              23.1     1.1     24.4
AVG. MINIMUM     11.5               6.0     5.5      9.9
MEAN             17.9              14.6     3.3     17.2
DAYS MAX >= 90      0               0.0     0.0        0
DAYS MAX <= 32     22              24.4    -2.4       24
DAYS MIN <= 32     28              30.8    -2.8       31
DAYS MIN <= 0       8              10.5    -2.5        8

PRECIPITATION (INCHES)
RECORD
 MAXIMUM         3.12   1967
 MINIMUM         0.07   1981
                        1961
TOTALS           2.34              1.02    1.32     0.84
DAILY AVG.       0.08              0.03    0.05     0.03
DAYS >= .01        11               9.7     1.3       10
DAYS >= .10         8               3.3     4.7        3
DAYS >= .50         1               0.2     0.8
DAYS >= 1.00        0               0.0     0.0        0
GREATEST
 STORM TOTAL       MM
 (MM/DD(HH))            MM

SNOWFALL (INCHES)
RECORDS
 TOTAL           32.9   1929
 24 HR TOTAL       MM
TOTALS           18.9              13.5     5.4      5.8
SINCE 7/1        46.1              35.7    10.4     15.4
DAYS >= TRACE      11              10.2     0.8
DAYS >= 1.0         5               4.4     0.6        3
GREATEST
 SNOW DEPTH        19   01/13                          8  01/29
                        01/12                             01/28
                        01/11                             01/27
 24 HR TOTAL      8.4   MM

DEGREE_DAYS
HEATING TOTAL    1453              1564    -111     1474
 SINCE 7/1       4148              4850    -702     3914
COOLING TOTAL       0                 0       0        0
 SINCE 1/1          0                 0       0        0
.................................................................

WIND (MPH)
AVERAGE WIND SPEED              7.2
HIGHEST WIND SPEED/DIRECTION    33/280    DATE  01/10
HIGHEST GUST SPEED/DIRECTION    47/290    DATE  01/10

SKY COVER
POSSIBLE SUNSHINE (PERCENT)   MM
AVERAGE SKY COVER           0.70
NUMBER OF DAYS FAIR            8
NUMBER OF DAYS PC              6
NUMBER OF DAYS CLOUDY         17

AVERAGE RH (PERCENT)     81

WEATHER CONDITIONS. NUMBER OF DAYS WITH
THUNDERSTORM              0     MIXED PRECIP               0
HEAVY RAIN                0     RAIN                       0
LIGHT RAIN                3     FREEZING RAIN              1
LT FREEZING RAIN          3     HAIL                       0
HEAVY SNOW                2     SNOW                       2
LIGHT SNOW               11     SLEET                      0
FOG                      22     FOG W/VIS <= 1/4 MILE      7
HAZE                      7

-  INDICATES NEGATIVE NUMBERS.
R  INDICATES RECORD WAS SET OR TIED.
MM INDICATES DATA IS MISSING.
T  INDICATES TRACE AMOUNT.

$$
