000
CXUS52 KGSP 010752
CLMAVL

CLIMATE REPORT
NATIONAL WEATHER SERVICE GREENVILLE-SPARTANBURG SC
252 AM EST WED FEB 1 2017

...................................

...THE ASHEVILLE CLIMATE SUMMARY FOR THE MONTH OF JANUARY 2017...

CLIMATE NORMAL PERIOD 1981 TO 2010
CLIMATE RECORD PERIOD 1869 TO 2017

WEATHER         OBSERVED          NORMAL  DEPART  LAST YEAR`S
                 VALUE   DATE(S)  VALUE   FROM    VALUE  DATE(S)
                                          NORMAL
................................................................
TEMPERATURE (F)
RECORD
 HIGH              80   01/27/1999
 LOW              -16   01/21/1985
HIGHEST            71   01/25        MM      MM       61  01/31
LOWEST              8   01/08        MM      MM       11  01/19
AVG. MAXIMUM     52.9              47.4     5.5     44.9
AVG. MINIMUM     35.5              26.7     8.8     24.8
MEAN             44.2              37.1     7.1     34.8
DAYS MAX >= 90      0               0.0     0.0        0
DAYS MAX <= 32      2               2.5    -0.5        3
DAYS MIN <= 32     13              21.9    -8.9       28
DAYS MIN <= 0       0               0.3    -0.3        0

PRECIPITATION (INCHES)
RECORD
 MAXIMUM         9.96   1998
 MINIMUM         0.27   1907
TOTALS           3.72              3.67    0.05     3.29
DAILY AVG.       0.12              0.12    0.00     0.11
DAYS >= .01        13              10.0     3.0        8
DAYS >= .10         8               6.2     1.8        4
DAYS >= .50         3               2.5     0.5        2
DAYS >= 1.00        1               0.9     0.1        2
GREATEST
 24 HR. TOTAL    1.65   01/22 TO 01/23           01/21 TO 01/22
                                                          01/22 TO 01/22
                                                          01/22 TO 01/22
 STORM TOTAL       MM                                 MM
 (MM/DD(HH))            MM                    01/22(00) TO 01/22(00)
                                                 01/22(00) TO 01/22(00)2
                                                 01/22(00) TO 01/22(00)2

SNOWFALL (INCHES)
RECORDS
 TOTAL           17.6   1966
 24 HR TOTAL     14.0   01/07/1988 TO 01/08/1988
 SNOW DEPTH        14   01/08/1988
TOTALS            7.3               4.1     3.2     13.8
 LIQUID EQUIV    0.73              0.40    0.33     1.38
SINCE 7/1         7.3               5.1     2.2     13.8
 LIQUID 7/1      0.73              0.50    0.23     1.38
SNOWDEPTH AVG.      1                MM      MM        2
DAYS >= TRACE       4               1.9     2.1        5
DAYS >= 1.0         2               0.9     1.1        1
GREATEST
 SNOW DEPTH         7   01/07                         12  01/23
 24 HR TOTAL      7.0   01/06 TO 01/07           01/22 TO 01/22
                                                          01/22 TO 01/22
                                                          01/22 TO 01/22
 STORM TOTAL      7.0                                 MM
 (MM/DD(HH))            MM                    01/22(00) TO 01/22(00)
                                                 01/22(00) TO 01/22(00)2
                                                 01/22(00) TO 01/22(00)2

DEGREE_DAYS
HEATING TOTAL     635               866    -231      927
 SINCE 7/1       1913              2527    -614     2023
COOLING TOTAL       0                 0       0        0
 SINCE 1/1          0                 0       0        0

FREEZE DATES
RECORD
 EARLIEST     MM
 LATEST       MM
EARLIEST                        MM
LATEST                          MM
...................................................

WIND (MPH)
AVERAGE WIND SPEED              7.9
HIGHEST WIND SPEED/DIRECTION    31/350    DATE  01/24
HIGHEST GUST SPEED/DIRECTION    43/330    DATE  01/24

SKY COVER
POSSIBLE SUNSHINE (PERCENT)   MM
AVERAGE SKY COVER           0.50
NUMBER OF DAYS FAIR           11
NUMBER OF DAYS PC              8
NUMBER OF DAYS CLOUDY         12

AVERAGE RH (PERCENT)     67

WEATHER CONDITIONS. NUMBER OF DAYS WITH
THUNDERSTORM              2     MIXED PRECIP               0
HEAVY RAIN                4     RAIN                       6
LIGHT RAIN               16     FREEZING RAIN              0
LT FREEZING RAIN          0     HAIL                       0
HEAVY SNOW                1     SNOW                       1
LIGHT SNOW                4     SLEET                      0
FOG                      16     FOG W/VIS <= 1/4 MILE      3
HAZE                      5

-  INDICATES NEGATIVE NUMBERS.
R  INDICATES RECORD WAS SET OR TIED.
MM INDICATES DATA IS MISSING.
T  INDICATES TRACE AMOUNT.

$$

OUTLAW
