000
CXUS51 KBGM 020117 CCA
CLMAVP

CLIMATE REPORT...CORRECTED
NATIONAL WEATHER SERVICE BINGHAMTON NY
818 PM EST FRI DEC 1 2017

...................................

...THE AVOCA PA CLIMATE SUMMARY FOR THE MONTH OF NOVEMBER 2017...

CLIMATE NORMAL PERIOD 1981 TO 2010
CLIMATE RECORD PERIOD 1901 TO 2017

WEATHER         OBSERVED          NORMAL  DEPART  LAST YEAR`S
                 VALUE   DATE(S)  VALUE   FROM    VALUE  DATE(S)
                                          NORMAL
................................................................
TEMPERATURE (F)
RECORD
 HIGH              80   11/02/1982
 LOW                9   11/24/2000
                        11/30/1995
                        11/30/1976
HIGHEST            71   11/02        49      22       71  11/02
LOWEST             16   11/11        34     -18       28  11/28
                                                          11/07
AVG. MAXIMUM     50.8              49.4     1.4     53.0
AVG. MINIMUM     32.0              33.3    -1.3     35.3
MEAN             41.4              41.4     0.0     44.2
DAYS MAX >= 90      0               0.0     0.0        0
DAYS MAX <= 32      0               1.0    -1.0        0
DAYS MIN <= 32     20              13.8     6.2       13
DAYS MIN <= 0       0               0.0     0.0        0

PRECIPITATION (INCHES)
RECORD
 MAXIMUM         7.62   1972
 MINIMUM         0.80   1976
TOTALS           1.07              3.14   -2.07     2.08
DAILY AVG.       0.04              0.10   -0.06     0.07
DAYS >= .01        14              11.2     2.8        8
DAYS >= .10         5               6.2    -1.2        6
DAYS >= .50         0               1.7    -1.7        1
DAYS >= 1.00        0               0.6    -0.6        0
GREATEST
 24 HR. TOTAL    0.48   11/18 TO 11/19

SNOWFALL (INCHES)
RECORDS
 TOTAL           22.5   1971
 24 HR TOTAL     18.5   11/25/1971 TO 11/25/1971
TOTALS            0.1               2.9    -2.8      5.7
SINCE 7/1         0.1               3.0    -2.9      5.7
DAYS >= TRACE       4               2.1     1.9        3
DAYS >= 1.0         0               0.8    -0.8        2
GREATEST
 24 HR TOTAL      0.1   11/20 TO 11/20

DEGREE_DAYS
HEATING TOTAL     702               710      -8      618
 SINCE 7/1       1040              1313    -273     1018
COOLING TOTAL       0                 0       0        0
 SINCE 1/1        804               580     224      998
.................................................................

WIND (MPH)
AVERAGE WIND SPEED              6.4
RESULTANT WIND SPEED/DIRECTION   2/288
HIGHEST WIND SPEED/DIRECTION    31/330    DATE  11/10
HIGHEST GUST SPEED/DIRECTION    46/280    DATE  11/16

SKY COVER
POSSIBLE SUNSHINE (PERCENT)   MM
AVERAGE SKY COVER           0.50
NUMBER OF DAYS FAIR           11
NUMBER OF DAYS PC             11
NUMBER OF DAYS CLOUDY          8

AVERAGE RH (PERCENT)     67

WEATHER CONDITIONS. NUMBER OF DAYS WITH
THUNDERSTORM              0     MIXED PRECIP               0
HEAVY RAIN                0     RAIN                       3
LIGHT RAIN               16     FREEZING RAIN              0
LT FREEZING RAIN          0     HAIL                       0
HEAVY SNOW                0     SNOW                       0
LIGHT SNOW                4     SLEET                      0
FOG                      12     FOG W/VIS <= 1/4 MILE      0
HAZE                      3

-  INDICATES NEGATIVE NUMBERS.
R  INDICATES RECORD WAS SET OR TIED.
MM INDICATES DATA IS MISSING.
T  INDICATES TRACE AMOUNT.
&&
CORRECTED GREATEST 24 HOUR PRECIPITATION
12TH DRIEST NOVEMBER
$$

TAC
