033
CXUS53 KGRR 011923
CLMAZO


CLIMATE REPORT
NATIONAL WEATHER SERVICE GRAND RAPIDS, MI
209 PM EST THU DEC 1 2016

...................................

...THE KALAMAZOO MI CLIMATE SUMMARY FOR THE MONTH OF NOVEMBER 2016...

CLIMATE NORMAL PERIOD 1981 TO 2010
CLIMATE RECORD PERIOD 1998 TO 2016

WEATHER         OBSERVED          NORMAL  DEPART  LAST YEAR`S
                 VALUE   DATE(S)  VALUE   FROM    VALUE  DATE(S)
                                          NORMAL
................................................................
TEMPERATURE (F)
HIGHEST            77   11/01        MM      MM       75  11/04
LOWEST             21   11/22        MM      MM       20  11/29
                                                          11/22
AVG. MAXIMUM     54.4              47.6     6.8     54.4
AVG. MINIMUM     36.5              33.4     3.1     35.3
MEAN             45.5              40.5     5.0     44.8
DAYS MAX >= 90      0               0.0     0.0        0
DAYS MAX <= 32      0               1.7    -1.7        1
DAYS MIN <= 32      6              14.0    -8.0       13
DAYS MIN <= 0       0               0.0     0.0        0

PRECIPITATION (INCHES)
TOTALS           2.08              3.02   -0.94     1.90
DAILY AVG.       0.07              0.10   -0.03     0.06
DAYS >= .01        10                MM      MM       13
DAYS >= .10         5                MM      MM        5
DAYS >= .50         2                MM      MM        1
DAYS >= 1.00        0                MM      MM        0
GREATEST
 24 HR. TOTAL    0.69   11/28 TO 11/29

DEGREE_DAYS
HEATING TOTAL     578               735    -157      597
 SINCE 7/1        900              1327    -427     1065
COOLING TOTAL       0                 0       0        0
 SINCE 1/1        912               675     237      657
.................................................................

WIND (MPH)
AVERAGE WIND SPEED              8.0
RESULTANT WIND SPEED/DIRECTION   3/238
HIGHEST WIND SPEED/DIRECTION    29/190    DATE  11/18
HIGHEST GUST SPEED/DIRECTION    37/190    DATE  11/18

SKY COVER
POSSIBLE SUNSHINE (PERCENT)   MM
AVERAGE SKY COVER           0.40
NUMBER OF DAYS FAIR           14
NUMBER OF DAYS PC              8
NUMBER OF DAYS CLOUDY          8

AVERAGE RH (PERCENT)     70

WEATHER CONDITIONS. NUMBER OF DAYS WITH
THUNDERSTORM              2     MIXED PRECIP               0
HEAVY RAIN                1     RAIN                       6
LIGHT RAIN               12     FREEZING RAIN              0
LT FREEZING RAIN          0     HAIL                       0
HEAVY SNOW                1     SNOW                       1
LIGHT SNOW                2     SLEET                      0
FOG                      21     FOG W/VIS <= 1/4 MILE      8
HAZE                     16

-  INDICATES NEGATIVE NUMBERS.
R  INDICATES RECORD WAS SET OR TIED.
MM INDICATES DATA IS MISSING.
T  INDICATES TRACE AMOUNT.

$$
