000
CXUS53 KLBF 011816
CLMBBW

CLIMATE REPORT
NATIONAL WEATHER SERVICE NORTH PLATTE
1207 PM CST SUN FEB 1 2015

...................................

...THE BROKEN BOW NE CLIMATE SUMMARY FOR THE MONTH OF JANUARY 2015...

CLIMATE NORMAL PERIOD 1981 TO 2010
CLIMATE RECORD PERIOD 1894 TO 2015

WEATHER         OBSERVED          NORMAL  DEPART  LAST YEAR`S
                 VALUE   DATE(S)  VALUE   FROM    VALUE  DATE(S)
                                          NORMAL
................................................................
TEMPERATURE (F)
RECORD
 HIGH              78   01/25/1896
 LOW              -42   01/23/1915
HIGHEST            71   01/27        59      12       65  01/19
LOWEST             -4   01/04       -15      11      -11  01/06
AVG. MAXIMUM     41.3              37.6     3.7     38.7
AVG. MINIMUM     16.3              13.5     2.8     10.7
MEAN             28.8              25.5     3.3     24.7
DAYS MAX >= 90      0               0.0     0.0        0
DAYS MAX <= 32      8              10.7    -2.7       10
DAYS MIN <= 32     30              30.2    -0.2       29
DAYS MIN <= 0       2               4.6    -2.6        8

PRECIPITATION (INCHES)
RECORD
 MAXIMUM         1.98   1941
 MINIMUM         0.00   1981
                        1933
TOTALS           0.14              0.45   -0.31     0.15
DAILY AVG.       0.00              0.01   -0.01     0.00
DAYS >= .01         2                MM      MM        3
DAYS >= .10         0                MM      MM        0
DAYS >= .50         0                MM      MM        0
DAYS >= 1.00        0                MM      MM        0
GREATEST
 24 HR. TOTAL    0.07   01/03 TO 01/03           01/30 TO 01/31
                        01/31 TO 01/31                    01/31 TO 01/31
                                                          01/31 TO 01/31

SNOWFALL (INCHES)
TOTALS             MM
SINCE 7/1          MM
SNOWDEPTH AVG.     MM
DAYS >= TRACE       0
DAYS >= 1.0         0
GREATEST
 SNOW DEPTH        MM

DEGREE_DAYS
HEATING TOTAL    1116              1223    -107     1243
 SINCE 7/1       3709              3978    -269     4054
COOLING TOTAL       0                 0       0        0
 SINCE 1/1          0                 0       0        0
..................................................

WIND (MPH)
AVERAGE WIND SPEED              11.4
HIGHEST WIND SPEED/DIRECTION    46/340    DATE  01/08
HIGHEST GUST SPEED/DIRECTION    56/340    DATE  01/08

AVERAGE RH (PERCENT)     65

WEATHER CONDITIONS. NUMBER OF DAYS WITH
THUNDERSTORM              0     MIXED PRECIP               0
HEAVY RAIN                0     RAIN                       0
LIGHT RAIN                2     FREEZING RAIN              0
LT FREEZING RAIN          0     HAIL                       0
HEAVY SNOW                1     SNOW                       2
LIGHT SNOW                5     SLEET                      0
FOG                       2     FOG W/VIS <= 1/4 MILE      1
HAZE                      3

-  INDICATES NEGATIVE NUMBERS.
R  INDICATES RECORD WAS SET OR TIED.
MM INDICATES DATA IS MISSING.
T  INDICATES TRACE AMOUNT.

$$
