969
CXUS53 KLBF 011330
CLMBBW


CLIMATE REPORT
NATIONAL WEATHER SERVICE NORTH PLATTE
830 AM CDT FRI JUL 1 2016

...................................

...THE BROKEN BOW NE CLIMATE SUMMARY FOR THE MONTH OF JUNE 2016...

CLIMATE NORMAL PERIOD 1981 TO 2010
CLIMATE RECORD PERIOD 1894 TO 2016

WEATHER         OBSERVED          NORMAL  DEPART  LAST YEAR`S
                 VALUE   DATE(S)  VALUE   FROM    VALUE  DATE(S)
                                          NORMAL
................................................................
TEMPERATURE (F)
RECORD
 HIGH             107   06/15/1946
                        06/23/1937
 LOW               30   06/04/1954
                        06/04/1950
HIGHEST            95   06/11        95       0       95  06/09
LOWEST             48   06/07        40       8       52  06/01
AVG. MAXIMUM     86.5              80.7     5.8     81.9
AVG. MINIMUM     59.9              56.4     3.5     59.1
MEAN             73.2              68.5     4.7     70.5
DAYS MAX >= 90     11               4.7     6.3        4
DAYS MAX <= 32      0               0.0     0.0        0
DAYS MIN <= 32      0               0.0     0.0        0
DAYS MIN <= 0       0               0.0     0.0        0

PRECIPITATION (INCHES)
RECORD
 MAXIMUM        10.33   1975
 MINIMUM         0.13   2012
TOTALS           2.47              4.00   -1.53     5.31
DAILY AVG.       0.08              0.13   -0.05     0.18
DAYS >= .01         5                MM      MM       14
DAYS >= .10         4                MM      MM       10
DAYS >= .50         2                MM      MM        4
DAYS >= 1.00        1                MM      MM        1
GREATEST
 24 HR. TOTAL    1.42   06/14 TO 06/14           06/10 TO 06/11
                                                          06/11 TO 06/11
                                                          06/11 TO 06/11

SNOWFALL (INCHES)
TOTALS             MM
SINCE 7/1          MM
SNOWDEPTH AVG.     MM
DAYS >= TRACE      MM
DAYS >= 1.0        MM
GREATEST
 SNOW DEPTH        MM

DEGREE_DAYS
HEATING TOTAL       2                46     -44        3
 SINCE 7/1       5556              6651   -1095     6072
COOLING TOTAL     255               152     103      179
 SINCE 1/1        272               186      86      194
..................................................

WIND (MPH)
AVERAGE WIND SPEED              9.9
HIGHEST WIND SPEED/DIRECTION    37/340    DATE  06/22
HIGHEST GUST SPEED/DIRECTION    48/340    DATE  06/22

AVERAGE RH (PERCENT)     59

WEATHER CONDITIONS. NUMBER OF DAYS WITH
THUNDERSTORM              0     MIXED PRECIP               0
HEAVY RAIN                0     RAIN                       2
LIGHT RAIN                3     FREEZING RAIN              0
LT FREEZING RAIN          0     HAIL                       0
HEAVY SNOW                0     SNOW                       0
LIGHT SNOW                0     SLEET                      0
FOG                       3     FOG W/VIS <= 1/4 MILE      0
HAZE                      2

-  INDICATES NEGATIVE NUMBERS.
R  INDICATES RECORD WAS SET OR TIED.
MM INDICATES DATA IS MISSING.
T  INDICATES TRACE AMOUNT.

$$
