000
CXUS53 KLBF 010955
CLMBBW


CLIMATE REPORT
NATIONAL WEATHER SERVICE NORTH PLATTE
454 AM CDT THU SEP 1 2016

...................................

...THE BROKEN BOW NE CLIMATE SUMMARY FOR THE MONTH OF AUGUST 2016...

CLIMATE NORMAL PERIOD 1981 TO 2010
CLIMATE RECORD PERIOD 1894 TO 2016

WEATHER         OBSERVED          NORMAL  DEPART  LAST YEAR`S
                 VALUE   DATE(S)  VALUE   FROM    VALUE  DATE(S)
                                          NORMAL
................................................................
TEMPERATURE (F)
RECORD
 HIGH             113   08/17/1936
 LOW               33   08/20/1950
HIGHEST            93   08/18        96      -3       98  08/02
LOWEST             42   08/21        45      -3       43  08/24
AVG. MAXIMUM     82.6              84.1    -1.5     85.3
AVG. MINIMUM     57.8              59.4    -1.6     58.3
MEAN             70.2              71.8    -1.6     71.8
DAYS MAX >= 90      2               6.7    -4.7        6
DAYS MAX <= 32      0               0.0     0.0        0
DAYS MIN <= 32      0               0.0     0.0        0
DAYS MIN <= 0       0               0.0     0.0        0

PRECIPITATION (INCHES)
RECORD
 MAXIMUM         9.89   1910
 MINIMUM            T   2012
                        1896
TOTALS           0.66              2.23   -1.57     3.72
DAILY AVG.       0.02              0.07   -0.05     0.12
DAYS >= .01         6                MM      MM        7
DAYS >= .10         2                MM      MM        5
DAYS >= .50         0                MM      MM        2
DAYS >= 1.00        0                MM      MM        1
GREATEST
 24 HR. TOTAL    0.39   08/06 TO 08/07           08/27 TO 08/27
                                                          08/26 TO 08/27
                                                          08/27 TO 08/27

SNOWFALL (INCHES)
TOTALS             MM
SINCE 7/1          MM
SNOWDEPTH AVG.     MM
DAYS >= TRACE       0
DAYS >= 1.0         0
GREATEST
 SNOW DEPTH        MM

DEGREE_DAYS
HEATING TOTAL      12                13      -1       11
 SINCE 7/1         22                18       4       17
COOLING TOTAL     182               222     -40      228
 SINCE 1/1        710               696      14      740
........................................................

WIND (MPH)
AVERAGE WIND SPEED              7.3
HIGHEST WIND SPEED/DIRECTION    29/180    DATE  08/22
HIGHEST GUST SPEED/DIRECTION    42/360    DATE  08/11

AVERAGE RH (PERCENT)     74

WEATHER CONDITIONS. NUMBER OF DAYS WITH
THUNDERSTORM              0     MIXED PRECIP               0
HEAVY RAIN                2     RAIN                       2
LIGHT RAIN                6     FREEZING RAIN              0
LT FREEZING RAIN          0     HAIL                       0
HEAVY SNOW                0     SNOW                       0
LIGHT SNOW                0     SLEET                      0
FOG                      18     FOG W/VIS <= 1/4 MILE      5
HAZE                      3

-  INDICATES NEGATIVE NUMBERS.
R  INDICATES RECORD WAS SET OR TIED.
MM INDICATES DATA IS MISSING.
T  INDICATES TRACE AMOUNT.

$$
