000
CXUS51 KOKX 011658
CLMBDR

CLIMATE REPORT
NATIONAL WEATHER SERVICE NEW YORK NY
1258 PM EDT SAT NOV 1 2014


...THE BRIDGEPORT CT CLIMATE SUMMARY FOR THE MONTH OF OCTOBER 2014...

CLIMATE NORMAL PERIOD 1981 TO 2010
CLIMATE RECORD PERIOD 1948 TO 2014

WEATHER         OBSERVED          NORMAL  DEPART  LAST YEAR`S
                 VALUE   DATE(S)  VALUE   FROM    VALUE  DATE(S)
                                          NORMAL
................................................................
TEMPERATURE (F)
RECORD
 HIGH              89   10/08/2007
 LOW               26   10/31/1988
                        10/20/1972
                        10/24/1969
HIGHEST            76   10/15        MM      MM       83  10/02
                        10/14
LOWEST             37   10/20        MM      MM       35  10/28
AVG. MAXIMUM     65.3              63.3     2.0     66.2
AVG. MINIMUM     50.7              46.5     4.2     49.4
MEAN             58.0              54.9     3.1     57.8
DAYS MAX >= 90      0               0.0     0.0        0
DAYS MAX <= 32      0               0.0     0.0        0
DAYS MIN <= 32      0               0.5    -0.5        0
DAYS MIN <= 0       0               0.0     0.0        0

PRECIPITATION (INCHES)
RECORD
 MAXIMUM        12.10   2005
 MINIMUM         0.32   2013
TOTALS           2.98              3.64   -0.66     0.32
DAILY AVG.       0.10              0.12   -0.02     0.01
DAYS >= .01        14               8.8     5.2        5
DAYS >= .10         7               5.6     1.4        1
DAYS >= .50         3               2.5     0.5        0
DAYS >= 1.00        0               1.0    -1.0        0
GREATEST
 24 HR. TOTAL    0.83   10/15 TO 10/16           10/07 TO 10/07
                                                          10/06 TO 10/07
                                                          10/07 TO 10/07
 STORM TOTAL       MM                                 MM
 (MM/DD(HH))            MM                    10/07(00) TO 10/07(00)
                                                 10/07(00) TO 10/07(00)7
                                                 10/07(00) TO 10/07(00)7

SNOWFALL (INCHES)
TOTALS            0.0               0.0     0.0      0.0
 LIQUID EQUIV    0.00                 T    0.00     0.00
SINCE 7/1         0.0               0.0     0.0      0.0
 LIQUID 7/1      0.00              0.00    0.00     0.00
SNOWDEPTH AVG.      0                MM      MM        0
DAYS >= TRACE       0               0.0     0.0        0
DAYS >= 1.0         0               0.0     0.0        0
GREATEST
 SNOW DEPTH         0   MM                             0  MM
 24 HR TOTAL      0.0   10/31 TO 10/31           10/31 TO 10/31
                                                          10/07 TO 10/07
                                                          10/07 TO 10/07
 STORM TOTAL       MM                                 MM
 (MM/DD(HH))            MM                    10/31(00) TO 10/31(00)
                                                 10/07(00) TO 10/07(00)7
                                                 10/07(00) TO 10/07(00)7

DEGREE_DAYS
HEATING TOTAL     229               322     -93      238
 SINCE 7/1        269               390    -121      319
COOLING TOTAL      19                 9      10       22
 SINCE 1/1        884               825      59     1003
........................................................

WIND (MPH)
AVERAGE WIND SPEED              9.6
HIGHEST WIND SPEED/DIRECTION    33/020    DATE  10/22
HIGHEST GUST SPEED/DIRECTION    48/020    DATE  10/22


WEATHER CONDITIONS. NUMBER OF DAYS WITH
THUNDERSTORM              0     MIXED PRECIP               0
HEAVY RAIN                3     RAIN                       7
LIGHT RAIN               20     FREEZING RAIN              0
LT FREEZING RAIN          0     HAIL                       0
HEAVY SNOW                0     SNOW                       0
LIGHT SNOW                0     SLEET                      0
FOG                      12     FOG W/VIS <= 1/4 MILE      0
HAZE                      1

-  INDICATES NEGATIVE NUMBERS.
R  INDICATES RECORD WAS SET OR TIED.
MM INDICATES DATA IS MISSING.
T  INDICATES TRACE AMOUNT.

$$
