000
CXUS51 KCAR 030609
CLMBGR

CLIMATE REPORT...PRELIMINARY
NATIONAL WEATHER SERVICE CARIBOU, ME
109 AM EST WED FEB 3 2016

...................................

...THE BANGOR ME CLIMATE SUMMARY FOR THE MONTH OF JANUARY 2016...

CLIMATE NORMAL PERIOD 1981 TO 2010
CLIMATE RECORD PERIOD 1925 TO 2016

WEATHER         OBSERVED          NORMAL  DEPART  LAST YEAR`S
                 VALUE   DATE(S)  VALUE   FROM    VALUE  DATE(S)
                                          NORMAL
................................................................
TEMPERATURE (F)
RECORD
 HIGH              63   10/07/5881
 LOW              -29   10/07/5881
HIGHEST            52   01/10        MM      MM       49  01/19
LOWEST             -8   01/05        MM      MM      -20  01/14
AVG. MAXIMUM     32.0              27.4     4.6     25.6
AVG. MINIMUM     12.8               6.7     6.1      3.4
MEAN             22.4              17.0     5.4     14.5
DAYS MAX >= 90      0               0.0     0.0        0
DAYS MAX <= 32     16              20.1    -4.1       25
DAYS MIN <= 32     31              30.1     0.9       31
DAYS MIN <= 0       3              10.0    -7.0       11

PRECIPITATION (INCHES)
RECORD
 MAXIMUM         7.64   1979
 MINIMUM         0.52   1985
TOTALS           2.38                     -0.51
DAILY AVG.       0.08              0.09   -0.01     0.09
DAYS >= .01         5              10.6    -5.6       11
DAYS >= .10         3               6.5    -3.5        9
DAYS >= .50         1               1.7    -0.7        1
DAYS >= 1.00        1               0.5     0.5        0
GREATEST
 24 HR. TOTAL    1.99   01/10 TO 01/10           01/27 TO 01/27
                                                          01/27 TO 01/27
                                                          01/27 TO 01/27

SNOWFALL (INCHES)
RECORDS
 TOTAL           48.4   1966
TOTALS            5.4              19.2   -13.8     41.8
SINCE 7/1        19.0              36.0   -17.0     74.7
SNOWDEPTH AVG.      4                 6      -2        6
DAYS >= 1.0         2               5.1    -3.1        9
GREATEST
 SNOW DEPTH         8   01/01                         29  01/31
 24 HR TOTAL      2.4   MM                       01/27 TO 01/27
                                                          01/27 TO 01/27
                                                          01/27 TO 01/27

DEGREE_DAYS
HEATING TOTAL    1313              1486    -173     1555
 SINCE 7/1       3767              4407    -640     4250
COOLING TOTAL       0                 0       0        0
 SINCE 1/1          0                 0       0        0
........................................................

WIND (MPH)
AVERAGE WIND SPEED              7.1
HIGHEST WIND SPEED/DIRECTION    36/150    DATE  01/10
HIGHEST GUST SPEED/DIRECTION    50/140    DATE  01/10

SKY COVER
POSSIBLE SUNSHINE (PERCENT)   MM
AVERAGE SKY COVER           0.60
NUMBER OF DAYS FAIR            6
NUMBER OF DAYS PC             14
NUMBER OF DAYS CLOUDY         11

AVERAGE RH (PERCENT)     70

WEATHER CONDITIONS. NUMBER OF DAYS WITH
THUNDERSTORM              0     MIXED PRECIP               0
HEAVY RAIN                1     RAIN                       1
LIGHT RAIN                3     FREEZING RAIN              0
LT FREEZING RAIN          2     HAIL                       0
HEAVY SNOW                2     SNOW                       1
LIGHT SNOW               12     SLEET                      2
FOG                      16     FOG W/VIS <= 1/4 MILE      3
HAZE                     12

-  INDICATES NEGATIVE NUMBERS.
R  INDICATES RECORD WAS SET OR TIED.
MM INDICATES DATA IS MISSING.
T  INDICATES TRACE AMOUNT.
---------------------------------------------------------------------

...CLIMATE SUMMARY FOR JANUARY 2016 FOR NORTHERN AND EASTERN MAINE...

OVERALL...JANUARY 2016 FINISHED MUCH ABOVE AVERAGE FOR TEMPERATURES
AND SIGNIFICANTLY BELOW AVERAGE FOR TOTAL PRECIPITATION...SNOWFALL
AND SNOW DEPTH.

MEAN TEMPERATURES FOR THE MONTH AVERAGED FROM 5 DEGREES ABOVE NORMAL
OVER DOWNEAST AREAS UPWARDS TO 8 DEGREES ABOVE NORMAL ACROSS CENTRAL
AND NORTHERN PORTIONS OF THE REGION. AT CARIBOU...THE MEAN OF 17.7
DEGREES FOR THE MONTH WAS 7.5 DEGREES ABOVE NORMAL AND RESULTED IN
THE 5TH WARMEST JANUARY ON RECORD WHILE THE AVERAGE OF 22.4 DEGREES
AT BANGOR...WHICH WAS 5.4 DEGREES ABOVE AVERAGE... FINISHED AS THE
12TH WARMEST. THE WARMEST PORTIONS OF THE MONTH OCCURRED FROM THE
7TH THROUGH THE 11TH AND THE 26TH THRU 31ST.

TOTAL PRECIPITATION WAS ONLY 40 TO 75 PERCENT OF NORMAL FOR
JANUARY...WITH THE TOTAL OF 1.42 INCHES AT CARIBOU THE 12TH DRIEST
ON RECORD. WITH LESS THAN NORMAL PRECIPITATION AND WELL ABOVE
AVERAGE TEMPERATURES...IT SHOULD BE NO SHOCK THAT SNOWFALL WAS WELL
BELOW AVERAGE FOR THE MONTH...RANGING ONLY FROM 25 TO 50 PERCENT...
WITH A COUPLE OF PRECIPITATION EVENTS HAVING A SIGNIFICANT RAIN
COMPONENT. AT CARIBOU...THE SNOWFALL TOTAL OF 11.2 INCHES RESULTEDIN
THE 6TH LEAST SNOWIEST JANUARY. AT BANGOR...THE TOTAL SNOWFALL OF5.4
INCHES MADE IT THE 4TH LEAST SNOWY ON RECORD.

SNOW DEPTH...WHICH BEGAN AT 65 TO 90 PERCENT OF AVERAGE ACROSS THE
REGION IN THE OPENING DAYS OF THE MONTH...DWINDLED TO 20 TO 40
PERCENT OF AVERAGE AT THE CLOSE OF THE MONTH...AFFECTING SOMEOUTDOOR
WINTER ACTIVITIES SUCH AS SNOWMOBILING. ONE HEAVY RAINFALLOF UPWARDS
OF 2 TO 3 INCHES THAT LIQUIDATED A SIGNIFICANT AMOUNT OFPRIORLY
ESTABLISHED SNOW PACK...OCCURRED ON THE 10TH....PARTICULARLYOVER
SOUTHERN AND CENTRAL PORTIONS OF THE REGION...RESULTING IN SOMEMINOR
URBAN AND SMALL STREAM FLOODING.

THE OUTLOOK FROM THE CLIMATE PREDICATION CENTER FOR THE MONTH
OFFEBRUARY CALLS FOR AN INCREASED LIKELIHOOD OF ABOVE
AVERAGETEMPERATURES AND NO STRONG CLIMATE SIGNALS THAT WOULD POINT
TOWARDAN UNUSUALLY WET (SNOWY) OR DRY MONTH. FEBRUARY 2015 WAS THE
ALL-TIME COLDEST MONTH AT BANGOR, AND THE 4TH COLDEST MONTH AT
CARIBOUWHERE IT WAS ALSO THE COLDEST FEBRUARY OF ALL-TIME.

AVERAGE TEMPERATURES BEGIN TO SLOWLY RISE IN FEBRUARY. THE
AVERAGEHIGHS AT CARIBOU CLIMB FROM 21 DEGREES ON THE 1ST TO 28F BY
THE ENDOF THE MONTH. THE AVERAGE LOWS RISE FROM 1 ABOVE ON THE 1ST
TO 8DEGREES BY THE END OF THE MONTH. AT BANGOR, THE AVERAGE HIGHS
RISEFROM 28 TO 35 DEGREES, AND THE AVERAGE LOWS RISE FROM 7 TO
14DEGREES.  AVERAGE SNOWFALL AT CARIBOU (BANGOR) IS 22.2 INCHES
(14.7INCHES).  USABLE DAYLIGHT DURING THE MONTH OF FEBRUARY
INCREASES BY ALITTLE OVER AN HOUR.

$$

VJN/CB
