000
CXUS53 KBIS 011246
CLMBIS


CLIMATE REPORT
NATIONAL WEATHER SERVICE BISMARCK ND
745 AM CDT TUE JUL 1 2014

...................................

...THE BISMARCK ND CLIMATE SUMMARY FOR THE MONTH OF JUNE 2014...

CLIMATE NORMAL PERIOD 1981 TO 2010
CLIMATE RECORD PERIOD 1875 TO 2014

WEATHER         OBSERVED          NORMAL  DEPART  LAST YEAR`S
                 VALUE   DATE(S)  VALUE   FROM    VALUE  DATE(S)
                                          NORMAL
................................................................
TEMPERATURE (F)
RECORD
 HIGH             111   06/29/2002
 LOW               30   06/02/1969
HIGHEST            90   06/21                         89  06/26
LOWEST             41   06/13                         38  06/06
AVG. MAXIMUM     74.4              77.3    -2.9     76.2
AVG. MINIMUM     52.4              52.0     0.4     53.2
MEAN             63.4              64.7    -1.3     64.7
DAYS MAX >= 90      1               2.5    -1.5        0
DAYS MAX <= 32      0               0.0     0.0        0
DAYS MIN <= 32      0               0.0     0.0        0
DAYS MIN <= 0       0               0.0     0.0        0

PRECIPITATION (INCHES)
RECORD
 MAXIMUM         9.90   1914
 MINIMUM         0.47   1936
TOTALS           3.02              3.17   -0.15     2.71
DAILY AVG.       0.10              0.11   -0.01     0.09
DAYS >= .01        16              11.2     4.8       11
DAYS >= .10         7               6.2     0.8        6
DAYS >= .50         2               2.1    -0.1        1
DAYS >= 1.00        0               0.7    -0.7        1
GREATEST
 24 HR. TOTAL    0.91   06/28 TO 06/28              1.51

DEGREE_DAYS
COOLING TOTAL      53                83     -30
 SINCE 1/1        104               100       4
.................................................................

WIND (MPH)
HIGHEST WIND SPEED/DIRECTION    39/270    DATE  06/30
HIGHEST GUST SPEED/DIRECTION    50/260    DATE  06/30

SKY COVER
POSSIBLE SUNSHINE (PERCENT)   MM
NUMBER OF DAYS FAIR           15
NUMBER OF DAYS PC             12
NUMBER OF DAYS CLOUDY          3


WEATHER CONDITIONS. NUMBER OF DAYS WITH
THUNDERSTORM              0     MIXED PRECIP               0
HEAVY RAIN                4     RAIN                       6
LIGHT RAIN               18     FREEZING RAIN              0
LT FREEZING RAIN          0     HAIL                       0
HEAVY SNOW                0     SNOW                       0
LIGHT SNOW                0     SLEET                      0
FOG                      14     FOG W/VIS <= 1/4 MILE      1
HAZE                      3

-  INDICATES NEGATIVE NUMBERS.
R  INDICATES RECORD WAS SET OR TIED.
MM INDICATES DATA IS MISSING.
T  INDICATES TRACE AMOUNT.

$$
