000
CXUS51 KRNK 011242
CLMBLF


CLIMATE REPORT
NATIONAL WEATHER SERVICE BLACKSBURG VA
838 AM EDT SAT JUL 1 2017

...................................

...THE BLUEFIELD WV CLIMATE SUMMARY FOR THE MONTH OF JUNE 2017...

CLIMATE NORMAL PERIOD 1981 TO 2010
CLIMATE RECORD PERIOD 1959 TO 2017

WEATHER         OBSERVED          NORMAL  DEPART  LAST YEAR`S
                 VALUE   DATE(S)  VALUE   FROM    VALUE
                                          NORMAL
.............................................................
TEMPERATURE (F)
RECORD
 HIGH              97   06/29/2012
 LOW               37   06/11/1972
HIGHEST            82   06/18                         85
                        06/15
LOWEST             47   06/07                         47
AVG. MAXIMUM     74.6              78.4    -3.8     77.4
AVG. MINIMUM     56.9              61.2    -4.3     59.3
MEAN             65.8              69.8    -4.0     68.3
DAYS MAX >= 90      0               0.3    -0.3        0
DAYS MAX <= 32      0               0.0     0.0        0
DAYS MIN <= 32      0               0.0     0.0        0
DAYS MIN <= 0       0               0.0     0.0        0

PRECIPITATION (INCHES)
RECORD
 MAXIMUM         9.34   1995
 MINIMUM         0.75   1999
TOTALS           4.16              4.14    0.02     3.40
DAILY AVG.       0.14              0.14    0.00     0.11
DAYS >= .01        11              13.5    -2.5       13
DAYS >= .10         6               8.1    -2.1        7
DAYS >= .50         4               2.9     1.1        1
DAYS >= 1.00        2               0.7     1.3        1
GREATEST
 24 HR. TOTAL    1.31                               1.41

SNOWFALL (INCHES)
TOTALS            0.0                                0.0
DAYS >= TRACE       0                                  0
DAYS >= 1.0         0                                  0
GREATEST
 24 HR TOTAL      0.0                                0.0

DEGREE_DAYS
HEATING TOTAL      45                22      23       16
COOLING TOTAL      75               166     -91      123
..............................................................

WIND (MPH)
AVERAGE WIND SPEED              5.6
HIGHEST WIND SPEED/DIRECTION    30/250    DATE  06/23
HIGHEST GUST SPEED/DIRECTION    38/300    DATE  06/23

SKY COVER
AVERAGE SKY COVER           0.40

AVERAGE RH (PERCENT)     70

WEATHER CONDITIONS. NUMBER OF DAYS WITH
THUNDERSTORM              7     MIXED PRECIP               0
HEAVY RAIN                5     RAIN                       5
LIGHT RAIN               13     FREEZING RAIN              0
LT FREEZING RAIN          0     HAIL                       0
HEAVY SNOW                0     SNOW                       0
LIGHT SNOW                0     SLEET                      0
FOG                      13     FOG W/VIS <= 1/4 MILE      3
HAZE                      0

-  INDICATES NEGATIVE NUMBERS.
R  INDICATES RECORD WAS SET OR TIED.
MM INDICATES DATA IS MISSING.
T  INDICATES TRACE AMOUNT.

$$
