210
CXUS56 KSEW 011031
CLMBLI


CLIMATE REPORT
NATIONAL WEATHER SERVICE SEATTLE WA
330 AM PDT FRI MAY 1 2015

...................................

...THE BELLINGHAM WA AIRPORT CLIMATE SUMMARY FOR THE MONTH OF APRIL 2015...

CLIMATE NORMAL PERIOD 1981 TO 2010
CLIMATE RECORD PERIOD 1949 TO 2015

WEATHER         OBSERVED          NORMAL  DEPART  LAST YEAR`S
                 VALUE   DATE(S)  VALUE   FROM    VALUE  DATE(S)
                                          NORMAL
................................................................
TEMPERATURE (F)
RECORD
 HIGH              78   04/16/1990
 LOW               24   04/20/1951
HIGHEST            69   04/27        MM      MM       75  04/30
                        04/20
LOWEST             33   04/05        MM      MM       35  04/14
AVG. MAXIMUM     58.0              56.8     1.2     58.5
AVG. MINIMUM     40.2              40.0     0.2     42.7
MEAN             49.1              48.4     0.7     50.6
DAYS MAX >= 90      0               0.0     0.0        0
DAYS MAX <= 32      0               0.0     0.0        0
DAYS MIN <= 32      0               2.1    -2.1        0
DAYS MIN <= 0       0               0.0     0.0        0

PRECIPITATION (INCHES)
RECORD
 MAXIMUM         6.09   1992
 MINIMUM         0.35   2004
TOTALS           1.23              2.69   -1.46     3.42
DAILY AVG.       0.04              0.09   -0.05     0.11
DAYS >= .01        13              14.9    -1.9       17
DAYS >= .10         7               7.7    -0.7        7
DAYS >= .50         0               1.3    -1.3        2
DAYS >= 1.00        0               0.1    -0.1        1
GREATEST
 24 HR. TOTAL    0.23   04/24 TO 04/24

DEGREE_DAYS
HEATING TOTAL     472               498     -26      422
COOLING TOTAL       0                 0       0        0
 SINCE 1/1          0                 0       0        0
.................................................................

WIND (MPH)
AVERAGE WIND SPEED              4.9
HIGHEST WIND SPEED/DIRECTION    26/160    DATE  04/10
HIGHEST GUST SPEED/DIRECTION    40/170    DATE  04/10

SKY COVER
POSSIBLE SUNSHINE (PERCENT)   MM
AVERAGE SKY COVER           0.40
NUMBER OF DAYS FAIR           13
NUMBER OF DAYS PC             16
NUMBER OF DAYS CLOUDY          1

AVERAGE RH (PERCENT)     70

WEATHER CONDITIONS. NUMBER OF DAYS WITH
THUNDERSTORM              0     MIXED PRECIP               0
HEAVY RAIN                1     RAIN                       2
LIGHT RAIN               17     FREEZING RAIN              0
LT FREEZING RAIN          0     HAIL                       0
HEAVY SNOW                0     SNOW                       0
LIGHT SNOW                0     SLEET                      0
FOG                      12     FOG W/VIS <= 1/4 MILE      0
HAZE                      0

-  INDICATES NEGATIVE NUMBERS.
R  INDICATES RECORD WAS SET OR TIED.
MM INDICATES DATA IS MISSING.
T  INDICATES TRACE AMOUNT.

$$
