396
CXUS54 KOHX 041731
CLMBNA


CLIMATE REPORT
NATIONAL WEATHER SERVICE NASHVILLE TN
1130 AM CST WED JAN 4 2017

...................................

...THE NASHVILLE CLIMATE SUMMARY FOR THE MONTH OF DECEMBER 2016...

CLIMATE NORMAL PERIOD 1981 TO 2010
CLIMATE RECORD PERIOD 1871 TO 2017

WEATHER         OBSERVED          NORMAL  DEPART  LAST YEAR`S
                 VALUE   DATE(S)  VALUE   FROM    VALUE
                                          NORMAL
.............................................................
TEMPERATURE (F)
RECORD
 HIGH              79   12/03/1982
 LOW              -10   12/22/1989
HIGHEST            76   12/25
LOWEST             17   12/20
AVG. MAXIMUM     52.1              49.5     2.6
AVG. MINIMUM     33.5              31.3     2.2
MEAN             42.8              40.4     2.4     53.1
DAYS MAX >= 90      0
DAYS MAX <= 32      2
DAYS MIN <= 32     14
DAYS MIN <= 0       0

PRECIPITATION (INCHES)
RECORD
 MAXIMUM        13.63   1978
 MINIMUM         0.91   1935
TOTALS           6.94              4.24    2.70
DAYS >= .01        14
DAYS >= .10        12
DAYS >= .50         5
DAYS >= 1.00        2
GREATEST
 24 HR. TOTAL    2.08   12/24 TO 12/24

SNOWFALL (INCHES)
TOTALS            0.3R              0.5    -0.2
SINCE 7/1         0.3                      -0.2
DAYS >= TRACE       2
DAYS >= 1.0         0

DEGREE_DAYS
HEATING TOTAL     683               763     -80
 SINCE 7/1       1037              1437    -400
COOLING TOTAL       4                 1       3
 SINCE 1/1       2248              1646     602
..............................................................

WIND (MPH)
AVERAGE WIND SPEED              8.4
HIGHEST GUST SPEED/DIRECTION    49/300    DATE  12/17

SKY COVER
POSSIBLE SUNSHINE (PERCENT)    0
AVERAGE SKY COVER           0.70
NUMBER OF DAYS FAIR            8
NUMBER OF DAYS PC              6
NUMBER OF DAYS CLOUDY         17

AVERAGE RH (PERCENT)     66

WEATHER CONDITIONS. NUMBER OF DAYS WITH
THUNDERSTORM              0     MIXED PRECIP               0
HEAVY RAIN                7     RAIN                       8
LIGHT RAIN               16     FREEZING RAIN              1
LT FREEZING RAIN          1     HAIL                       0
HEAVY SNOW                0     SNOW                       1
LIGHT SNOW                2     SLEET                      1
FOG                      18     FOG W/VIS <= 1/4 MILE      3
HAZE                      5

-  INDICATES NEGATIVE NUMBERS.
R  INDICATES RECORD WAS SET OR TIED.
MM INDICATES DATA IS MISSING.
T  INDICATES TRACE AMOUNT.

$$
