262
CXUS51 KBOX 011404
CLMBOS


CLIMATE REPORT
NATIONAL WEATHER SERVICE TAUNTON MA
958 AM EDT MON AUG 1 2016

...................................

...THE BOSTON MA CLIMATE SUMMARY FOR THE MONTH OF JULY 2016...

CLIMATE NORMAL PERIOD 1981 TO 2010
CLIMATE RECORD PERIOD 1872 TO 2016

WEATHER         OBSERVED          NORMAL  DEPART
                 VALUE   DATE(S)  VALUE   FROM
                                          NORMAL
................................................
TEMPERATURE (F)
RECORD
 HIGH             104   07/04/1911
 LOW               50   07/01/1988
                        07/06/1879
HIGHEST            98   07/22
LOWEST             59   07/11
                        07/10
                        07/09
AVG. MAXIMUM     84.7              81.4     3.3
AVG. MINIMUM     67.5              65.4     2.1
MEAN             76.1              73.4     2.7
DAYS MAX >= 90     12               4.3     7.7
DAYS MAX <= 32      0               0.0     0.0
DAYS MIN <= 32      0               0.0     0.0
DAYS MIN <= 0       0               0.0     0.0

PRECIPITATION (INCHES)
RECORD
 MAXIMUM        11.69   1921
 MINIMUM         0.52   1952
TOTALS           0.87              3.43   -2.56
DAILY AVG.       0.03              0.11   -0.08
DAYS >= .01         8               9.6    -1.6
DAYS >= .10         4               6.2    -2.2
DAYS >= .50         0               2.4    -2.4
DAYS >= 1.00        0               0.8    -0.8
GREATEST
 24 HR. TOTAL    0.23   07/05 TO 07/05

SNOWFALL (INCHES)
RECORDS
 TOTAL             MM   MM
 SNOW DEPTH        MM   MM
TOTALS            0.0               0.0     0.0
SINCE 7/1         0.0               0.0     0.0
SNOWDEPTH AVG.     MM
DAYS >= 1.0         0               0.0     0.0
GREATEST
 SNOW DEPTH        MM
 24 HR TOTAL      0.0   07/31 TO 07/31

DEGREE_DAYS
HEATING TOTAL       7                 6       1
 SINCE 7/1          7                 6       1
COOLING TOTAL     358               266      92
 SINCE 1/1        532               432     100
.................................................

WIND (MPH)
AVERAGE WIND SPEED              9.9
RESULTANT WIND SPEED/DIRECTION   3/241
HIGHEST WIND SPEED/DIRECTION    30/240    DATE  07/18
HIGHEST GUST SPEED/DIRECTION    44/330    DATE  07/23

SKY COVER
POSSIBLE SUNSHINE (PERCENT)   MM
AVERAGE SKY COVER           0.50
NUMBER OF DAYS FAIR            8
NUMBER OF DAYS PC             18
NUMBER OF DAYS CLOUDY          5

AVERAGE RH (PERCENT)     64

WEATHER CONDITIONS. NUMBER OF DAYS WITH
THUNDERSTORM              0     MIXED PRECIP               0
HEAVY RAIN                0     RAIN                       3
LIGHT RAIN               11     FREEZING RAIN              0
LT FREEZING RAIN          0     HAIL                       0
HEAVY SNOW                0     SNOW                       0
LIGHT SNOW                0     SLEET                      0
FOG                      10     FOG W/VIS <= 1/4 MILE      2
HAZE                      0

-  INDICATES NEGATIVE NUMBERS.
R  INDICATES RECORD WAS SET OR TIED.
MM INDICATES DATA IS MISSING.
T  INDICATES TRACE AMOUNT.

$$

LEC
