000
CXUS51 KBTV 011328
CLMBTV


CLIMATE REPORT
NATIONAL WEATHER SERVICE BURLINGTON VT
828 AM EST WED MAR 1 2017

...................................

...THE BURLINGTON VT CLIMATE SUMMARY FOR THE MONTH OF FEBRUARY 2017...

CLIMATE NORMAL PERIOD 1981 TO 2010
CLIMATE RECORD PERIOD 1884 TO 2017

WEATHER         OBSERVED          NORMAL  DEPART  LAST YEAR`S
                 VALUE   DATE(S)  VALUE   FROM    VALUE  DATE(S)
                                          NORMAL
................................................................
TEMPERATURE (F)
RECORD
 HIGH              72   02/25/2017
 LOW              -30   02/12/1979
HIGHEST            72R  02/25        28      44       55  02/16
LOWEST              6   02/10         9      -3      -13  02/14
AVG. MAXIMUM     37.8              30.6     7.2     36.0
AVG. MINIMUM     21.8              12.5     9.3     16.6
MEAN             29.8              21.5     8.3     26.3
DAYS MAX >= 90      0               0.0     0.0        0
DAYS MAX <= 32     12              15.6    -3.6       10
DAYS MIN <= 32     23              25.9    -2.9       27
DAYS MIN <= 0       0               5.0    -5.0        4

PRECIPITATION (INCHES)
RECORD
 MAXIMUM         5.38   1981
 MINIMUM         0.21   1978
TOTALS           2.67              1.76    0.91     3.14
DAILY AVG.       0.10              0.06    0.04     0.11
DAYS >= .01        15              11.2     3.8       13
DAYS >= .10         7               4.4     2.6        4
DAYS >= .50         1               0.9     0.1        3
DAYS >= 1.00        0               0.2    -0.2        1
GREATEST
 24 HR. TOTAL    0.89   02/25 TO 02/25           02/24 TO 02/25
                        02/24 TO 02/25                    02/25 TO 02/25
                        02/25 TO 02/25                    02/25 TO 02/25
 STORM TOTAL       MM                                 MM
 (MM/DD(HH))            MM                    02/25(00) TO 02/25(00)
                                                 02/25(00) TO 02/25(00)5
                                                 02/25(00) TO 02/25(00)5

SNOWFALL (INCHES)
RECORDS
 TOTAL           43.1   2011
TOTALS           30.6              16.4    14.2      8.6
SINCE 7/1        59.2              60.8    -1.6     29.0
SNOWDEPTH AVG.      5                 7      -2        1
DAYS >= 1.0         9               4.5     4.5        4
GREATEST
 SNOW DEPTH        16   02/17                          2  02/25
                                                          02/16
                                                          02/15
 24 HR TOTAL      7.6   MM                       02/25 TO 02/25
                                                          02/25 TO 02/25
                                                          02/25 TO 02/25

DEGREE_DAYS
HEATING TOTAL     976              1216    -240     1116
 SINCE 7/1       4378              5410   -1032     4384
COOLING TOTAL       0                 0       0        0
 SINCE 1/1          0                 0       0        0
......................................................

WIND (MPH)
AVERAGE WIND SPEED              8.7
HIGHEST WIND SPEED/DIRECTION    29/180    DATE  02/25
HIGHEST GUST SPEED/DIRECTION    41/180    DATE  02/08

SKY COVER
POSSIBLE SUNSHINE (PERCENT)   MM
AVERAGE SKY COVER           0.80
NUMBER OF DAYS FAIR            1
NUMBER OF DAYS PC             11
NUMBER OF DAYS CLOUDY         16

AVERAGE RH (PERCENT)     68

WEATHER CONDITIONS. NUMBER OF DAYS WITH
THUNDERSTORM              0     MIXED PRECIP               0
HEAVY RAIN                1     RAIN                       1
LIGHT RAIN                3     FREEZING RAIN              0
LT FREEZING RAIN          2     HAIL                       0
HEAVY SNOW                2     SNOW                       5
LIGHT SNOW               18     SLEET                      1
FOG                      16     FOG W/VIS <= 1/4 MILE      4
HAZE                      6

-  INDICATES NEGATIVE NUMBERS.
R  INDICATES RECORD WAS SET OR TIED.
MM INDICATES DATA IS MISSING.
T  INDICATES TRACE AMOUNT.

$$
