000
CXUS51 KLWX 011818
CLMBWI

CLIMATE REPORT
NATIONAL WEATHER SERVICE BALTIMORE MD/WASHINGTON DC
115 PM EST MON DEC 1 2014

...................................

...THE BALTIMORE MD CLIMATE SUMMARY FOR THE MONTH OF NOVEMBER 2014...

CLIMATE NORMAL PERIOD 1981 TO 2010
CLIMATE RECORD PERIOD 1870 TO 2014

WEATHER         OBSERVED          NORMAL  DEPART  LAST YEAR`S
                 VALUE   DATE(S)  VALUE   FROM    VALUE
                                          NORMAL
.............................................................
TEMPERATURE (F)
RECORD
 HIGH              86   11/01/1950
 LOW               12   11/30/1929
HIGHEST            72   11/24        75      -3
LOWEST             18   11/22        22      -4
AVG. MAXIMUM     52.9              56.4    -3.5     53.1
AVG. MINIMUM     33.8              36.5    -2.7     34.1
MEAN             43.4              46.5    -3.1
DAYS MAX >= 90      0               0.0     0.0
DAYS MAX <= 32      0               0.1    -0.1
DAYS MIN <= 32     11              10.3     0.7
DAYS MIN <= 0       0               0.0     0.0

PRECIPITATION (INCHES)
RECORD
 MAXIMUM         7.68   1952
 MINIMUM         0.31   1981
TOTALS           3.36              3.30    0.06     2.82
DAILY AVG.       0.11              0.11    0.00
DAYS >= .01         9               8.7     0.3
DAYS >= .10         5               5.7    -0.7
DAYS >= .50         3               2.5     0.5
DAYS >= 1.00        1               0.8     0.2
GREATEST
 24 HR. TOTAL    1.19   11/26 TO 11/26

SNOWFALL (INCHES)
RECORDS
 TOTAL            9.7   1898
TOTALS            0.3               0.4    -0.1
SINCE 7/1         0.3               0.4    -0.1
SNOWDEPTH AVG.      0
DAYS >= TRACE       3               0.3     2.7
DAYS >= 1.0         0               0.1    -0.1
GREATEST
 SNOW DEPTH         0   MM
 24 HR TOTAL      0.3

DEGREE_DAYS
HEATING TOTAL     640               557      83      636
 SINCE 7/1        892               904     -12      925
COOLING TOTAL       0                 1      -1        0
 SINCE 1/1       1084              1164     -80     1339
..............................................................

WIND (MPH)
AVERAGE WIND SPEED              6.4
HIGHEST WIND SPEED/DIRECTION    30/290    DATE  11/18
HIGHEST GUST SPEED/DIRECTION    41/280    DATE  11/18

SKY COVER
POSSIBLE SUNSHINE (PERCENT)   MM
AVERAGE SKY COVER           0.60
NUMBER OF DAYS FAIR            5
NUMBER OF DAYS PC             15
NUMBER OF DAYS CLOUDY         10

AVERAGE RH (PERCENT)     62

WEATHER CONDITIONS. NUMBER OF DAYS WITH
THUNDERSTORM              0     MIXED PRECIP               0
HEAVY RAIN                1     RAIN                       5
LIGHT RAIN               12     FREEZING RAIN              0
LT FREEZING RAIN          0     HAIL                       0
HEAVY SNOW                0     SNOW                       2
LIGHT SNOW                2     SLEET                      1
FOG                      13     FOG W/VIS <= 1/4 MILE      1
HAZE                      4

-  INDICATES NEGATIVE NUMBERS.
R  INDICATES RECORD WAS SET OR TIED.
MM INDICATES DATA IS MISSING.
T  INDICATES TRACE AMOUNT.

&&

BALTIMORE MD...BALTIMORE-WASHINGTON INTERNATIONAL AIRPORT...

THE MONTHLY AVERAGE TEMPERATURE IN BALTIMORE MD THIS NOVEMBER 2014
WAS BELOW NORMAL. PRECIPITATION WAS NEAR NORMAL.

THE AVERAGE MONTHLY TEMPERATURE TIES FOR THE 16TH COLDEST NOVEMBER
ON RECORD. THERE WERE 13 DAYS WITH HIGH TEMPERATURES BELOW 50
DEGREES. THIS IS THE MOST SINCE NOVEMBER OF 1996 WHEN THERE WERE 17
DAYS.

A RECORD DAILY LOW TEMPERATURES OF 19 DEGREES WAS SET ON THE
19TH...BREAKING THE OLD RECORD OF 20 SET IN 1936.

SNOWFALL WAS THE MOST OBSERVED IN THE MONTH OF NOVEMBER SINCE 2005
WHEN 0.5 INCHES FELL.

$$

DH/SMZ
