000
CXUS51 KLWX 050051
CLMBWI

CLIMATE REPORT
NATIONAL WEATHER SERVICE BALTIMORE MD/WASHINGTON DC
850 PM EDT SUN JUN 4 2017

...................................

...THE BALTIMORE MD CLIMATE SUMMARY FOR THE MONTH OF MAY 2017...

CLIMATE NORMAL PERIOD 1981 TO 2010
CLIMATE RECORD PERIOD 1870 TO 2017

WEATHER         OBSERVED          NORMAL  DEPART  LAST YEAR`S
                 VALUE   DATE(S)  VALUE   FROM    VALUE
                                          NORMAL
.............................................................
TEMPERATURE (F)
RECORD
 HIGH              98   05/30/2011
                        05/30/1991
                        05/19/1962
 LOW               32   05/11/1966
HIGHEST            93   05/17        90       3
LOWEST             36   05/09        39      -3
AVG. MAXIMUM     72.2              73.9    -1.7     70.1
AVG. MINIMUM     52.5              52.0     0.5     52.6
MEAN             62.3              62.9    -0.6
DAYS MAX >= 90      3               1.2     1.8
DAYS MAX <= 32      0               0.0     0.0
DAYS MIN <= 32      0               0.0     0.0
DAYS MIN <= 0       0               0.0     0.0

PRECIPITATION (INCHES)
RECORD
 MAXIMUM         8.71   1989
 MINIMUM         0.37   1986
TOTALS           5.64              3.99    1.65     5.24
DAILY AVG.       0.18              0.13    0.05
DAYS >= .01        16              11.4     4.6
DAYS >= .10        12               6.9     5.1
DAYS >= .50         4               2.8     1.2
DAYS >= 1.00        2               1.0     1.0
GREATEST
 24 HR. TOTAL    1.39   05/05 TO 05/05

DEGREE_DAYS
HEATING TOTAL     131               134      -3      175
 SINCE 7/1       3851              4749    -898     4000
COOLING TOTAL      59                70     -11       70
 SINCE 1/1        108                84      24       97
..............................................................

WIND (MPH)
AVERAGE WIND SPEED              8.0
HIGHEST WIND SPEED/DIRECTION    32/270    DATE  05/31
HIGHEST GUST SPEED/DIRECTION    43/260    DATE  05/31

SKY COVER
POSSIBLE SUNSHINE (PERCENT)   MM
AVERAGE SKY COVER           0.70
NUMBER OF DAYS FAIR            2
NUMBER OF DAYS PC             13
NUMBER OF DAYS CLOUDY         16

AVERAGE RH (PERCENT)     73

WEATHER CONDITIONS. NUMBER OF DAYS WITH
THUNDERSTORM              4     MIXED PRECIP               0
HEAVY RAIN                4     RAIN                       8
LIGHT RAIN               21     FREEZING RAIN              0
LT FREEZING RAIN          0     HAIL                       1
HEAVY SNOW                0     SNOW                       0
LIGHT SNOW                0     SLEET                      0
FOG                      18     FOG W/VIS <= 1/4 MILE      3
HAZE                      3

-  INDICATES NEGATIVE NUMBERS.
R  INDICATES RECORD WAS SET OR TIED.
MM INDICATES DATA IS MISSING.
T  INDICATES TRACE AMOUNT.

&&

BALTIMORE MD...BALTIMORE-WASHINGTON INTERNATIONAL THURGOOD
MARSHALL AIRPORT...

THE MONTHLY AVERAGE TEMPERATURE WAS SLIGHTLY BELOW NORMAL. MONTHLY
PRECIPITATION WAS ABOVE NORMAL.

THIS WAS THE FIRST COOLER THAN NORMAL MONTH SINCE MAY OF 2016,
BREAKING A STREAK OF 11 CONSECUTIVE NEAR TO WARMER THAN NORMAL
MONTHS.

THE TEMPERATURE REACHED OR EXCEEDED 90 DEGREES ON THE 17TH...18TH
AND 19TH. THIS WAS THE FIRST TIME SINCE THE 7TH...8TH AND 9TH IN
2000 THAT AT LEAST THREE CONSECUTIVE DAYS IN MAY REACHED OR EXCEEDED
90 DEGREES (ALTHOUGH IT DID HAPPEN IN APRIL IN 2009 ON THE
25TH...26TH AND 27TH).

A RECORD DAILY LOW TEMPERATURE OF 36 DEGREES WAS SET ON THE
9TH...TYING THE RECORD PREVIOUSLY SET IN 1966.

A RECORD DAILY HIGH TEMPERATURE OF 93 DEGREES WAS SET ON THE
17TH...TYING THE RECORD PREVIOUSLY SET IN 1896.

A RECORD DAILY WARM LOW TEMPERATURE OF 70 DEGREES WAS SET ON THE
18TH...BREAKING THE RECORD OF 68 PREVIOUSLY SET IN 1900 AND 1896.

CLIMATE RECORDS FOR THE BALTIMORE MD AREA HAVE BEEN KEPT AT
BALTIMORE-WASHINGTON INTERNATIONAL THURGOOD MARSHALL AIRPORT SINCE
1950. ADDITIONAL TEMPERATURE RECORDS OBSERVED DOWNTOWN EXTEND BACK
TO JULY OF 1872. PRECIPITATION RECORDS EXTEND BACK TO JANUARY OF
1871. SNOWFALL RECORDS BEGAN IN MARCH OF 1892.

ALL CLIMATE DATA ARE CONSIDERED PRELIMINARY UNTIL REVIEWED BY THE
NATIONAL CENTERS FOR ENVIRONMENTAL INFORMATION (NCEI).

$$

DH/BJL/HSK
