000
CXUS51 KLWX 102038
CLMBWI

CLIMATE REPORT
NATIONAL WEATHER SERVICE BALTIMORE MD/WASHINGTON DC
338 PM EDT MON NOV 10 2014

...................................

...THE BALTIMORE MD CLIMATE SUMMARY FOR THE MONTH OF OCTOBER 2014...

CLIMATE NORMAL PERIOD 1981 TO 2010
CLIMATE RECORD PERIOD 1870 TO 2014

WEATHER         OBSERVED          NORMAL  DEPART  LAST YEAR`S
                 VALUE   DATE(S)  VALUE   FROM    VALUE
                                          NORMAL
.............................................................
TEMPERATURE (F)
RECORD
 HIGH              97   10/05/1941
 LOW               25   10/24/1969
                        10/31/1966
HIGHEST            80   10/28        83      -3
LOWEST             35   10/20        32       3
AVG. MAXIMUM     67.7              66.8     0.9     68.6
AVG. MINIMUM     48.7              45.4     3.3     48.9
MEAN             58.2              56.1     2.1
DAYS MAX >= 90      0               0.1    -0.1
DAYS MAX <= 32      0               0.0     0.0
DAYS MIN <= 32      0               1.3    -1.3
DAYS MIN <= 0       0               0.0     0.0

PRECIPITATION (INCHES)
RECORD
 MAXIMUM         9.23   2005
 MINIMUM            T   1963
TOTALS           4.16              3.33    0.83     7.62
DAILY AVG.       0.13              0.11    0.02
DAYS >= .01         9               8.2     0.8
DAYS >= .10         6               5.0     1.0
DAYS >= .50         4               2.3     1.7
DAYS >= 1.00        1               0.9     0.1
GREATEST
 24 HR. TOTAL    1.67   10/21 TO 10/22

SNOWFALL (INCHES)
RECORDS
 TOTAL            2.5   1925
TOTALS            0.0               0.0     0.0
SINCE 7/1         0.0               0.0     0.0
SNOWDEPTH AVG.      0
DAYS >= TRACE       0               0.0     0.0
DAYS >= 1.0         0               0.0     0.0
GREATEST
 SNOW DEPTH         0   MM
 24 HR TOTAL      0.0

DEGREE_DAYS
HEATING TOTAL     215               294     -79      237
 SINCE 7/1        252               347     -95      289
COOLING TOTAL      12                18      -6       51
 SINCE 1/1       1084              1163     -79     1339
..............................................................

WIND (MPH)
AVERAGE WIND SPEED              5.9
HIGHEST WIND SPEED/DIRECTION    24/290    DATE  10/26
HIGHEST GUST SPEED/DIRECTION    33/290    DATE  10/18

SKY COVER
POSSIBLE SUNSHINE (PERCENT)   MM
AVERAGE SKY COVER           0.60
NUMBER OF DAYS FAIR            4
NUMBER OF DAYS PC             16
NUMBER OF DAYS CLOUDY         11

AVERAGE RH (PERCENT)     70

WEATHER CONDITIONS. NUMBER OF DAYS WITH
THUNDERSTORM              3     MIXED PRECIP               0
HEAVY RAIN                4     RAIN                       6
LIGHT RAIN               13     FREEZING RAIN              0
LT FREEZING RAIN          0     HAIL                       0
HEAVY SNOW                0     SNOW                       0
LIGHT SNOW                0     SLEET                      0
FOG                      16     FOG W/VIS <= 1/4 MILE      3
HAZE                      4

-  INDICATES NEGATIVE NUMBERS.
R  INDICATES RECORD WAS SET OR TIED.
MM INDICATES DATA IS MISSING.
T  INDICATES TRACE AMOUNT.

&&

BALTIMORE MD...BALTIMORE-WASHINGTON INTERNATIONAL AIRPORT...

THE MONTHLY AVERAGE TEMPERATURE IN BALTIMORE MD THIS OCTOBER 2014
WAS ABOVE NORMAL. PRECIPITATION WAS SLIGHTLY ABOVE NORMAL.

DESPITE THE ABOVE NORMAL TEMPERATURES OVERALL...THERE WAS ONLY 1 DAY
LAST MONTH WHERE THE TEMPERATURE REACHED OR EXCEEDED 80 DEGREES.
THIS IS THE FEWEST 80 DEGREES DAYS IN THE MONTH OF OCTOBER SINCE
2009.

$$
