000
CXUS55 KABQ 012006
CLMCAO


CLIMATE REPORT
NATIONAL WEATHER SERVICE ALBUQUERQUE NM
205 PM MDT FRI JUL 1 2016

...................................

...THE CLAYTON  NM CLIMATE SUMMARY FOR THE MONTH OF JUNE 2016...

CLIMATE NORMAL PERIOD 1981 TO 2010
CLIMATE RECORD PERIOD 1896 TO 2016

WEATHER         OBSERVED          NORMAL  DEPART  LAST YEAR`S
                 VALUE   DATE(S)  VALUE   FROM    VALUE  DATE(S)
                                          NORMAL
................................................................
TEMPERATURE (F)
RECORD
 HIGH             105   06/27/1924
 LOW               31   06/02/1919
HIGHEST            99   06/17        MM      MM       97  06/22
LOWEST             50   06/05        MM      MM       55  06/15
                        06/02
AVG. MAXIMUM     88.3              84.6     3.7     86.2
AVG. MINIMUM     58.1              56.1     2.0     59.4
MEAN             73.2              70.4     2.8     72.8
DAYS MAX >= 90     13               8.4     4.6        7
DAYS MAX <= 32      0               0.0     0.0        0
DAYS MIN <= 32      0               0.0     0.0        0
DAYS MIN <= 0       0               0.0     0.0        0

PRECIPITATION (INCHES)
RECORD
 MAXIMUM           MM   MM
 MINIMUM           MM   MM
TOTALS           4.01              2.13    1.88     1.56
DAILY AVG.       0.13              0.07    0.06     0.05
DAYS >= .01        10               7.7     2.3        8
DAYS >= .10         5               4.7     0.3        3
DAYS >= .50         2               1.3     0.7        1
DAYS >= 1.00        1               0.4     0.6        0
GREATEST
 24 HR. TOTAL    1.91   06/01 TO 06/01              0.80
                        05/31 TO 06/01
                        06/01 TO 06/01

SNOWFALL (INCHES)
RECORDS
 TOTAL             MM   MM
TOTALS            0.0               0.0     0.0      0.0
SINCE 7/1        25.5              28.0    -2.5     26.1
SNOWDEPTH AVG.      0                MM      MM        0
DAYS >= 1.0         0               0.0     0.0        0
GREATEST
 SNOW DEPTH         0   MM                             0  MM
 24 HR TOTAL      0.0   06/30 TO 06/30               0.0

DEGREE_DAYS
HEATING TOTAL       7                23     -16        2
 SINCE 7/1       4315              4884    -569     4470
COOLING TOTAL     261               183      78      245
 SINCE 1/1        280               234      46      250
.................................................................

WIND (MPH)
AVERAGE WIND SPEED              10.6
HIGHEST WIND SPEED/DIRECTION    44/270    DATE  06/08
HIGHEST GUST SPEED/DIRECTION    55/260    DATE  06/08

SKY COVER
AVERAGE SKY COVER           0.10

AVERAGE RH (PERCENT)     58

WEATHER CONDITIONS. NUMBER OF DAYS WITH
THUNDERSTORM              0     MIXED PRECIP               0
HEAVY RAIN                5     RAIN                       3
LIGHT RAIN               12     FREEZING RAIN              0
LT FREEZING RAIN          0     HAIL                       0
HEAVY SNOW                0     SNOW                       0
LIGHT SNOW                0     SLEET                      0
FOG                       7     FOG W/VIS <= 1/4 MILE      0
HAZE                      2

-  INDICATES NEGATIVE NUMBERS.
R  INDICATES RECORD WAS SET OR TIED.
MM INDICATES DATA IS MISSING.
T  INDICATES TRACE AMOUNT.

$$
