000
CXUS51 KCAR 012157
CLMCAR

CLIMATE REPORT
NATIONAL WEATHER SERVICE CARIBOU, ME
409 PM EDT MON JUN 1 2015

...................................

...THE CARIBOU ME CLIMATE SUMMARY FOR THE MONTH OF MAY 2015...

CLIMATE NORMAL PERIOD 1981 TO 2010
CLIMATE RECORD PERIOD 1939 TO 2015

WEATHER         OBSERVED          NORMAL  DEPART  LAST YEAR`S
                 VALUE   DATE(S)  VALUE   FROM    VALUE  DATE(S)
                                          NORMAL
................................................................
TEMPERATURE (F)
RECORD
 HIGH              96   05/22/1977
 LOW               18   05/02/1974
HIGHEST            86   05/27        MM      MM       78  05/16
LOWEST             33   05/23        MM      MM       29  05/09
                        05/02
AVG. MAXIMUM     67.4              62.5     4.9     61.8
AVG. MINIMUM     44.0              40.5     3.5     42.7
MEAN             55.7              51.5     4.2     52.3
DAYS MAX >= 90      0               0.1    -0.1        0
DAYS MAX <= 32      0               0.0     0.0        0
DAYS MIN <= 32      0               3.5    -3.5        2
DAYS MIN <= 0       0               0.0     0.0        0

PRECIPITATION (INCHES)
RECORD
 MAXIMUM         6.27   1947
 MINIMUM         0.47   1982
TOTALS           2.75                     -0.58
DAILY AVG.       0.09              0.11   -0.02     0.10
DAYS >= .01        17              14.0     3.0       18
DAYS >= .10         9               8.4     0.6        9
DAYS >= .50         0               2.1    -2.1        1
DAYS >= 1.00        0               0.4    -0.4        0
GREATEST
 24 HR. TOTAL    0.44   05/30 TO 05/31           05/18 TO 05/19
                                                          05/31 TO 05/31
                                                          05/31 TO 05/31

SNOWFALL (INCHES)
RECORDS
 TOTAL           10.9   1967
TOTALS            0.3               0.5    -0.2      0.0
SINCE 7/1       142.1             108.7    33.4    150.7
SNOWDEPTH AVG.      0                MM      MM        0
DAYS >= 1.0         0               0.1    -0.1        0
GREATEST
 SNOW DEPTH         T   05/23                          0  MM
 24 HR TOTAL      0.3   MM                       05/31 TO 05/31
                                                          05/31 TO 05/31
                                                          05/31 TO 05/31

DEGREE_DAYS
HEATING TOTAL     302               423    -121      390
 SINCE 7/1       9290              9189     101     9412
COOLING TOTAL      21                 5      16        3
 SINCE 1/1         21                 5      16        3
..................................................

WIND (MPH)
AVERAGE WIND SPEED              8.4
HIGHEST WIND SPEED/DIRECTION    31/250    DATE  05/04
HIGHEST GUST SPEED/DIRECTION    42/240    DATE  05/04

SKY COVER
POSSIBLE SUNSHINE (PERCENT)   MM
AVERAGE SKY COVER           0.50
NUMBER OF DAYS FAIR           11
NUMBER OF DAYS PC             15
NUMBER OF DAYS CLOUDY          5

AVERAGE RH (PERCENT)     61

WEATHER CONDITIONS. NUMBER OF DAYS WITH
THUNDERSTORM              0     MIXED PRECIP               0
HEAVY RAIN                3     RAIN                       8
LIGHT RAIN               18     FREEZING RAIN              0
LT FREEZING RAIN          0     HAIL                       0
HEAVY SNOW                0     SNOW                       1
LIGHT SNOW                1     SLEET                      1
FOG                      14     FOG W/VIS <= 1/4 MILE      0
HAZE                      1

-  INDICATES NEGATIVE NUMBERS.
R  INDICATES RECORD WAS SET OR TIED.
MM INDICATES DATA IS MISSING.
T  INDICATES TRACE AMOUNT.
--------------------------------------------------------------------------------------

...NORTHERN AND EASTERN MAINE MONTHLY AREA CLIMATE NARRATIVE...

MAY 2015 FEATURED WELL ABOVE NORMAL TEMPERATURES AND IN MOST
LOCATIONS BELOW NORMAL PRECIPITATION. TEMPERATURES AVERAGED FROM 2.5
TO 4.5 DEGREES ABOVE NORMAL. IT WAS THE FIRST MONTH SINCE DECEMBER
OF 2014 WITH ABOVE NORMAL TEMPERATURES. PRECIPITATION RANGED FROM 40
TO 75 PERCENT OF NORMAL IN MOST AREAS.  A FEW SPOTS HAD NEAR TO
SLIGHTLY ABOVE NORMAL PRECIPITATION ACROSS EAST-CENTRAL MAINE. PARTS
OF THE DOWNEAST REGION HAD ONLY 25 TO 40 PERCENT OF NORMAL
PRECIPITATION.

AT CARIBOU...THE AVERAGE TEMPERATURE OF 55.7 DEGREES WAS 4.2 DEGREES
ABOVE THE 1981-2010 NORMALS. IT WAS THE WARMEST MAY SINCE 2001 AND
RANKED AS THE 6TH WARMEST MAY ON RECORD.  THERE WERE ONLY 5 DAYS
DURING THE ENTIRE MONTH WHEN THE AVERAGE DAILY TEMPERATURE WAS BELOW
NORMAL.  ONE RECORD WARM LOW TEMPERATURE WAS TIED ON THE 27TH WHEN
THE LOW TEMPERATURE WAS 61 DEGREES.  THIS TIED THE RECORD THAT WAS
LAST SET IN 1944. A LOW TEMPERATURE OF 60 DEGREE OR WARMER DURING
THE MONTH OF MAY OCCURS ON AVERAGE OF ABOUT ONCE EVERY TEN YEARS.
THIS PAST MAY WAS THE FIRST TIME THE TEMPERATURE DID NOT DROP TO 32
OR LOWER DURING THE MONTH OF MAY SINCE 1998...AND WAS ONLY THE 3RD
TIME ON RECORD THAT THE TEMPERATURE DID NOT DROP TO THE FREEZING
MARK DURING THE MONTH OF MAY. ON AVERAGE...THE LAST FREEZING
TEMPERATURE AT CARIBOU IS OBSERVED ON MAY 15TH.

AT BANGOR...THE AVERAGE TEMPERATURE OF 57.4 DEGREES WAS 3.7 DEGREES
ABOVE AVERAGE. IT WAS THE WARMEST MAY SINCE 2010...AND RANKED AS THE
12TH WARMEST MAY ON RECORD. THERE WERE 12 DAYS WITH AN AVERAGE
TEMPERATURE THAT WAS BELOW NORMAL. ON THE 28TH THE LOW TEMPERATURE
OF 60 DEGREES TIED WITH 1959 FOR THE WARMEST LOW TEMPERATURE ON THAT
DATE.  IT WAS THE FIRST TIME SINCE 1991 WITH A LOW TEMPERATURE OF 60
DEGREES OR WARMER DURING THE MONTH OF MAY. ON AVERAGE A LOW
TEMPERATURE OF 60 DEGREES OR WARMER DURING THE MONTH OF MAY IS
OBSERVED ABOUT ONCE EVERY 6 YEARS. THE LAST FREEZING TEMPERATURE OF
THE SEASON WAS OBSERVED ON MAY 2ND WHEN THE LOW WAS 29 DEGREES. ON
AVERAGE THE LAST FREEZING TEMPERATURE OF THE SEASON IS OBSERVED
DURING THE FIRST WEEK OF MAY AT BANGOR.

A TOTAL OF 2.75 INCHES OF RAIN (AND MELTED SNOW) WAS OBSERVED AT
CARIBOU...WHICH WAS 58 HUNDREDTHS (0.58") OF AN INCH BELOW NORMAL.
IT WAS THE DRIEST MAY SINCE 2010. A TOTAL OF 3 TENTHS OF AN INCH
(0.3") OF SNOW WAS OBSERVED. THIS WAS THE FIRST TIME THERE WAS
MEASURABLE SNOWFALL IN MAY SINCE 2007. ON AVERAGE MEASURABLE
SNOWFALL IS OBSERVED AT CARIBOU ONCE EVERY THREE YEARS.

AT BANGOR...A TOTAL OF 2.32 INCHES OF RAIN WAS OBSERVED...WHICH WAS
1.32 INCHES BELOW NORMAL.  IT WAS THE DRIEST MAY SINCE 2010.  NO
SNOW WAS OBSERVED THIS PAST MAY...WHICH IS NOT UNUSUAL FOR BANGOR
WHERE MEASURABLE SNOWFALL IN MAY OCCURS ON AVERAGE OF ABOUT ONCE
EVERY 15 YEARS.

ON THE MORNING OF THE 23RD A TOTAL OF 0.3 INCHES OF SNOW WAS
OBSERVED AT CARIBOU.  THIS WAS THE 2ND LATEST MEASURABLE SNOWFALL ON
RECORD.  IT WAS ALSO THE GREATEST SNOWFALL OBSERVED SO LATE IN THE
SEASON. THE GREATEST SNOWFALL TOTAL WAS OBSERVED 2 MILES NORTH OF
PORTAGE WITH A TOTAL OF 5.2 INCHES OF SNOW.  DURING THE LAST SEVERAL
DAYS OF THE MONTH SEVERE THUNDERSTORMS WERE OBSERVED ACROSS PARTS OF
NORTHERN AND EASTERN MAINE ON THE 27TH AND 28TH.

THE OUTLOOK FROM THE CLIMATE PREDICATION CENTER
HTTP://WWW.CPC.NCEP.NOAA.GOV/ FOR JUNE INDICATES AN INCREASED
LIKELIHOOD OF BOTH ABOVE NORMAL TEMPERATURES AND ABOVE NORMAL
PRECIPITATION. AVERAGE TEMPERATURES CONTINUE TO RISE...BUT NOT AS
RAPIDLY AS DURING THE EARLY SPRING.  THE AVERAGE HIGH AT CARIBOU
RISES FROM 68 ON THE 1ST TO 75 BY MONTHS END.  THE AVERAGE LOW RISES
FROM 45 ON THE 1ST TO 54 BY THE 30TH.  AT BANGOR THE AVERAGE HIGH
CLIMBS FROM 70 AT THE START OF THE MONTH TO 78 BY THE END OF THE
MONTH. THE AVERAGE LOW RISES FROM 48 TO 56 DEGREES.

$$

CB/VJN
