000
CXUS54 KMRX 021448
CLMCHA


CLIMATE REPORT
NATIONAL WEATHER SERVICE MORRISTOWN TN
1048 AM EDT SAT APR 2 2016

...................................

...THE CHATTANOOGA  ASOS CLIMATE SUMMARY FOR THE MONTH OF MARCH 2016...

CLIMATE NORMAL PERIOD 1981 TO 2010
CLIMATE RECORD PERIOD 1879 TO 2016

WEATHER         OBSERVED          NORMAL  DEPART
                 VALUE   DATE(S)  VALUE   FROM
                                          NORMAL
................................................
TEMPERATURE (F)
HIGHEST            85   03/15
LOWEST             31   03/05
AVG. MAXIMUM     68.5              63.7     4.8
AVG. MINIMUM     45.9              40.7     5.2
MEAN             57.2              52.2     5.0
DAYS MAX >= 90      0
DAYS MAX <= 32      0
DAYS MIN <= 32      1
DAYS MIN <= 0       0

PRECIPITATION (INCHES)
RECORD
 MAXIMUM        16.32   1980
 MINIMUM         0.93   1910
TOTALS           3.64              4.98   -1.34
DAYS >= .01         8
DAYS >= .10         8
DAYS >= .50         3
DAYS >= 1.00        1
GREATEST
 24 HR. TOTAL    1.12   03/31 TO 03/31

SNOWFALL (INCHES)
TOTALS              T               1.2    -1.2
SINCE 7/1         0.5
SNOWDEPTH AVG.      0
DAYS >= TRACE       1
GREATEST
 SNOW DEPTH         0   MM

DEGREE_DAYS
HEATING TOTAL     245               404    -159
 SINCE 7/1       2330              3026    -696
COOLING TOTAL      12                 7       5
 SINCE 1/1         12                 7       5
.................................................



-  INDICATES NEGATIVE NUMBERS.
R  INDICATES RECORD WAS SET OR TIED.
MM INDICATES DATA IS MISSING.
T  INDICATES TRACE AMOUNT.

$$
