000
CXUS52 KCHS 011310
CLMCHS

CLIMATE REPORT
NATIONAL WEATHER SERVICE CHARLESTON SC
904 AM EDT SAT OCT 1 2016

...................................

...THE NORTH CHARLESTON SC CLIMATE SUMMARY FOR THE MONTH OF
SEPTEMBER 2016...

CLIMATE NORMAL PERIOD 1981 TO 2010
CLIMATE RECORD PERIOD 1938 TO 2016

WEATHER         OBSERVED          NORMAL  DEPART  LAST YEAR`S
                 VALUE   DATE(S)  VALUE   FROM    VALUE  DATE(S)
                                          NORMAL
................................................................
TEMPERATURE (F)
RECORD
 HIGH              99   09/05/1944
                        09/04/1944
 LOW               42   09/30/1967
HIGHEST            94   09/11                         94  09/04
LOWEST             64   09/06                         57  09/15
AVG. MAXIMUM     88.3              84.8     3.5     85.2
AVG. MINIMUM     71.2              67.2     4.0     69.9
MEAN             79.8              76.0     3.8     77.6
DAYS MAX >= 90     12               4.5     7.5        6
DAYS MAX <= 32      0               0.0     0.0        0
DAYS MIN <= 32      0               0.0     0.0        0
DAYS MIN <= 0       0               0.0     0.0        0

PRECIPITATION (INCHES)
RECORD
 MAXIMUM        17.31   1945
 MINIMUM         0.18   1990
TOTALS          12.27              6.10    6.17     2.69
DAYS >= .01        14              10.0     4.0        8
DAYS >= .10        10               6.8     3.2        6
DAYS >= .50         6               3.5     2.5        3
DAYS >= 1.00        4               2.0     2.0        0
GREATEST
 24 HR. TOTAL    3.67   09/14

SNOWFALL (INCHES)
TOTALS            0.0               0.0     0.0
SINCE 7/1         0.0               0.0     0.0

DEGREE_DAYS
HEATING TOTAL       0                 3      -3        0
 SINCE 7/1          0                 3      -3        0
COOLING TOTAL     451               333     118      384
 SINCE 1/1       2726              2138     588     2431
.................................................................

WIND (MPH)
AVERAGE WIND SPEED              7.1
HIGHEST WIND SPEED/DIRECTION    41/320
HIGHEST GUST SPEED/DIRECTION    53/320


WEATHER CONDITIONS. NUMBER OF DAYS WITH
THUNDERSTORM              9     MIXED PRECIP               0
HEAVY RAIN               11     RAIN                       7
LIGHT RAIN               17     FREEZING RAIN              0
LT FREEZING RAIN          0     HAIL                       0
HEAVY SNOW                0     SNOW                       0
LIGHT SNOW                0     SLEET                      0
FOG                      17     FOG W/VIS <= 1/4 MILE      2
HAZE                      4

-  INDICATES NEGATIVE NUMBERS.
R  INDICATES RECORD WAS SET OR TIED.
MM INDICATES DATA IS MISSING.
T  INDICATES TRACE AMOUNT.

&&

RECORDS ESTABLISHED AT THE CHARLESTON INTERNATIONAL AIRPORT DURING
THE MONTH:

*WARMEST SEPTEMBER ON RECORD
*SEP  2 - RECORD PRECIPITATION OF 2.32 INCHES
*SEP 19 - RECORD PRECIPITATION OF 1.92 INCHES
*SEP 19 - RECORD HIGH MINIMUM TEMPERATURE OF 74 DEGREES
*SEP 23 - RECORD HIGH MINIMUM TEMPERATURE OF 74 DEGREES

$$
