000
CXUS52 KCHS 011440
CLMCHS

CLIMATE REPORT
NATIONAL WEATHER SERVICE CHARLESTON SC
924 AM EST MON DEC 1 2014

...................................

...THE NORTH CHARLESTON SC CLIMATE SUMMARY FOR THE MONTH OF NOVEMBER 2014...

CLIMATE NORMAL PERIOD 1981 TO 2010
CLIMATE RECORD PERIOD 1938 TO 2014

WEATHER         OBSERVED          NORMAL  DEPART  LAST YEAR`S
                 VALUE   DATE(S)  VALUE   FROM    VALUE  DATE(S)
                                          NORMAL
................................................................
TEMPERATURE (F)
RECORD
 HIGH              88   11/01/1961
 LOW               15   11/25/1950
HIGHEST            80   11/06                         85  11/18
LOWEST             23   11/19                         29  11/28
                                                          11/14
AVG. MAXIMUM     66.1              69.8    -3.7     68.2
AVG. MINIMUM     43.4              47.5    -4.1     46.0
MEAN             54.8              58.6    -3.8     57.1
DAYS MAX >= 90      0               0.0     0.0        0
DAYS MAX <= 32      0               0.0     0.0        0
DAYS MIN <= 32      4               1.3     2.7        4
DAYS MIN <= 0       0               0.0     0.0        0

PRECIPITATION (INCHES)
RECORD
 MAXIMUM         7.35   1972
 MINIMUM         0.03   2007
TOTALS           4.66              2.43    2.23     3.52
DAYS >= .01         7               7.0     0.0        7
DAYS >= .10         6               4.3     1.7        4
DAYS >= .50         3               1.5     1.5        2
DAYS >= 1.00        2               0.7     1.3        1
GREATEST
 24 HR. TOTAL    2.00   11/23

SNOWFALL (INCHES)
RECORDS
 TOTAL            0.0
TOTALS            0.0               0.0     0.0
SINCE 7/1         0.0               0.0     0.0

DEGREE_DAYS
HEATING TOTAL     316               223      93      263
 SINCE 7/1        338               292      46      305
COOLING TOTAL      18                33     -15       34
 SINCE 1/1       2769              2297     472     2429
.................................................................

WIND (MPH)
AVERAGE WIND SPEED              7.0
HIGHEST WIND SPEED/DIRECTION    31/210
HIGHEST GUST SPEED/DIRECTION    40/220


WEATHER CONDITIONS. NUMBER OF DAYS WITH
THUNDERSTORM              2     MIXED PRECIP               0
HEAVY RAIN                2     RAIN                       6
LIGHT RAIN               10     FREEZING RAIN              0
LT FREEZING RAIN          0     HAIL                       0
HEAVY SNOW                0     SNOW                       0
LIGHT SNOW                0     SLEET                      0
FOG                      10     FOG W/VIS <= 1/4 MILE      2
HAZE                      1

-  INDICATES NEGATIVE NUMBERS.
R  INDICATES RECORD WAS SET OR TIED.
MM INDICATES DATA IS MISSING.
T  INDICATES TRACE AMOUNT.

&&

RECORDS ESTABLISHED DURING THE MONTH:

*NOV 1  - RECORD LOW MAXIMUM TEMPERATURE OF 55 DEGREES
*NOV 2  - RECORD LOW MAXIMUM TEMPERATURE OF 58 DEGREES
*NOV 19 - RECORD LOW TEMPERATURE OF 23 DEGREES
*NOV 23 - RECORD RAINFALL OF 2.00 INCHES
*NOV 24 - RECORD HIGH MINIMUM TEMPERATURE OF 64 DEGREES

$$
