000
CXUS52 KGSP 011402
CLMCLT

CLIMATE REPORT
NATIONAL WEATHER SERVICE GREENVILLE-SPARTANBURG SC
958 AM EDT SUN MAY 1 2016

...................................

...THE CHARLOTTE CLIMATE SUMMARY FOR THE MONTH OF APRIL 2016...

CLIMATE NORMAL PERIOD 1981 TO 2010
CLIMATE RECORD PERIOD 1878 TO 2016

WEATHER         OBSERVED          NORMAL  DEPART  LAST YEAR`S
                 VALUE   DATE(S)  VALUE   FROM    VALUE  DATE(S)
                                          NORMAL
................................................................
TEMPERATURE (F)
RECORD
 HIGH              96   04/24/1925
 LOW               21   04/08/2007
HIGHEST            88   04/19        MM      MM       88  04/09
LOWEST             34   04/10        MM      MM       36  04/05
                        04/06
AVG. MAXIMUM     73.5              71.9     1.6     72.4
AVG. MINIMUM     50.0              46.9     3.1     51.7
MEAN             61.8              59.4     2.4     62.1
DAYS MAX >= 90      0               0.1    -0.1        0
DAYS MAX <= 32      0               0.0     0.0        0
DAYS MIN <= 32      0               1.1    -1.1        0
DAYS MIN <= 0       0               0.0     0.0        0

PRECIPITATION (INCHES)
RECORD
 MAXIMUM         9.01   1936
 MINIMUM         0.30   1976
TOTALS           2.03              3.04   -1.01     6.14
DAILY AVG.       0.07              0.10   -0.03     0.20
DAYS >= .01         7               8.8    -1.8       10
DAYS >= .10         5               5.8    -0.8        7
DAYS >= .50         1               2.3    -1.3        2
DAYS >= 1.00        0               0.6    -0.6        2
GREATEST
 24 HR. TOTAL    0.78   04/30 TO 04/30

 STORM TOTAL       MM                                 MM
 (MM/DD(HH))            MM                    04/19(00) TO 04/19(00)
                                                 04/19(00) TO 04/19(00)9
                                                 04/19(00) TO 04/19(00)9

SNOWFALL (INCHES)
RECORDS
 TOTAL            3.5   1880
 24 HR TOTAL      3.5   04/09/1880 TO 04/09/1880
 SNOW DEPTH        MM   MM
TOTALS            0.0                 T     0.0      0.0
 LIQUID EQUIV    0.00                MM      MM     0.00
SINCE 7/1         3.3               4.3    -1.0      3.1
 LIQUID 7/1      0.33                MM      MM     0.31
SNOWDEPTH AVG.      0                MM      MM        0
DAYS >= TRACE       0               0.0     0.0        0
DAYS >= 1.0         0               0.0     0.0        0
GREATEST
 SNOW DEPTH         0   MM                             0  MM
 24 HR TOTAL      0.0   04/30 TO 04/30           04/19 TO 04/19
                                                          04/19 TO 04/19
                                                          04/19 TO 04/19
 STORM TOTAL       MM                                 MM
 (MM/DD(HH))            MM                    04/19(00) TO 04/19(00)
                                                 04/19(00) TO 04/19(00)9
                                                 04/19(00) TO 04/19(00)9

DEGREE_DAYS
HEATING TOTAL     152               200     -48      137
 SINCE 7/1       2525              3332    -807     3244
COOLING TOTAL      61                32      29       55
 SINCE 1/1         98                37      61       62

FREEZE DATES
RECORD
 EARLIEST     MM
 LATEST       MM
EARLIEST                        MM
LATEST                          MM
..........................................................

WIND (MPH)
AVERAGE WIND SPEED              7.7
HIGHEST WIND SPEED/DIRECTION    29/170    DATE  04/07
HIGHEST GUST SPEED/DIRECTION    37/280    DATE  04/09

SKY COVER
POSSIBLE SUNSHINE (PERCENT)   MM
AVERAGE SKY COVER           0.50
NUMBER OF DAYS FAIR            9
NUMBER OF DAYS PC             12
NUMBER OF DAYS CLOUDY          9

AVERAGE RH (PERCENT)     55

WEATHER CONDITIONS. NUMBER OF DAYS WITH
THUNDERSTORM              3     MIXED PRECIP               0
HEAVY RAIN                4     RAIN                       4
LIGHT RAIN                9     FREEZING RAIN              0
LT FREEZING RAIN          0     HAIL                       0
HEAVY SNOW                0     SNOW                       0
LIGHT SNOW                0     SLEET                      0
FOG                       6     FOG W/VIS <= 1/4 MILE      0
HAZE                      1

-  INDICATES NEGATIVE NUMBERS.
R  INDICATES RECORD WAS SET OR TIED.
MM INDICATES DATA IS MISSING.
T  INDICATES TRACE AMOUNT.

$$
