000
CXUS52 KGSP 111556 CCA
CLMCLT

CLIMATE REPORT...corrected lowest temp and mean
NATIONAL WEATHER SERVICE GREENVILLE-SPARTANBURG SC
201 PM EDT FRI JUL 1 2016

...................................

...THE CHARLOTTE CLIMATE SUMMARY FOR THE MONTH OF JUNE 2016...

CLIMATE NORMAL PERIOD 1981 TO 2010
CLIMATE RECORD PERIOD 1878 TO 2016

WEATHER         OBSERVED          NORMAL  DEPART  LAST YEAR`S
                 VALUE   DATE(S)  VALUE   FROM    VALUE  DATE(S)
                                          NORMAL
................................................................
TEMPERATURE (F)
RECORD
 HIGH             104   06/30/2012
                        06/29/2012
 LOW               45   06/07/2000
                        06/12/1972
                        06/01/1889
HIGHEST            96   06/23        MM      MM      100  06/26
                                                          06/24
                                                          06/23
LOWEST             55   06/08        MM      MM       59  06/29
                                                          06/05
AVG. MAXIMUM     89.2              86.0     3.2     91.8
AVG. MINIMUM     67.6              64.5     3.1     68.3
MEAN             78.4              75.3     3.1     80.1
DAYS MAX >= 90     14               7.6     6.4       20
DAYS MAX <= 32      0               0.0     0.0        0
DAYS MIN <= 32      0               0.0     0.0        0
DAYS MIN <= 0       0               0.0     0.0        0

PRECIPITATION (INCHES)
RECORD
 MAXIMUM        11.04   1886
 MINIMUM         0.15   1993
TOTALS           2.82              3.74   -0.92     2.90
DAILY AVG.       0.09              0.12   -0.03     0.10
DAYS >= .01         9              10.2    -1.2        7
DAYS >= .10         5               6.2    -1.2        5
DAYS >= .50         3               2.7     0.3        3
DAYS >= 1.00        0               1.1    -1.1        1
GREATEST
 24 HR. TOTAL    0.99   06/29 TO 06/30           06/26 TO 06/27
                                                          06/30 TO 06/30
                                                          06/30 TO 06/30
 STORM TOTAL       MM                                 MM
 (MM/DD(HH))            MM                    06/27(00) TO 06/27(00)
                                                 06/30(00) TO 06/30(00)0
                                                 06/30(00) TO 06/30(00)0

SNOWFALL (INCHES)
RECORDS
 TOTAL             MM   MM
 24 HR TOTAL       MM
 SNOW DEPTH        MM   MM
TOTALS            0.0               0.0     0.0      0.0
 LIQUID EQUIV    0.00              0.00    0.00     0.00
SINCE 7/1         3.3               4.3    -1.0      3.1
 LIQUID 7/1      0.33                MM      MM     0.31
SNOWDEPTH AVG.      0                MM      MM        0
DAYS >= TRACE       0               0.0     0.0        0
DAYS >= 1.0         0               0.0     0.0        0
GREATEST
 SNOW DEPTH         0   MM                             0  MM
 24 HR TOTAL      0.0   06/30 TO 06/30           06/30 TO 06/30
                                                          06/30 TO 06/30
                                                          06/30 TO 06/30
 STORM TOTAL       MM                                 MM
 (MM/DD(HH))            MM                    06/30(00) TO 06/30(00)
                                                 06/30(00) TO 06/30(00)0
                                                 06/30(00) TO 06/30(00)0

DEGREE_DAYS
HEATING TOTAL       0                 3      -3        0
 SINCE 7/1       2568              3388    -820     3254
COOLING TOTAL     410               311      99      409
 SINCE 1/1        660               474     186      752

FREEZE DATES
RECORD
 EARLIEST     MM
 LATEST       MM
EARLIEST      11/15             MM
LATEST        03/03             MM
.................................................

WIND (MPH)
AVERAGE WIND SPEED              6.6
HIGHEST WIND SPEED/DIRECTION    24/200    DATE  06/15
HIGHEST GUST SPEED/DIRECTION    34/220    DATE  06/15

SKY COVER
POSSIBLE SUNSHINE (PERCENT)   MM
AVERAGE SKY COVER           0.50
NUMBER OF DAYS FAIR            6
NUMBER OF DAYS PC             21
NUMBER OF DAYS CLOUDY          3

AVERAGE RH (PERCENT)     63

WEATHER CONDITIONS. NUMBER OF DAYS WITH
THUNDERSTORM              8     MIXED PRECIP               0
HEAVY RAIN                5     RAIN                       4
LIGHT RAIN                9     FREEZING RAIN              0
LT FREEZING RAIN          0     HAIL                       0
HEAVY SNOW                0     SNOW                       0
LIGHT SNOW                0     SLEET                      0
FOG                       5     FOG W/VIS <= 1/4 MILE      1
HAZE                      1

-  INDICATES NEGATIVE NUMBERS.
R  INDICATES RECORD WAS SET OR TIED.
MM INDICATES DATA IS MISSING.
T  INDICATES TRACE AMOUNT.

$$
