000
CXUS52 KGSP 011420
CLMCLT

CLIMATE REPORT
NATIONAL WEATHER SERVICE GREENVILLE-SPARTANBURG SC
924 AM EDT WED JUL 1 2015

...................................

...THE CHARLOTTE CLIMATE SUMMARY FOR THE MONTH OF JUNE 2015...

CLIMATE NORMAL PERIOD 1981 TO 2010
CLIMATE RECORD PERIOD 1878 TO 2015

WEATHER         OBSERVED          NORMAL  DEPART  LAST YEAR`S
                 VALUE   DATE(S)  VALUE   FROM    VALUE  DATE(S)
                                          NORMAL
................................................................
TEMPERATURE (F)
RECORD
 HIGH             104   06/30/2012
                        06/29/2012
 LOW               45   06/07/2000
                        06/12/1972
                        06/01/1889
HIGHEST           100   06/26        MM      MM       93  06/20
                        06/24                             06/18
                        06/23
LOWEST             59   06/29        MM      MM       52  06/02
                        06/05
AVG. MAXIMUM     91.8              86.0     5.8     87.1
AVG. MINIMUM     68.3              64.5     3.8     67.2
MEAN             80.1              75.3     4.8     77.2
DAYS MAX >= 90     20               7.6    12.4       10
DAYS MAX <= 32      0               0.0     0.0        0
DAYS MIN <= 32      0               0.0     0.0        0
DAYS MIN <= 0       0               0.0     0.0        0

PRECIPITATION (INCHES)
RECORD
 MAXIMUM        11.04   1886
 MINIMUM         0.15   1993
TOTALS           2.90              3.74   -0.84     2.85
DAILY AVG.       0.10              0.12   -0.02     0.09
DAYS >= .01         7              10.2    -3.2       10
DAYS >= .10         5               6.2    -1.2        8
DAYS >= .50         3               2.7     0.3        1
DAYS >= 1.00        1               1.1    -0.1        1
GREATEST
 24 HR. TOTAL    1.76   06/26 TO 06/27           06/08 TO 06/08
                                                          06/07 TO 06/08
                                                          06/08 TO 06/08
 STORM TOTAL       MM                                 MM
 (MM/DD(HH))            MM                    06/08(00) TO 06/08(00)
                                                 06/08(00) TO 06/08(00)8
                                                 06/08(00) TO 06/08(00)8

SNOWFALL (INCHES)
RECORDS
 TOTAL             MM   MM
 24 HR TOTAL       MM
 SNOW DEPTH        MM   MM
TOTALS            0.0               0.0     0.0      0.0
 LIQUID EQUIV    0.00              0.00    0.00     0.00
SINCE 7/1         3.1               4.3    -1.2      9.3
 LIQUID 7/1      0.31                MM      MM     0.93
SNOWDEPTH AVG.      0                MM      MM        0
DAYS >= TRACE       0               0.0     0.0        0
DAYS >= 1.0         0               0.0     0.0        0
GREATEST
 SNOW DEPTH         0   MM                             0  MM
 24 HR TOTAL      0.0   06/30 TO 06/30           06/30 TO 06/30
                                                          06/08 TO 06/08
                                                          06/08 TO 06/08
 STORM TOTAL       MM                                 MM
 (MM/DD(HH))            MM                    06/30(00) TO 06/30(00)
                                                 06/08(00) TO 06/08(00)8
                                                 06/08(00) TO 06/08(00)8

DEGREE_DAYS
HEATING TOTAL       0                 3      -3        0
 SINCE 7/1       3254              3388    -134     3397
COOLING TOTAL     459               311     148      373
 SINCE 1/1        752               474     278      601

FREEZE DATES
RECORD
 EARLIEST     MM
 LATEST       MM
EARLIEST      11/02             MM
LATEST        03/29             MM
.........................................................

WIND (MPH)
AVERAGE WIND SPEED              5.7
HIGHEST WIND SPEED/DIRECTION    35/180    DATE  06/26
HIGHEST GUST SPEED/DIRECTION    41/180    DATE  06/26

SKY COVER
POSSIBLE SUNSHINE (PERCENT)    0
AVERAGE SKY COVER           0.50
NUMBER OF DAYS FAIR            5
NUMBER OF DAYS PC             20
NUMBER OF DAYS CLOUDY          5

AVERAGE RH (PERCENT)     61

WEATHER CONDITIONS. NUMBER OF DAYS WITH
THUNDERSTORM       10     MIXED PRECIP               0
HEAVY RAIN          6     RAIN                       1
LIGHT RAIN         13     FREEZING RAIN              0
LT FREEZING RAIN    0     HAIL                       0
HEAVY SNOW          0     SNOW                       0
LIGHT SNOW          0     SLEET                      0
FOG                 8     FOG W/VIS <= 1/4 MILE      0
HAZE                1

-  INDICATES NEGATIVE NUMBERS.
R  INDICATES RECORD WAS SET OR TIED.
MM INDICATES DATA IS MISSING.
T  INDICATES TRACE AMOUNT.

$$
