000
CXUS52 KGSP 011435
CLMCLT

CLIMATE REPORT
NATIONAL WEATHER SERVICE GREENVILLE-SPARTANBURG SC
1035 AM EDT THU JUN 1 2017

...................................

...THE CHARLOTTE CLIMATE SUMMARY FOR THE MONTH OF MAY 2017...

CLIMATE NORMAL PERIOD 1981 TO 2010
CLIMATE RECORD PERIOD 1878 TO 2017

WEATHER         OBSERVED          NORMAL  DEPART  LAST YEAR`S
                 VALUE   DATE(S)  VALUE   FROM    VALUE  DATE(S)
                                          NORMAL
................................................................
TEMPERATURE (F)
RECORD
 HIGH              98   05/29/1941
                        05/23/1941
                        05/22/1941
 LOW               32   05/02/1963
HIGHEST            88   05/20        MM      MM       88  05/31
                        05/19                             05/12
                        05/16
LOWEST             41   05/07        MM      MM       44  05/15
AVG. MAXIMUM     80.5              78.9     1.6     78.2
AVG. MINIMUM     58.5              55.8     2.7     58.0
MEAN             69.5              67.4     2.1     68.1
DAYS MAX >= 90      0               1.0    -1.0        0
DAYS MAX <= 32      0               0.0     0.0        0
DAYS MIN <= 32      0               0.0     0.0        0
DAYS MIN <= 0       0               0.0     0.0        0

PRECIPITATION (INCHES)
RECORD
 MAXIMUM        12.48   1975
 MINIMUM         0.01   1936
TOTALS           5.76              3.18    2.58     5.63
DAILY AVG.       0.19              0.10    0.09     0.18
DAYS >= .01        12               9.6     2.4       13
DAYS >= .10         9               5.8     3.2       11
DAYS >= .50         4               2.0     2.0        6
DAYS >= 1.00        1               0.8     0.2        0
GREATEST
 24 HR. TOTAL    2.07   05/21 TO 05/22           05/20 TO 05/21
                                                          05/31 TO 05/31
                                                          05/31 TO 05/31
 STORM TOTAL       MM                                 MM
 (MM/DD(HH))            MM                    05/21(00) TO 05/21(00)
                                                 05/31(00) TO 05/31(00)1
                                                 05/31(00) TO 05/31(00)1

SNOWFALL (INCHES)
RECORDS
 TOTAL             MM   MM
 24 HR TOTAL       MM
 SNOW DEPTH        MM   MM
TOTALS            0.0               0.0     0.0      0.0
 LIQUID EQUIV    0.00              0.00    0.00     0.00
SINCE 7/1         2.2               4.3    -2.1      3.3
 LIQUID 7/1      0.22                MM      MM     0.33
SNOWDEPTH AVG.      0                MM      MM        0
DAYS >= TRACE       0               0.0     0.0        0
DAYS >= 1.0         0               0.0     0.0        0
GREATEST
 SNOW DEPTH         0   MM                             0  MM
 24 HR TOTAL      0.0   MM                       05/31 TO 05/31
                                                          05/31 TO 05/31
                                                          05/31 TO 05/31
 STORM TOTAL       MM                                 MM
 (MM/DD(HH))            MM                    05/31(00) TO 05/31(00)
                                                 05/31(00) TO 05/31(00)1
                                                 05/31(00) TO 05/31(00)1

DEGREE_DAYS
HEATING TOTAL      26                53     -27       43
 SINCE 7/1       2392              3385    -993     2568
COOLING TOTAL     173               126      47      147
 SINCE 1/1        303               163     140      245

FREEZE DATES
RECORD
 EARLIEST     MM
 LATEST       MM
EARLIEST                        MM
LATEST                          MM
..................................................

WIND (MPH)
AVERAGE WIND SPEED              7.1
HIGHEST WIND SPEED/DIRECTION    31/340    DATE  05/31
HIGHEST GUST SPEED/DIRECTION    45/220    DATE  05/01

SKY COVER
POSSIBLE SUNSHINE (PERCENT)    0
AVERAGE SKY COVER           0.50
NUMBER OF DAYS FAIR           10
NUMBER OF DAYS PC              9
NUMBER OF DAYS CLOUDY         11

AVERAGE RH (PERCENT)     62

WEATHER CONDITIONS. NUMBER OF DAYS WITH
THUNDERSTORM              8     MIXED PRECIP               0
HEAVY RAIN                8     RAIN                       7
LIGHT RAIN               17     FREEZING RAIN              0
LT FREEZING RAIN          0     HAIL                       0
HEAVY SNOW                0     SNOW                       0
LIGHT SNOW                0     SLEET                      0
FOG                      10     FOG W/VIS <= 1/4 MILE      0
HAZE                      1

-  INDICATES NEGATIVE NUMBERS.
R  INDICATES RECORD WAS SET OR TIED.
MM INDICATES DATA IS MISSING.
T  INDICATES TRACE AMOUNT.

$$

OUTLAW
