100
CXUS51 KILN 011926
CLMCMH


CLIMATE REPORT
NATIONAL WEATHER SERVICE WILMINGTON OH
226 PM EST WED MAR 1 2017

...................................

...THE COLUMBUS CLIMATE SUMMARY FOR THE MONTH OF FEBRUARY 2017...

CLIMATE NORMAL PERIOD 1981 TO 2010
CLIMATE RECORD PERIOD 1869 TO 2017

WEATHER         OBSERVED          NORMAL  DEPART  LAST YEAR`S
                 VALUE   DATE(S)  VALUE   FROM    VALUE  DATE(S)
                                          NORMAL
................................................................
TEMPERATURE (F)
RECORD
 HIGH              78   02/24/2017
 LOW              -20   02/10/1899
HIGHEST            78R  02/24        40      38       68  02/20
LOWEST              9   02/04        23     -14        2  02/14
AVG. MAXIMUM     51.8              40.6    11.2     42.9
AVG. MINIMUM     32.6              25.0     7.6     25.4
MEAN             42.2              32.8     9.4     34.2
DAYS MAX >= 90      0               0.0     0.0        0
DAYS MAX <= 32      4               6.5    -2.5        7
DAYS MIN <= 32     15              21.3    -6.3       22
DAYS MIN <= 0       0               0.3    -0.3        0

PRECIPITATION (INCHES)
TOTALS           2.63              2.25    0.38     3.29
DAILY AVG.       0.09              0.08    0.01     0.11
DAYS >= .01        12              11.4     0.6       13
DAYS >= .10         6               5.7     0.3        7
DAYS >= .50         2               1.3     0.7        1
DAYS >= 1.00        0               0.2    -0.2        1
GREATEST
 24 HR. TOTAL    0.77   02/06 TO 02/07           02/24 TO 02/25
                                                          02/16 TO 02/16
                                                          02/16 TO 02/16
 STORM TOTAL       MM                                 MM
 (MM/DD(HH))            MM                    02/25(00) TO 02/25(00)
                                                 02/16(00) TO 02/16(00)6
                                                 02/16(00) TO 02/16(00)6

SNOWFALL (INCHES)
TOTALS            0.6               6.1    -5.5      9.1
SINCE 7/1         7.6              21.4   -13.8     14.5
DAYS >= TRACE       7               6.6     0.4       14
DAYS >= 1.0         0               2.2    -2.2        6
GREATEST
 24 HR TOTAL      0.6   MM                       02/16 TO 02/16
                                                          02/16 TO 02/16
                                                          02/16 TO 02/16
 STORM TOTAL       MM                                 MM
 (MM/DD(HH))            MM                    02/16(00) TO 02/16(00)
                                                 02/16(00) TO 02/16(00)6
                                                 02/16(00) TO 02/16(00)6

DEGREE_DAYS
HEATING TOTAL     635               903    -268      886
 SINCE 7/1       3269              3995    -726     3441
COOLING TOTAL       4                 0       4        0
 SINCE 1/1          4                 0       4        0
.......................................................

WIND (MPH)
AVERAGE WIND SPEED              9.5
RESULTANT WIND SPEED/DIRECTION   5/241
HIGHEST WIND SPEED/DIRECTION    37/240    DATE  02/24
HIGHEST GUST SPEED/DIRECTION    47/250    DATE  02/24

SKY COVER
AVERAGE SKY COVER           0.70

AVERAGE RH (PERCENT)     66

WEATHER CONDITIONS. NUMBER OF DAYS WITH
THUNDERSTORM              0     MIXED PRECIP               0
HEAVY RAIN                6     RAIN                       6
LIGHT RAIN               12     FREEZING RAIN              0
LT FREEZING RAIN          0     HAIL                       1
HEAVY SNOW                0     SNOW                       0
LIGHT SNOW                7     SLEET                      0
FOG                      15     FOG W/VIS <= 1/4 MILE      1
HAZE                      2

-  INDICATES NEGATIVE NUMBERS.
R  INDICATES RECORD WAS SET OR TIED.
MM INDICATES DATA IS MISSING.
T  INDICATES TRACE AMOUNT.

$$
