000
CXUS53 KILX 011514
CLMCMI


CLIMATE REPORT
NATIONAL WEATHER SERVICE LINCOLN IL
946 AM CDT SUN MAY 1 2016

...................................

...THE CHAMPAIGN IL AIRPORT CLIMATE SUMMARY FOR THE MONTH OF APRIL 2016...

CLIMATE NORMAL PERIOD 1981 TO 2010
CLIMATE RECORD PERIOD 9999 TO 9999

WEATHER         OBSERVED          NORMAL  DEPART  LAST YEAR`S
                 VALUE   DATE(S)  VALUE   FROM    VALUE
                                          NORMAL
.............................................................
TEMPERATURE (F)
RECORD
 HIGH              MM   MM
 LOW               MM   MM
HIGHEST            86   04/18        MM      MM       81
LOWEST             24   04/05        MM      MM       24
                        04/03
AVG. MAXIMUM     64.7              63.8     0.9     66.0
AVG. MINIMUM     40.2              39.8     0.4     41.6
MEAN             52.4              51.8     0.6     53.8
DAYS MAX >= 90      0               0.0     0.0        0
DAYS MAX <= 32      0               0.1    -0.1        0
DAYS MIN <= 32      9               6.4     2.6        4
DAYS MIN <= 0       0               0.0     0.0        0

PRECIPITATION (INCHES)
RECORD
 MAXIMUM           MM   MM
 MINIMUM           MM   MM
TOTALS           3.27              3.79   -0.52     3.05
DAILY AVG.       0.11              0.13   -0.02     0.10
DAYS >= .01        11                MM      MM       14
DAYS >= .10         7                MM      MM        5
DAYS >= .50         3                MM      MM        3
DAYS >= 1.00        0                MM      MM        1
GREATEST
 24 HR. TOTAL    0.84   04/06 TO 04/07              1.10

DEGREE_DAYS
HEATING TOTAL     384               406     -22      333
 SINCE 7/1       4606              5664   -1058     6077
COOLING TOTAL      14                10       4        3
 SINCE 1/1         14                11       3        3
..............................................................

WIND (MPH)
AVERAGE WIND SPEED              11.8
HIGHEST WIND SPEED/DIRECTION    47/280    DATE  04/02
HIGHEST GUST SPEED/DIRECTION    55/280    DATE  04/02

SKY COVER
POSSIBLE SUNSHINE (PERCENT)   MM
AVERAGE SKY COVER           0.40
NUMBER OF DAYS FAIR           16
NUMBER OF DAYS PC              8
NUMBER OF DAYS CLOUDY          6

AVERAGE RH (PERCENT)     66

WEATHER CONDITIONS. NUMBER OF DAYS WITH
THUNDERSTORM              4     MIXED PRECIP               0
HEAVY RAIN                4     RAIN                       5
LIGHT RAIN               14     FREEZING RAIN              0
LT FREEZING RAIN          0     HAIL                       0
HEAVY SNOW                0     SNOW                       0
LIGHT SNOW                1     SLEET                      1
FOG                      15     FOG W/VIS <= 1/4 MILE      4
HAZE                      8

-  INDICATES NEGATIVE NUMBERS.
R  INDICATES RECORD WAS SET OR TIED.
MM INDICATES DATA IS MISSING.
T  INDICATES TRACE AMOUNT.

$$
