000
CXUS55 KCYS 061359
CLMCNE


CLIMATE REPORT
NATIONAL WEATHER SERVICE CHEYENNE WY
658 AM MST TUE DEC 6 2016

...................................

...THE ALLIANCE NE AIRPORT CLIMATE SUMMARY FOR THE MONTH OF NOVEMBER 2016...

CLIMATE NORMAL PERIOD 1981 TO 2010
CLIMATE RECORD PERIOD 1896 TO 2016

WEATHER         OBSERVED          NORMAL  DEPART  LAST YEAR`S
                 VALUE   DATE(S)  VALUE   FROM    VALUE
                                          NORMAL
.............................................................
TEMPERATURE (F)
RECORD
 HIGH              80   11/08/2006
                        11/08/1999
                        11/07/1999
 LOW              -25   11/13/1916
HIGHEST            76   11/16        MM      MM       77
LOWEST              1   11/19        MM      MM       -7
AVG. MAXIMUM     57.7              48.6     9.1     49.2
AVG. MINIMUM     20.5              17.6     2.9     18.8
MEAN             39.1              33.1     6.0     34.0
DAYS MAX >= 90      0               0.0     0.0        0
DAYS MAX <= 32      1               4.7    -3.7        7
DAYS MIN <= 32     29              28.6     0.4       28
DAYS MIN <= 0       0               1.5    -1.5        1

PRECIPITATION (INCHES)
RECORD
 MAXIMUM         1.50   1972
 MINIMUM         0.00   1997
                        1989
                        1949
TOTALS           0.11              0.45   -0.34     0.52
DAYS >= .01         3                MM      MM        5
DAYS >= .10         0                MM      MM        2
DAYS >= .50         0                MM      MM        0
DAYS >= 1.00        0                MM      MM        0
GREATEST
 24 HR. TOTAL    0.07   11/17 TO 11/17

DEGREE_DAYS
HEATING TOTAL     771               957    -186      924
 SINCE 7/1       1330              1799    -469     1487
COOLING TOTAL       0                 0       0        0
 SINCE 1/1        588               564      24      566
..............................................................

WIND (MPH)
AVERAGE WIND SPEED              10.3
HIGHEST WIND SPEED/DIRECTION    41/330    DATE  11/29
HIGHEST GUST SPEED/DIRECTION    55/320    DATE  11/29

SKY COVER
POSSIBLE SUNSHINE (PERCENT)   MM
AVERAGE SKY COVER           0.10
NUMBER OF DAYS FAIR           26
NUMBER OF DAYS PC              4
NUMBER OF DAYS CLOUDY          0

AVERAGE RH (PERCENT)     60

WEATHER CONDITIONS. NUMBER OF DAYS WITH
THUNDERSTORM              0     MIXED PRECIP               0
HEAVY RAIN                0     RAIN                       0
LIGHT RAIN                2     FREEZING RAIN              0
LT FREEZING RAIN          0     HAIL                       0
HEAVY SNOW                0     SNOW                       0
LIGHT SNOW                4     SLEET                      0
FOG                       6     FOG W/VIS <= 1/4 MILE      2
HAZE                      1

-  INDICATES NEGATIVE NUMBERS.
R  INDICATES RECORD WAS SET OR TIED.
MM INDICATES DATA IS MISSING.
T  INDICATES TRACE AMOUNT.
...................................

...THE CHADRON NE AIRPORT CLIMATE SUMMARY FOR THE MONTH OF NOVEMBER 2016...

CLIMATE NORMAL PERIOD 1981 TO 2010
CLIMATE RECORD PERIOD 1895 TO 2016

WEATHER         OBSERVED          NORMAL  DEPART  LAST YEAR`S
                 VALUE   DATE(S)  VALUE   FROM    VALUE
                                          NORMAL
.............................................................
TEMPERATURE (F)
RECORD
 HIGH              81   11/02/2008
                        11/08/1999
 LOW              -20   11/13/1986
HIGHEST            78   11/04        MM      MM       80
LOWEST              7   11/19        MM      MM       -5
AVG. MAXIMUM     59.6              48.5    11.1     50.0
AVG. MINIMUM     25.5              19.4     6.1     19.5
MEAN             42.5              34.0     8.5     34.8
DAYS MAX >= 90      0               0.0     0.0        0
DAYS MAX <= 32      1               3.9    -2.9        7
DAYS MIN <= 32     26              26.6    -0.6       28
DAYS MIN <= 0       0               1.6    -1.6        2

PRECIPITATION (INCHES)
RECORD
 MAXIMUM         1.62   1998
 MINIMUM         0.00   1989
                        1939
TOTALS           0.37              0.62   -0.25     1.01
DAYS >= .01         4               4.0     0.0        9
DAYS >= .10         2               2.0     0.0        4
DAYS >= .50         0               0.2    -0.2        0
DAYS >= 1.00        0               0.0     0.0        0
GREATEST
 24 HR. TOTAL    0.21   11/17 TO 11/17

DEGREE_DAYS
HEATING TOTAL     667               931    -264      898
 SINCE 7/1       1112              1684    -572     1380
COOLING TOTAL       0                 0       0        0
 SINCE 1/1        883               712     171      718
..............................................................

WIND (MPH)
AVERAGE WIND SPEED              9.3
HIGHEST WIND SPEED/DIRECTION    40/310    DATE  11/29
HIGHEST GUST SPEED/DIRECTION    55/300    DATE  11/29

SKY COVER
POSSIBLE SUNSHINE (PERCENT)   MM
AVERAGE SKY COVER           0.20
NUMBER OF DAYS FAIR           25
NUMBER OF DAYS PC              3
NUMBER OF DAYS CLOUDY          2

AVERAGE RH (PERCENT)     56

WEATHER CONDITIONS. NUMBER OF DAYS WITH
THUNDERSTORM              0     MIXED PRECIP               0
HEAVY RAIN                0     RAIN                       1
LIGHT RAIN                4     FREEZING RAIN              0
LT FREEZING RAIN          0     HAIL                       0
HEAVY SNOW                0     SNOW                       1
LIGHT SNOW                3     SLEET                      0
FOG                       4     FOG W/VIS <= 1/4 MILE      2
HAZE                      0

-  INDICATES NEGATIVE NUMBERS.
R  INDICATES RECORD WAS SET OR TIED.
MM INDICATES DATA IS MISSING.
T  INDICATES TRACE AMOUNT.
...................................

...THE SCOTTSBLUFF NE AIRPORT CLIMATE SUMMARY FOR THE MONTH OF NOVEMBER 2016...

CLIMATE NORMAL PERIOD 1981 TO 2010
CLIMATE RECORD PERIOD 1871 TO 2016

WEATHER         OBSERVED          NORMAL  DEPART  LAST YEAR`S
                 VALUE   DATE(S)  VALUE   FROM    VALUE
                                          NORMAL
.............................................................
TEMPERATURE (F)
RECORD
 HIGH              80   11/12/1989
 LOW              -21   11/13/1916
                        11/27/1896
HIGHEST            76   11/04        49      27       76
LOWEST             11   11/19        22     -11       -1
AVG. MAXIMUM     59.6              50.2     9.4     50.0
AVG. MINIMUM     26.3              21.5     4.8     21.7
MEAN             43.0              35.8     7.2     35.9
DAYS MAX >= 90      0               0.0     0.0        0
DAYS MAX <= 32      0               3.1    -3.1        5
DAYS MIN <= 32     27              26.6     0.4       27
DAYS MIN <= 0       0               1.1    -1.1        1

PRECIPITATION (INCHES)
RECORD
 MAXIMUM         2.86   1922
 MINIMUM         0.00   1939
TOTALS           0.17              0.66   -0.49     0.82
DAYS >= .01         4               5.2    -1.2        8
DAYS >= .10         1               2.1    -1.1        3
DAYS >= .50         0               0.3    -0.3        0
DAYS >= 1.00        0               0.0     0.0        0
GREATEST
 24 HR. TOTAL    0.12   11/22 TO 11/22

DEGREE_DAYS
HEATING TOTAL     653               874    -221      866
 SINCE 7/1       1077              1565    -488     1275
COOLING TOTAL       0                 0       0        0
 SINCE 1/1        898               724     174      792
..............................................................

WIND (MPH)
AVERAGE WIND SPEED              9.0
HIGHEST WIND SPEED/DIRECTION    43/320    DATE  11/29
HIGHEST GUST SPEED/DIRECTION    54/310    DATE  11/29

SKY COVER
POSSIBLE SUNSHINE (PERCENT)   MM
AVERAGE SKY COVER           0.20
NUMBER OF DAYS FAIR           24
NUMBER OF DAYS PC              5
NUMBER OF DAYS CLOUDY          1

AVERAGE RH (PERCENT)     54

WEATHER CONDITIONS. NUMBER OF DAYS WITH
THUNDERSTORM              0     MIXED PRECIP               0
HEAVY RAIN                0     RAIN                       0
LIGHT RAIN                4     FREEZING RAIN              0
LT FREEZING RAIN          0     HAIL                       0
HEAVY SNOW                0     SNOW                       1
LIGHT SNOW                8     SLEET                      0
FOG                       2     FOG W/VIS <= 1/4 MILE      0
HAZE                      3

-  INDICATES NEGATIVE NUMBERS.
R  INDICATES RECORD WAS SET OR TIED.
MM INDICATES DATA IS MISSING.
T  INDICATES TRACE AMOUNT.
...................................

...THE SIDNEY NE AIRPORT CLIMATE SUMMARY FOR THE MONTH OF NOVEMBER 2016...

CLIMATE NORMAL PERIOD 1981 TO 2010
CLIMATE RECORD PERIOD 1948 TO 2016

WEATHER         OBSERVED          NORMAL  DEPART  LAST YEAR`S
                 VALUE   DATE(S)  VALUE   FROM    VALUE
                                          NORMAL
.............................................................
TEMPERATURE (F)
RECORD
 HIGH              81   11/05/2009
                        11/08/1999
 LOW              -14   11/13/2014
HIGHEST            72   11/05        MM      MM       76
LOWEST              7   11/19        MM      MM        1
                        11/18
AVG. MAXIMUM     56.6              51.2     5.4     49.9
AVG. MINIMUM     25.7              24.2     1.5     20.9
MEAN             41.1              37.7     3.4     35.4
DAYS MAX >= 90      0               0.0     0.0        0
DAYS MAX <= 32      1               2.9    -1.9        6
DAYS MIN <= 32     25              24.4     0.6       28
DAYS MIN <= 0       0               0.5    -0.5        0

PRECIPITATION (INCHES)
RECORD
 MAXIMUM         2.20   1979
 MINIMUM         0.00   1959
TOTALS           0.23              0.57   -0.34     0.76
DAYS >= .01         3               4.8    -1.8        8
DAYS >= .10         1               1.3    -0.3        3
DAYS >= .50         0               0.1    -0.1        0
DAYS >= 1.00        0               0.1    -0.1        0
GREATEST
 24 HR. TOTAL    0.17   11/17 TO 11/17

DEGREE_DAYS
HEATING TOTAL     708               819    -111      881
 SINCE 7/1       1151              1422    -271     1350
COOLING TOTAL       0                 0       0        0
 SINCE 1/1        770               830     -60      669
..............................................................

WIND (MPH)
AVERAGE WIND SPEED              12.1
HIGHEST WIND SPEED/DIRECTION    44/330    DATE  11/29
HIGHEST GUST SPEED/DIRECTION    53/330    DATE  11/29

SKY COVER
POSSIBLE SUNSHINE (PERCENT)   MM
AVERAGE SKY COVER           0.10
NUMBER OF DAYS FAIR           26
NUMBER OF DAYS PC              4
NUMBER OF DAYS CLOUDY          0

AVERAGE RH (PERCENT)     59

WEATHER CONDITIONS. NUMBER OF DAYS WITH
THUNDERSTORM              0     MIXED PRECIP               0
HEAVY RAIN                0     RAIN                       0
LIGHT RAIN                3     FREEZING RAIN              0
LT FREEZING RAIN          0     HAIL                       0
HEAVY SNOW                0     SNOW                       1
LIGHT SNOW                4     SLEET                      0
FOG                       6     FOG W/VIS <= 1/4 MILE      1
HAZE                      1

-  INDICATES NEGATIVE NUMBERS.
R  INDICATES RECORD WAS SET OR TIED.
MM INDICATES DATA IS MISSING.
T  INDICATES TRACE AMOUNT.

$$
